{"id":58383,"date":"2024-09-09T16:31:51","date_gmt":"2024-09-09T14:31:51","guid":{"rendered":"https:\/\/imagazine.it\/home_desk\/?post_type=mec-events&#038;p=58383"},"modified":"2024-09-09T16:31:51","modified_gmt":"2024-09-09T14:31:51","slug":"grado-benedice-gli-zaini-scolastici","status":"publish","type":"mec-events","link":"https:\/\/imagazine.it\/home_desk\/events\/grado-benedice-gli-zaini-scolastici\/","title":{"rendered":"Grado benedice gli zaini scolastici"},"content":{"rendered":"<p><span style=\"font-size: 10pt;\"><em>La scuola parrocchiale per l&#8217;infanzia &#8220;Luigi Rizzo&#8221;<\/em><\/span><\/p>\n<p><strong>Domenica 15 settembre, alle ore 11.30<\/strong>, nella chiesa di San Crisogono, tutti i ragazzi e le ragazze delle scuole primarie Fossalon e Dante Alighieri, della secondaria di primo grado Marco Polo, delle scuole dell&#8217;infanzia Fossalon e Monsignor Silvano Fain, dell&#8217;istituto professionale enogastronomico e infine la Scuola paritaria parrocchiale dell&#8217;infanzia &#8220;Luigi Rizzo&#8221; sono invitati a una speciale celebrazione dedicata al mondo della scuola.<\/p>\n<p>Durante la messa, celebrata dal parroco, <strong>monsignor Paolo Nutarelli<\/strong>, \u00e8 prevista una benedizione per tutti gli studenti, i docenti e il personale scolastico.<\/p>\n<p>Gli studenti sono inoltre invitati a portare con s\u00e9 i loro zaini scolastici, che saranno benedetti durante la celebrazione.<\/p>\n<p>\u201cNonostante le recenti modifiche organizzative \u2013 commenta monsignor Nutarelli \u2013 la comunit\u00e0 scolastica di Grado \u00e8 pronta ad affrontare nuove sfide, grazie all&#8217;impegno e alla professionalit\u00e0 di docenti e personale ATA\u201d.<\/p>\n<p><em>Livio Nonis<\/em><\/p>\n","protected":false},"excerpt":{"rendered":"<p>Dopo la ripresa delle lezioni gli studenti di tutte le scuole cittadine, assieme a docenti e personale della scuola, invitati a San Crisogono<\/p>\n","protected":false},"author":22,"featured_media":58384,"comment_status":"closed","ping_status":"closed","template":"","tags":[1433,174,129,128],"mec_category":[131],"class_list":["post-58383","mec-events","type-mec-events","status-publish","has-post-thumbnail","hentry","tag-curia","tag-grado","tag-scuola","tag-studenti","mec_category-discovery"],"_links":{"self":[{"href":"https:\/\/imagazine.it\/home_desk\/wp-json\/wp\/v2\/mec-events\/58383","targetHints":{"allow":["GET"]}}],"collection":[{"href":"https:\/\/imagazine.it\/home_desk\/wp-json\/wp\/v2\/mec-events"}],"about":[{"href":"https:\/\/imagazine.it\/home_desk\/wp-json\/wp\/v2\/types\/mec-events"}],"author":[{"embeddable":true,"href":"https:\/\/imagazine.it\/home_desk\/wp-json\/wp\/v2\/users\/22"}],"replies":[{"embeddable":true,"href":"https:\/\/imagazine.it\/home_desk\/wp-json\/wp\/v2\/comments?post=58383"}],"wp:featuredmedia":[{"embeddable":true,"href":"https:\/\/imagazine.it\/home_desk\/wp-json\/wp\/v2\/media\/58384"}],"wp:attachment":[{"href":"https:\/\/imagazine.it\/home_desk\/wp-json\/wp\/v2\/media?parent=58383"}],"wp:term":[{"taxonomy":"post_tag","embeddable":true,"href":"https:\/\/imagazine.it\/home_desk\/wp-json\/wp\/v2\/tags?post=58383"},{"taxonomy":"mec_category","embeddable":true,"href":"https:\/\/imagazine.it\/home_desk\/wp-json\/wp\/v2\/mec_category?post=58383"}],"curies":[{"name":"wp","href":"https:\/\/api.w.org\/{rel}","templated":true}]}}

<p><span style="font-size: 10pt;"><em>La scuola parrocchiale per l&#8217;infanzia &#8220;Luigi Rizzo&#8221;</em></span></p>
<p><strong>Domenica 15 settembre, alle ore 11.30</strong>, nella chiesa di San Crisogono, tutti i ragazzi e le ragazze delle scuole primarie Fossalon e Dante Alighieri, della secondaria di primo grado Marco Polo, delle scuole dell&#8217;infanzia Fossalon e Monsignor Silvano Fain, dell&#8217;istituto professionale enogastronomico e infine la Scuola paritaria parrocchiale dell&#8217;infanzia &#8220;Luigi Rizzo&#8221; sono invitati a una speciale celebrazione dedicata al mondo della scuola.</p>
<p>Durante la messa, celebrata dal parroco, <strong>monsignor Paolo Nutarelli</strong>, è prevista una benedizione per tutti gli studenti, i docenti e il personale scolastico.</p>
<p>Gli studenti sono inoltre invitati a portare con sé i loro zaini scolastici, che saranno benedetti durante la celebrazione.</p>
<p>“Nonostante le recenti modifiche organizzative – commenta monsignor Nutarelli – la comunità scolastica di Grado è pronta ad affrontare nuove sfide, grazie all&#8217;impegno e alla professionalità di docenti e personale ATA”.</p>
<p><em>Livio Nonis</em></p>
