{"id":58218,"date":"2024-08-29T18:24:02","date_gmt":"2024-08-29T16:24:02","guid":{"rendered":"https:\/\/imagazine.it\/home_desk\/?post_type=mec-events&#038;p=58218"},"modified":"2024-08-29T18:24:43","modified_gmt":"2024-08-29T16:24:43","slug":"torna-a-farra-il-festival-degli-artisti-di-strada","status":"publish","type":"mec-events","link":"https:\/\/imagazine.it\/home_desk\/events\/torna-a-farra-il-festival-degli-artisti-di-strada\/","title":{"rendered":"Torna a Farra il festival degli artisti di strada"},"content":{"rendered":"<p>Il 14 e 15 settembre Farra d&#8217;Isonzo si trasformer\u00e0 in un palcoscenico a cielo aperto con la terza edizione del <strong>Buskers Food &amp; Co.<\/strong>, il festival degli artisti di strada organizzato dalla Compagnia del Carro di Staranzano.<\/p>\n<p>L\u2019evento si inserisce nel pi\u00f9 ampio contesto del <strong>Festival degli Artisti di Strada del Friuli Venezia Giulia<\/strong>, portando un format che fonde la magia delle performance artistiche con le eccellenze enogastronomiche del territorio.<\/p>\n<p><em>\u00abSiamo felici di ospitare la terza edizione di questo festival che non solo arricchisce il nostro comune con spettacoli di alta qualit\u00e0, ma valorizza anche la nostra comunit\u00e0, i prodotti del territorio e la sostenibilit\u00e0. Farra d&#8217;Isonzo \u00e8 orgogliosa di far parte di un evento che \u00e8 diventato un appuntamento imperdibile per il pubblico di ogni et\u00e0\u00bb, <\/em>afferma l\u2019assessora alla Vivacit\u00e0, <strong>Rosmarie Greco<\/strong>.<\/p>\n<p>Buskers Food &amp; Co. si presenta come un\u2019esperienza che celebra la creativit\u00e0, la territorialit\u00e0 e la sostenibilit\u00e0: gli artisti di strada provenienti da tutta Italia e dall&#8217;estero animeranno il centro di Farra con spettacoli di musica, teatro, circo e danza.<\/p>\n<p>Tra i nomi in programma, spiccano le performance di artisti come <strong>Clown Dario<\/strong>, <strong>Giocolieri di Fiamma<\/strong>, e <strong>Musicisti della Tradizione<\/strong>.<\/p>\n<p>Gli orari del festival, salvo cambiamenti, rispecchieranno il seguente schema:<\/p>\n<p><strong>Sabato 14 settembre<\/strong>: Le attivit\u00e0 inizieranno alle ore 15.00, con i laboratori per bambini sulle api e la biodiversit\u00e0, a cura di <strong>Anna Brandolin (AnnApi)<\/strong>, proseguiranno con l\u2019apertura ufficiale del Festival con spettacolo di danza organizzato dall\u2019associazione<strong> Just Dance &amp; Fit <\/strong>(ore 16:30) e continueranno con gli artisti che si esibiranno fino a tarda sera, accompagnati da stand gastronomici attivi fino alle 23:00.<\/p>\n<p><strong>Domenica 15 settembre<\/strong>: Il festival riprender\u00e0 alle ore 15:30, con le letture animate per i pi\u00f9 piccoli, a cura di <strong>Librilliamo<\/strong> e con spettacoli e intrattenimenti, proseguendo fino alle 22:30.<\/p>\n<p>Parallelamente agli spettacoli, quindi, il festival offrir\u00e0 un viaggio tra i sapori locali, con stand dedicati ai prodotti a km0 e alle specialit\u00e0 culinarie del Friuli-Venezia Giulia. L&#8217;enogastronomia, quindi, sar\u00e0 una dei protagonisti dell\u2019evento con una selezione di cibi e bevande che esaltano le tradizioni del territorio, il tutto in un&#8217;ottica di sostenibilit\u00e0 sociale e ambientale.<\/p>\n<p>Il <strong>Buskers Food &amp; Co.<\/strong> si distingue anche per la sua attenzione all&#8217;accessibilit\u00e0, rendendo gli spazi e gli eventi fruibili a tutti, senza barriere. La combinazione di arte, cultura e cibo genuino vuole rendere questo festival un&#8217;occasione per celebrare l&#8217;identit\u00e0 del territorio in vista di <strong>GO!2025<\/strong>, anno in cui <strong>Gorizia e Nova Gorica<\/strong> saranno Capitale Europea della Cultura. Il festival rappresenta un&#8217;opportunit\u00e0 per promuovere le eccellenze locali e creare una cassa di risonanza a livello internazionale, contribuendo a preparare il territorio a questo importante appuntamento culturale.<\/p>\n","protected":false},"excerpt":{"rendered":"<p>Un weekend di arte, sapori e sostenibilit\u00e0 in cui si fondono la magia delle performance artistiche con le eccellenze enogastronomiche del territorio<\/p>\n","protected":false},"author":28,"featured_media":58219,"comment_status":"closed","ping_status":"closed","template":"","tags":[329,576,261,826,2272,821],"mec_category":[131],"class_list":["post-58218","mec-events","type-mec-events","status-publish","has-post-thumbnail","hentry","tag-circo","tag-enogastronomia","tag-eventi","tag-eventi-fvg","tag-farra","tag-spettacoli","mec_category-discovery"],"_links":{"self":[{"href":"https:\/\/imagazine.it\/home_desk\/wp-json\/wp\/v2\/mec-events\/58218","targetHints":{"allow":["GET"]}}],"collection":[{"href":"https:\/\/imagazine.it\/home_desk\/wp-json\/wp\/v2\/mec-events"}],"about":[{"href":"https:\/\/imagazine.it\/home_desk\/wp-json\/wp\/v2\/types\/mec-events"}],"author":[{"embeddable":true,"href":"https:\/\/imagazine.it\/home_desk\/wp-json\/wp\/v2\/users\/28"}],"replies":[{"embeddable":true,"href":"https:\/\/imagazine.it\/home_desk\/wp-json\/wp\/v2\/comments?post=58218"}],"wp:featuredmedia":[{"embeddable":true,"href":"https:\/\/imagazine.it\/home_desk\/wp-json\/wp\/v2\/media\/58219"}],"wp:attachment":[{"href":"https:\/\/imagazine.it\/home_desk\/wp-json\/wp\/v2\/media?parent=58218"}],"wp:term":[{"taxonomy":"post_tag","embeddable":true,"href":"https:\/\/imagazine.it\/home_desk\/wp-json\/wp\/v2\/tags?post=58218"},{"taxonomy":"mec_category","embeddable":true,"href":"https:\/\/imagazine.it\/home_desk\/wp-json\/wp\/v2\/mec_category?post=58218"}],"curies":[{"name":"wp","href":"https:\/\/api.w.org\/{rel}","templated":true}]}}

<p>Il 14 e 15 settembre Farra d&#8217;Isonzo si trasformerà in un palcoscenico a cielo aperto con la terza edizione del <strong>Buskers Food &amp; Co.</strong>, il festival degli artisti di strada organizzato dalla Compagnia del Carro di Staranzano.</p>
<p>L’evento si inserisce nel più ampio contesto del <strong>Festival degli Artisti di Strada del Friuli Venezia Giulia</strong>, portando un format che fonde la magia delle performance artistiche con le eccellenze enogastronomiche del territorio.</p>
<p><em>«Siamo felici di ospitare la terza edizione di questo festival che non solo arricchisce il nostro comune con spettacoli di alta qualità, ma valorizza anche la nostra comunità, i prodotti del territorio e la sostenibilità. Farra d&#8217;Isonzo è orgogliosa di far parte di un evento che è diventato un appuntamento imperdibile per il pubblico di ogni età», </em>afferma l’assessora alla Vivacità, <strong>Rosmarie Greco</strong>.</p>
<p>Buskers Food &amp; Co. si presenta come un’esperienza che celebra la creatività, la territorialità e la sostenibilità: gli artisti di strada provenienti da tutta Italia e dall&#8217;estero animeranno il centro di Farra con spettacoli di musica, teatro, circo e danza.</p>
<p>Tra i nomi in programma, spiccano le performance di artisti come <strong>Clown Dario</strong>, <strong>Giocolieri di Fiamma</strong>, e <strong>Musicisti della Tradizione</strong>.</p>
<p>Gli orari del festival, salvo cambiamenti, rispecchieranno il seguente schema:</p>
<p><strong>Sabato 14 settembre</strong>: Le attività inizieranno alle ore 15.00, con i laboratori per bambini sulle api e la biodiversità, a cura di <strong>Anna Brandolin (AnnApi)</strong>, proseguiranno con l’apertura ufficiale del Festival con spettacolo di danza organizzato dall’associazione<strong> Just Dance &amp; Fit </strong>(ore 16:30) e continueranno con gli artisti che si esibiranno fino a tarda sera, accompagnati da stand gastronomici attivi fino alle 23:00.</p>
<p><strong>Domenica 15 settembre</strong>: Il festival riprenderà alle ore 15:30, con le letture animate per i più piccoli, a cura di <strong>Librilliamo</strong> e con spettacoli e intrattenimenti, proseguendo fino alle 22:30.</p>
<p>Parallelamente agli spettacoli, quindi, il festival offrirà un viaggio tra i sapori locali, con stand dedicati ai prodotti a km0 e alle specialità culinarie del Friuli-Venezia Giulia. L&#8217;enogastronomia, quindi, sarà una dei protagonisti dell’evento con una selezione di cibi e bevande che esaltano le tradizioni del territorio, il tutto in un&#8217;ottica di sostenibilità sociale e ambientale.</p>
<p>Il <strong>Buskers Food &amp; Co.</strong> si distingue anche per la sua attenzione all&#8217;accessibilità, rendendo gli spazi e gli eventi fruibili a tutti, senza barriere. La combinazione di arte, cultura e cibo genuino vuole rendere questo festival un&#8217;occasione per celebrare l&#8217;identità del territorio in vista di <strong>GO!2025</strong>, anno in cui <strong>Gorizia e Nova Gorica</strong> saranno Capitale Europea della Cultura. Il festival rappresenta un&#8217;opportunità per promuovere le eccellenze locali e creare una cassa di risonanza a livello internazionale, contribuendo a preparare il territorio a questo importante appuntamento culturale.</p>

<p>Un weekend di arte, sapori e sostenibilità in cui si fondono la magia delle performance artistiche con le eccellenze enogastronomiche del territorio</p>
