{"id":58214,"date":"2024-08-29T17:17:57","date_gmt":"2024-08-29T15:17:57","guid":{"rendered":"https:\/\/imagazine.it\/home_desk\/?post_type=mec-events&#038;p=58214"},"modified":"2024-08-29T17:17:57","modified_gmt":"2024-08-29T15:17:57","slug":"gmjo-gran-finale-a-pordenone","status":"publish","type":"mec-events","link":"https:\/\/imagazine.it\/home_desk\/events\/gmjo-gran-finale-a-pordenone\/","title":{"rendered":"GMJO: gran finale a Pordenone"},"content":{"rendered":"<p>Saranno gli oltre <strong>100<\/strong> giovani musicisti della <strong>GMJO<\/strong>&#8211;<strong>Gustav Mahler Jugendorchester<\/strong> a concludere la programmazione estiva del <strong>Teatro Verdi di Pordenone<\/strong> con <strong>due concerti in esclusiva<\/strong>, in programma <strong>luned\u00ec 2 e mercoled\u00ec 4 settembre<\/strong> (inizio ore 20.30).<\/p>\n<p>L\u2019Orchestra che riunisce una selezione dei pi\u00f9 talentuosi orchestrali europei in circolazione fondata nel 1981 da Claudio Abbado &#8211; di cui quest\u2019anno ricorre il decimo anniversario dalla scomparsa &#8211; era stata in residenza fino a met\u00e0 agosto a Pordenone per preparare il grande <strong>tour estivo europeo<\/strong>, quest\u2019anno sotto la direzione del grande <strong>Ingo Metzmacher.<\/strong><\/p>\n<p>Il programma musicale del concerto del <strong>2 settembre \u00e8 incentrato sulla Terza Sinfonia di Bruckner, uno dei massimi capolavori del compositore austriaco<\/strong>, del quale proprio in questi giorni si celebra il 200\u00b0 anniversario della nascita.<\/p>\n<p>L\u2019accostamento in questo programma di <strong>due brani dal Parsifal di Wagner<\/strong> consentir\u00e0 di cogliere i numerosi nessi tra i due compositori: entrambi, seppur in diverso modo, guardano al futuro e a diversi possibili \u201cinfiniti\u201d musicali.<\/p>\n<p><strong>L\u2019ascolto del raro brano di Luigi Nono<\/strong> \u2013 nell\u2019anno dei 100 anni dalla nascita <em>\u2013 \u201cA Carlo Scarpa, architetto, ai suoi infiniti possibili\u201d <\/em>rappresenta uno \u201cspecchio\u201d attraverso cui rileggere anche Wagner e Bruckner e apprezzarne la profetica modernit\u00e0.<\/p>\n<p>Nel <strong>concerto del 4 settembre<\/strong>, invece, il programma presenta una delle pi\u00f9 importanti opere di <strong>\u0160ostakovi\u010d<\/strong>: la Sinfonia n. 8 op. 65, composta nel 1943. Articolata in cinque movimenti e della durata di circa un\u2019ora, essa rappresenta una sorta di monumentale riflessione sulla guerra e sulle perdite da essa inflitte.<\/p>\n<p>Info e biglietti in biglietteria e sul sito <span style=\"text-decoration: underline;\"><a href=\"http:\/\/www.teatroverdipordenone.it\" target=\"_blank\" rel=\"noopener\"><strong>www.teatroverdipordenone.it<\/strong><\/a><\/span><\/p>\n","protected":false},"excerpt":{"rendered":"<p>Doppio concerto dei 100 giovani musicisti della Gustav Mahler Jugendorchester diretti dal grande grande Ingo Metzmacher<\/p>\n","protected":false},"author":28,"featured_media":58215,"comment_status":"closed","ping_status":"closed","template":"","tags":[861,261,826,83,1882,55,1994,275],"mec_category":[99],"class_list":["post-58214","mec-events","type-mec-events","status-publish","has-post-thumbnail","hentry","tag-concerti","tag-eventi","tag-eventi-fvg","tag-giovani","tag-gmjo","tag-musica","tag-orchestra","tag-pordenone","mec_category-music"],"_links":{"self":[{"href":"https:\/\/imagazine.it\/home_desk\/wp-json\/wp\/v2\/mec-events\/58214","targetHints":{"allow":["GET"]}}],"collection":[{"href":"https:\/\/imagazine.it\/home_desk\/wp-json\/wp\/v2\/mec-events"}],"about":[{"href":"https:\/\/imagazine.it\/home_desk\/wp-json\/wp\/v2\/types\/mec-events"}],"author":[{"embeddable":true,"href":"https:\/\/imagazine.it\/home_desk\/wp-json\/wp\/v2\/users\/28"}],"replies":[{"embeddable":true,"href":"https:\/\/imagazine.it\/home_desk\/wp-json\/wp\/v2\/comments?post=58214"}],"wp:featuredmedia":[{"embeddable":true,"href":"https:\/\/imagazine.it\/home_desk\/wp-json\/wp\/v2\/media\/58215"}],"wp:attachment":[{"href":"https:\/\/imagazine.it\/home_desk\/wp-json\/wp\/v2\/media?parent=58214"}],"wp:term":[{"taxonomy":"post_tag","embeddable":true,"href":"https:\/\/imagazine.it\/home_desk\/wp-json\/wp\/v2\/tags?post=58214"},{"taxonomy":"mec_category","embeddable":true,"href":"https:\/\/imagazine.it\/home_desk\/wp-json\/wp\/v2\/mec_category?post=58214"}],"curies":[{"name":"wp","href":"https:\/\/api.w.org\/{rel}","templated":true}]}}

<p>Saranno gli oltre <strong>100</strong> giovani musicisti della <strong>GMJO</strong>&#8211;<strong>Gustav Mahler Jugendorchester</strong> a concludere la programmazione estiva del <strong>Teatro Verdi di Pordenone</strong> con <strong>due concerti in esclusiva</strong>, in programma <strong>lunedì 2 e mercoledì 4 settembre</strong> (inizio ore 20.30).</p>
<p>L’Orchestra che riunisce una selezione dei più talentuosi orchestrali europei in circolazione fondata nel 1981 da Claudio Abbado &#8211; di cui quest’anno ricorre il decimo anniversario dalla scomparsa &#8211; era stata in residenza fino a metà agosto a Pordenone per preparare il grande <strong>tour estivo europeo</strong>, quest’anno sotto la direzione del grande <strong>Ingo Metzmacher.</strong></p>
<p>Il programma musicale del concerto del <strong>2 settembre è incentrato sulla Terza Sinfonia di Bruckner, uno dei massimi capolavori del compositore austriaco</strong>, del quale proprio in questi giorni si celebra il 200° anniversario della nascita.</p>
<p>L’accostamento in questo programma di <strong>due brani dal Parsifal di Wagner</strong> consentirà di cogliere i numerosi nessi tra i due compositori: entrambi, seppur in diverso modo, guardano al futuro e a diversi possibili “infiniti” musicali.</p>
<p><strong>L’ascolto del raro brano di Luigi Nono</strong> – nell’anno dei 100 anni dalla nascita <em>– “A Carlo Scarpa, architetto, ai suoi infiniti possibili” </em>rappresenta uno “specchio” attraverso cui rileggere anche Wagner e Bruckner e apprezzarne la profetica modernità.</p>
<p>Nel <strong>concerto del 4 settembre</strong>, invece, il programma presenta una delle più importanti opere di <strong>Šostakovič</strong>: la Sinfonia n. 8 op. 65, composta nel 1943. Articolata in cinque movimenti e della durata di circa un’ora, essa rappresenta una sorta di monumentale riflessione sulla guerra e sulle perdite da essa inflitte.</p>
<p>Info e biglietti in biglietteria e sul sito <span style="text-decoration: underline;"><a href="http://www.teatroverdipordenone.it" target="_blank" rel="noopener"><strong>www.teatroverdipordenone.it</strong></a></span></p>
