{"id":58198,"date":"2024-08-29T13:05:22","date_gmt":"2024-08-29T11:05:22","guid":{"rendered":"https:\/\/imagazine.it\/home_desk\/?post_type=mec-events&#038;p=58198"},"modified":"2024-08-29T13:05:22","modified_gmt":"2024-08-29T11:05:22","slug":"grifone-di-36-anni-torna-in-liberta","status":"publish","type":"mec-events","link":"https:\/\/imagazine.it\/home_desk\/events\/grifone-di-36-anni-torna-in-liberta\/","title":{"rendered":"Grifone di 36 anni torna in libert\u00e0"},"content":{"rendered":"<p><span style=\"font-size: 10pt;\"><em>Il grifone di 36 anni<\/em><\/span><\/p>\n<p>Un <strong>grifone di 36 anni<\/strong>, uno dei &#8220;veterani&#8221; della colonia fondata alla<strong> Riserva naturale regionale del Lago di Cornino <\/strong>grazie al<strong> <em>Progetto Grifone<\/em><\/strong>, <strong>sar\u00e0 reintrodotto in natura<\/strong>.<\/p>\n<p>Appuntamento<strong> domenica 1 settembre<\/strong>, nell&#8217;ambito della manifestazione<strong> &#8220;<em>Vivi e liberi di volare<\/em>&#8220;<\/strong>.<\/p>\n<p>L\u2019esemplare era arrivato in precarie condizioni fisiche ed \u00e8 stato soccorso dal personale della Coop Pavees, che gestisce il sito protetto.<\/p>\n<p>\u00abSi tratta \u2013 informa <strong>Luca Sicuro<\/strong>, presidente della Pavees \u2013 di uno dei primi rapaci reimmessi in natura nell&#8217;ambito del <em>Progetto Grifone<\/em>, il 20 aprile del 1993. Nel mese di luglio il soggetto \u2013 che si presentava in difficolt\u00e0, a causa di una scarsa nutrizione \u2013 era stato recuperato in Riserva, nei pressi del Centro visite. Le analisi sanitarie effettuate dal dottor Stefano Pesaro avevano permesso di appurare che la salute del rapace era complessivamente buona e che la precariet\u00e0 delle sue condizioni fisiche derivava appunto da carenza di cibo\u00bb.<\/p>\n<h3>Un legame iniziato nel 1992<\/h3>\n<p>Il grifone aveva perso l\u2019anello plastico, ma aveva ancora quello metallico ufficiale dell\u2019INFS (Istituto nazionale per la fauna selvatica), che ha consentito di identificarlo.<\/p>\n<p>\u00abSi tratta \u2013 conferma il direttore scientifico della Riserva,<strong> Fulvio Genero<\/strong> \u2013 di uno dei primi grifoni liberati dopo l&#8217;avvio del piano di reintroduzione della specie nella Riserva naturale di Cornino, partito nel 1992, con il rilascio di 4 soggetti; altri 5 erano stati reimmessi in natura l&#8217;anno successivo e l&#8217;esemplare in questione faceva parte di quel gruppetto\u00bb.<\/p>\n<p>Si parla di <strong>uno dei fondatori della colonia<\/strong>, dunque, che da <strong>31 anni vola sui cieli delle Alpi orientali<\/strong>. <strong>Nato in Spagna nel 1988<\/strong>, era stato portato a Cornino un lustro pi\u00f9 tardi: ha quindi 36 anni.<\/p>\n<p>\u00abUna dimostrazione \u2013 commenta il vicesindaco di Forgaria con delega alla Riserva,<strong> Luigino Ingrassi<\/strong> \u2013 del valore di un progetto scientifico che ha reso la Riserva di Cornino, e con essa il Comune di Forgaria, un punto di riferimento su scala internazionale\u00bb.<\/p>\n<h3>Il programma dell&#8217;evento<\/h3>\n<p>&#8220;<em>Vivi e liberi di volare<\/em>&#8220;, l&#8217;appuntamento pi\u00f9 atteso della programmazione annuale della Riserva (proposto in occasione della Giornata internazionale di sensibilizzazione sugli avvoltoi), offrir\u00e0 nel pomeriggio di domenica 1 settembre un programma divulgativo affidato a ospiti di fama internazionale, tra ricercatori, responsabili di giardini zoologici ed ornitologi, che esporranno le novit\u00e0 sui progetti di conservazione dei re dell&#8217;aria.<\/p>\n<p>Il ritrovo \u00e8 fissato per le 14, quando si terranno \u2013 alla presenza delle autorit\u00e0 del Comune di Forgaria \u2013 i saluti di benvenuto.<\/p>\n<p>Si aprir\u00e0 quindi un programma molto fitto, che sar\u00e0 introdotto \u2013 alle 14.20 \u2013 dall&#8217;intervento &#8220;Grifoni e allevamento, una simbiosi mutualistica\u201d, a cura di <strong>Thomas Cargnelutti<\/strong>, zootecnico ed operatore della Riserva; seguiranno gli apporti di <strong>Tiziano Fiorenza<\/strong>, divulgatore e naturalista (\u201cIl volo, il sogno dell\u2019uomo\u201d), <strong>Fulvio Genero<\/strong> (&#8220;Storia e conquiste del Progetto Grifone&#8221;), <strong>Andr\u00e8 Stadler<\/strong>, direttore dell\u2019Alpenzoo di Innsbruck (\u201cVulture news from the Alpenzoo\u201d), e <strong>Cesare Avesani Zaborra<\/strong>, direttore scientifico del Parco Natura Viva di Bussolengo, che parler\u00e0 della &#8220;Situazione degli avvoltoi nei circuiti europei di conservazione E.A.Z.A.\u201d).<\/p>\n<p>Dopo i saluti delle autorit\u00e0 arriver\u00e0 il momento pi\u00f9 atteso, quello della liberazione degli animali, che avr\u00e0 inizio alle 17 e coinvolger\u00e0 numerosi esemplari, alcuni grifoni recuperati durante le ultime campagne di ricerca e inanellamento e parecchi rapaci curati dal CRAS di Campoformido.<\/p>\n<p>In mattinata verranno inoltre proposte visite guidate al Centro visite, con partenza alle ore 10.30, 11.30 e 12.30: la partecipazione \u00e8 gratuita, ma \u00e8 richiesta la prenotazione, effettuabile inviando una mail all\u2019indirizzo\u00a0<a href=\"mailto:centrovisite@riservacornino.it\">centrovisite@riservacornino.it<\/a>.<\/p>\n","protected":false},"excerpt":{"rendered":"<p>Arrivato alla Riserva di Cornino in stato di denutrizione, ora \u00e8 pronto per spiccare nuovamente il volo durante l&#8217;evento &#8220;Vivi e liberi di volare&#8221;<\/p>\n","protected":false},"author":28,"featured_media":58199,"comment_status":"closed","ping_status":"closed","template":"","tags":[66,413,1679,1680,1681,72],"mec_category":[131],"class_list":["post-58198","mec-events","type-mec-events","status-publish","has-post-thumbnail","hentry","tag-ambiente","tag-animali","tag-cornino","tag-forgaria","tag-grifoni","tag-natura","mec_category-discovery"],"_links":{"self":[{"href":"https:\/\/imagazine.it\/home_desk\/wp-json\/wp\/v2\/mec-events\/58198","targetHints":{"allow":["GET"]}}],"collection":[{"href":"https:\/\/imagazine.it\/home_desk\/wp-json\/wp\/v2\/mec-events"}],"about":[{"href":"https:\/\/imagazine.it\/home_desk\/wp-json\/wp\/v2\/types\/mec-events"}],"author":[{"embeddable":true,"href":"https:\/\/imagazine.it\/home_desk\/wp-json\/wp\/v2\/users\/28"}],"replies":[{"embeddable":true,"href":"https:\/\/imagazine.it\/home_desk\/wp-json\/wp\/v2\/comments?post=58198"}],"wp:featuredmedia":[{"embeddable":true,"href":"https:\/\/imagazine.it\/home_desk\/wp-json\/wp\/v2\/media\/58199"}],"wp:attachment":[{"href":"https:\/\/imagazine.it\/home_desk\/wp-json\/wp\/v2\/media?parent=58198"}],"wp:term":[{"taxonomy":"post_tag","embeddable":true,"href":"https:\/\/imagazine.it\/home_desk\/wp-json\/wp\/v2\/tags?post=58198"},{"taxonomy":"mec_category","embeddable":true,"href":"https:\/\/imagazine.it\/home_desk\/wp-json\/wp\/v2\/mec_category?post=58198"}],"curies":[{"name":"wp","href":"https:\/\/api.w.org\/{rel}","templated":true}]}}

Grifone di 36 anni torna in libertà

<p><span style="font-size: 10pt;"><em>Il grifone di 36 anni</em></span></p>
<p>Un <strong>grifone di 36 anni</strong>, uno dei &#8220;veterani&#8221; della colonia fondata alla<strong> Riserva naturale regionale del Lago di Cornino </strong>grazie al<strong> <em>Progetto Grifone</em></strong>, <strong>sarà reintrodotto in natura</strong>.</p>
<p>Appuntamento<strong> domenica 1 settembre</strong>, nell&#8217;ambito della manifestazione<strong> &#8220;<em>Vivi e liberi di volare</em>&#8220;</strong>.</p>
<p>L’esemplare era arrivato in precarie condizioni fisiche ed è stato soccorso dal personale della Coop Pavees, che gestisce il sito protetto.</p>
<p>«Si tratta – informa <strong>Luca Sicuro</strong>, presidente della Pavees – di uno dei primi rapaci reimmessi in natura nell&#8217;ambito del <em>Progetto Grifone</em>, il 20 aprile del 1993. Nel mese di luglio il soggetto – che si presentava in difficoltà, a causa di una scarsa nutrizione – era stato recuperato in Riserva, nei pressi del Centro visite. Le analisi sanitarie effettuate dal dottor Stefano Pesaro avevano permesso di appurare che la salute del rapace era complessivamente buona e che la precarietà delle sue condizioni fisiche derivava appunto da carenza di cibo».</p>
<h3>Un legame iniziato nel 1992</h3>
<p>Il grifone aveva perso l’anello plastico, ma aveva ancora quello metallico ufficiale dell’INFS (Istituto nazionale per la fauna selvatica), che ha consentito di identificarlo.</p>
<p>«Si tratta – conferma il direttore scientifico della Riserva,<strong> Fulvio Genero</strong> – di uno dei primi grifoni liberati dopo l&#8217;avvio del piano di reintroduzione della specie nella Riserva naturale di Cornino, partito nel 1992, con il rilascio di 4 soggetti; altri 5 erano stati reimmessi in natura l&#8217;anno successivo e l&#8217;esemplare in questione faceva parte di quel gruppetto».</p>
<p>Si parla di <strong>uno dei fondatori della colonia</strong>, dunque, che da <strong>31 anni vola sui cieli delle Alpi orientali</strong>. <strong>Nato in Spagna nel 1988</strong>, era stato portato a Cornino un lustro più tardi: ha quindi 36 anni.</p>
<p>«Una dimostrazione – commenta il vicesindaco di Forgaria con delega alla Riserva,<strong> Luigino Ingrassi</strong> – del valore di un progetto scientifico che ha reso la Riserva di Cornino, e con essa il Comune di Forgaria, un punto di riferimento su scala internazionale».</p>
<h3>Il programma dell&#8217;evento</h3>
<p>&#8220;<em>Vivi e liberi di volare</em>&#8220;, l&#8217;appuntamento più atteso della programmazione annuale della Riserva (proposto in occasione della Giornata internazionale di sensibilizzazione sugli avvoltoi), offrirà nel pomeriggio di domenica 1 settembre un programma divulgativo affidato a ospiti di fama internazionale, tra ricercatori, responsabili di giardini zoologici ed ornitologi, che esporranno le novità sui progetti di conservazione dei re dell&#8217;aria.</p>
<p>Il ritrovo è fissato per le 14, quando si terranno – alla presenza delle autorità del Comune di Forgaria – i saluti di benvenuto.</p>
<p>Si aprirà quindi un programma molto fitto, che sarà introdotto – alle 14.20 – dall&#8217;intervento &#8220;Grifoni e allevamento, una simbiosi mutualistica”, a cura di <strong>Thomas Cargnelutti</strong>, zootecnico ed operatore della Riserva; seguiranno gli apporti di <strong>Tiziano Fiorenza</strong>, divulgatore e naturalista (“Il volo, il sogno dell’uomo”), <strong>Fulvio Genero</strong> (&#8220;Storia e conquiste del Progetto Grifone&#8221;), <strong>Andrè Stadler</strong>, direttore dell’Alpenzoo di Innsbruck (“Vulture news from the Alpenzoo”), e <strong>Cesare Avesani Zaborra</strong>, direttore scientifico del Parco Natura Viva di Bussolengo, che parlerà della &#8220;Situazione degli avvoltoi nei circuiti europei di conservazione E.A.Z.A.”).</p>
<p>Dopo i saluti delle autorità arriverà il momento più atteso, quello della liberazione degli animali, che avrà inizio alle 17 e coinvolgerà numerosi esemplari, alcuni grifoni recuperati durante le ultime campagne di ricerca e inanellamento e parecchi rapaci curati dal CRAS di Campoformido.</p>
<p>In mattinata verranno inoltre proposte visite guidate al Centro visite, con partenza alle ore 10.30, 11.30 e 12.30: la partecipazione è gratuita, ma è richiesta la prenotazione, effettuabile inviando una mail all’indirizzo <a href="mailto:centrovisite@riservacornino.it">centrovisite@riservacornino.it</a>.</p>

<p>Arrivato alla Riserva di Cornino in stato di denutrizione, ora è pronto per spiccare nuovamente il volo durante l&#8217;evento &#8220;Vivi e liberi di volare&#8221;</p>
