{"id":58029,"date":"2024-08-22T13:03:16","date_gmt":"2024-08-22T11:03:16","guid":{"rendered":"https:\/\/imagazine.it\/home_desk\/?post_type=mec-events&#038;p=58029"},"modified":"2024-08-22T13:03:16","modified_gmt":"2024-08-22T11:03:16","slug":"a-lignano-lanteprima-di-pordenonelegge","status":"publish","type":"mec-events","link":"https:\/\/imagazine.it\/home_desk\/events\/a-lignano-lanteprima-di-pordenonelegge\/","title":{"rendered":"A Lignano l&#8217;anteprima di Pordenonelegge"},"content":{"rendered":"<p><em><span style=\"font-size: 10pt;\">Francesca Giannone<\/span><\/em><\/p>\n<p style=\"font-weight: 400;\"><strong>\u00c8 tempo di pordenonelegge<\/strong>, scalda i motori la\u00a0<strong>25^ edizione<\/strong>\u00a0in programma\u00a0<strong>dal 18 al 22 settembre.<\/strong><\/p>\n<p style=\"font-weight: 400;\"><strong>L\u2019anteprima italiana della Festa del libro e della libert\u00e0<\/strong> si terr\u00e0 a<strong> Lignano Sabbiadoro <\/strong><strong>sabato 31 agosto<\/strong>, promosso dall\u2019<strong>Amministrazione Comunale\u00a0<\/strong>con<strong>\u00a0Fondazione Pordenonelegge.it\u00a0<\/strong>nell\u2019ambito del cartellone<strong>\u00a0Fuoricitt\u00e0\u00a0<\/strong>di pordenonelegge 2024<strong>.\u00a0<\/strong><\/p>\n<p style=\"font-weight: 400;\">Protagonista,\u00a0<strong>al Centro Congressi Kursaal alle 21,\u00a0<\/strong>sar\u00e0 la scrittrice\u00a0<strong>Francesca Giannone<\/strong>, vero \u201ccaso\u201d letterario della passata stagione con il suo romanzo\u00a0<strong><em>La portalettere<\/em><\/strong>, bestseller che ha superato le 250mila copie vendute, conquistando il record italiano 2023, ed \u00e8 in corso di traduzione in 25 Paesi dopo aver conquistato riconoscimenti come il Premio Bancarella e il Premio Giunti &#8211; Amo questo libro. Se con\u00a0<em>La Portalettere<\/em>\u00a0Francesca Giannone ci aveva portato dentro un grande romanzo storico e di formazione, attraversando trent&#8217;anni di memoria personale e storica,\u00a0<strong>il suo secondo romanzo \u201cDomani, domani\u201d, uscito lo scorso giugno per l\u2019editrice Nord, sar\u00e0 al centro della presentazione di Lignano e ci proietter\u00e0 nel Salento di fine anni Cinquanta<\/strong>.<\/p>\n<p style=\"font-weight: 400;\">Con Francesca Giannone, a Lignano dialogher\u00e0 il curatore del festival\u00a0<strong>Alberto Garlini<\/strong>. La\u00a0<strong>partecipazione \u00e8 liberamente aperta al pubblico,\u00a0<\/strong>\u00e8 suggerita la\u00a0<strong>prenotazione<\/strong>\u00a0iscrivendosi attraverso il proprio account mypnlegge sul sito\u00a0<span style=\"text-decoration: underline;\"><a href=\"http:\/\/www.pordenonelegge.it\/\" data-saferedirecturl=\"https:\/\/www.google.com\/url?q=http:\/\/www.pordenonelegge.it&amp;source=gmail&amp;ust=1724409085317000&amp;usg=AOvVaw2WSTYrFdmpQy3nVwdIO1pQ\" target=\"_blank\" rel=\"noopener\">www.pordenonelegge.it<\/a><\/span>.<\/p>\n<p style=\"font-weight: 400;\">Un ulteriore incontro con l\u2019autrice \u00e8 in programma <strong>a Pordenone domenica 22 settembre<\/strong>, giornata conclusiva del festival, in dialogo con la giornalista\u00a0<strong>Paola D\u2019Angelo<\/strong>\u00a0(ore 15, Spazio IZC Costruzioni di Largo San Giorgio).<\/p>\n<p style=\"font-weight: 400;\"><strong>Al centro del nuovo romanzo di Francesca Giannone ci sono due fratelli, Lorenzo e Agnese<\/strong>, che hanno perso tutto. Lo capiscono quando, con gli occhi tristi che si porta dietro da sempre, il padre annuncia di aver venduto il saponificio di famiglia, un\u2019eredit\u00e0 che lui ha vissuto come una condanna.<\/p>\n<p style=\"font-weight: 400;\"><strong>Per Lorenzo e Agnese, invece, quella fabbrica \u00e8 una ragione di vita, da quando il nonno, tanti anni prima, aveva detto loro: \u00abUn giorno questa fabbrica sar\u00e0 vostra\u00bb.<\/strong>\u00a0Per i due ragazzi, l\u2019idea di rimanere l\u00ec, come semplici operai sotto un nuovo, arrogante padrone, \u00e8 devastante. Lorenzo, orgoglioso e impulsivo, se ne va sbattendo la porta, col cuore colmo di rabbia e con un solo obiettivo: trovare i soldi necessari per riprendersi quello che \u00e8 suo. Agnese, invece, non se la sente di abbandonare quel luogo che profuma di talco e di sapone e dichiara, semplicemente: \u00abIo resto dov\u2019\u00e8 casa mia\u00bb.<\/p>\n<p style=\"font-weight: 400;\">\u00c8 una crepa profonda, apparentemente insanabile, quella che si apre tra fratello e sorella e li spinger\u00e0 su strade opposte e imprevedibili. Perch\u00e9 vogliono la stessa cosa, Lorenzo e Agnese, finch\u00e9 l&#8217;amore non li porter\u00e0 di nuovo a un bivio. Ognuno dei due far\u00e0 una scelta, tracciando un altro domani\u2026 Sar\u00e0 per entrambi un domani senza rimpianti?<\/p>\n<p style=\"font-weight: 400;\"><strong>Francesca Giannone \u00e8 salentina<\/strong>, e dopo la laurea in Scienze della Comunicazione ha studiato al Centro Sperimentale di Cinematografia. A Bologna, ha curato la catalogazione dei trentamila volumi della Associazione Luigi Bernardi e ha frequentato il corso biennale di scrittura della Bottega di Narrazione \u00abFinzioni\u00bb.<\/p>\n","protected":false},"excerpt":{"rendered":"<p>Francesca Giannone presenter\u00e0 al Kursaal il suo nuovo romanzo &#8220;Domani, domani&#8221; in dialogo con Alberto Garlini<\/p>\n","protected":false},"author":28,"featured_media":58030,"comment_status":"closed","ping_status":"closed","template":"","tags":[1485,261,826,2351,273,225,977],"mec_category":[59],"class_list":["post-58029","mec-events","type-mec-events","status-publish","has-post-thumbnail","hentry","tag-autori","tag-eventi","tag-eventi-fvg","tag-giannone","tag-libri","tag-lignano","tag-pordenonelegge","mec_category-meeting"],"_links":{"self":[{"href":"https:\/\/imagazine.it\/home_desk\/wp-json\/wp\/v2\/mec-events\/58029","targetHints":{"allow":["GET"]}}],"collection":[{"href":"https:\/\/imagazine.it\/home_desk\/wp-json\/wp\/v2\/mec-events"}],"about":[{"href":"https:\/\/imagazine.it\/home_desk\/wp-json\/wp\/v2\/types\/mec-events"}],"author":[{"embeddable":true,"href":"https:\/\/imagazine.it\/home_desk\/wp-json\/wp\/v2\/users\/28"}],"replies":[{"embeddable":true,"href":"https:\/\/imagazine.it\/home_desk\/wp-json\/wp\/v2\/comments?post=58029"}],"wp:featuredmedia":[{"embeddable":true,"href":"https:\/\/imagazine.it\/home_desk\/wp-json\/wp\/v2\/media\/58030"}],"wp:attachment":[{"href":"https:\/\/imagazine.it\/home_desk\/wp-json\/wp\/v2\/media?parent=58029"}],"wp:term":[{"taxonomy":"post_tag","embeddable":true,"href":"https:\/\/imagazine.it\/home_desk\/wp-json\/wp\/v2\/tags?post=58029"},{"taxonomy":"mec_category","embeddable":true,"href":"https:\/\/imagazine.it\/home_desk\/wp-json\/wp\/v2\/mec_category?post=58029"}],"curies":[{"name":"wp","href":"https:\/\/api.w.org\/{rel}","templated":true}]}}

<p><em><span style="font-size: 10pt;">Francesca Giannone</span></em></p>
<p style="font-weight: 400;"><strong>È tempo di pordenonelegge</strong>, scalda i motori la <strong>25^ edizione</strong> in programma <strong>dal 18 al 22 settembre.</strong></p>
<p style="font-weight: 400;"><strong>L’anteprima italiana della Festa del libro e della libertà</strong> si terrà a<strong> Lignano Sabbiadoro </strong><strong>sabato 31 agosto</strong>, promosso dall’<strong>Amministrazione Comunale </strong>con<strong> Fondazione Pordenonelegge.it </strong>nell’ambito del cartellone<strong> Fuoricittà </strong>di pordenonelegge 2024<strong>. </strong></p>
<p style="font-weight: 400;">Protagonista, <strong>al Centro Congressi Kursaal alle 21, </strong>sarà la scrittrice <strong>Francesca Giannone</strong>, vero “caso” letterario della passata stagione con il suo romanzo <strong><em>La portalettere</em></strong>, bestseller che ha superato le 250mila copie vendute, conquistando il record italiano 2023, ed è in corso di traduzione in 25 Paesi dopo aver conquistato riconoscimenti come il Premio Bancarella e il Premio Giunti &#8211; Amo questo libro. Se con <em>La Portalettere</em> Francesca Giannone ci aveva portato dentro un grande romanzo storico e di formazione, attraversando trent&#8217;anni di memoria personale e storica, <strong>il suo secondo romanzo “Domani, domani”, uscito lo scorso giugno per l’editrice Nord, sarà al centro della presentazione di Lignano e ci proietterà nel Salento di fine anni Cinquanta</strong>.</p>
<p style="font-weight: 400;">Con Francesca Giannone, a Lignano dialogherà il curatore del festival <strong>Alberto Garlini</strong>. La <strong>partecipazione è liberamente aperta al pubblico, </strong>è suggerita la <strong>prenotazione</strong> iscrivendosi attraverso il proprio account mypnlegge sul sito <span style="text-decoration: underline;"><a href="http://www.pordenonelegge.it/" data-saferedirecturl="https://www.google.com/url?q=http://www.pordenonelegge.it&amp;source=gmail&amp;ust=1724409085317000&amp;usg=AOvVaw2WSTYrFdmpQy3nVwdIO1pQ" target="_blank" rel="noopener">www.pordenonelegge.it</a></span>.</p>
<p style="font-weight: 400;">Un ulteriore incontro con l’autrice è in programma <strong>a Pordenone domenica 22 settembre</strong>, giornata conclusiva del festival, in dialogo con la giornalista <strong>Paola D’Angelo</strong> (ore 15, Spazio IZC Costruzioni di Largo San Giorgio).</p>
<p style="font-weight: 400;"><strong>Al centro del nuovo romanzo di Francesca Giannone ci sono due fratelli, Lorenzo e Agnese</strong>, che hanno perso tutto. Lo capiscono quando, con gli occhi tristi che si porta dietro da sempre, il padre annuncia di aver venduto il saponificio di famiglia, un’eredità che lui ha vissuto come una condanna.</p>
<p style="font-weight: 400;"><strong>Per Lorenzo e Agnese, invece, quella fabbrica è una ragione di vita, da quando il nonno, tanti anni prima, aveva detto loro: «Un giorno questa fabbrica sarà vostra».</strong> Per i due ragazzi, l’idea di rimanere lì, come semplici operai sotto un nuovo, arrogante padrone, è devastante. Lorenzo, orgoglioso e impulsivo, se ne va sbattendo la porta, col cuore colmo di rabbia e con un solo obiettivo: trovare i soldi necessari per riprendersi quello che è suo. Agnese, invece, non se la sente di abbandonare quel luogo che profuma di talco e di sapone e dichiara, semplicemente: «Io resto dov’è casa mia».</p>
<p style="font-weight: 400;">È una crepa profonda, apparentemente insanabile, quella che si apre tra fratello e sorella e li spingerà su strade opposte e imprevedibili. Perché vogliono la stessa cosa, Lorenzo e Agnese, finché l&#8217;amore non li porterà di nuovo a un bivio. Ognuno dei due farà una scelta, tracciando un altro domani… Sarà per entrambi un domani senza rimpianti?</p>
<p style="font-weight: 400;"><strong>Francesca Giannone è salentina</strong>, e dopo la laurea in Scienze della Comunicazione ha studiato al Centro Sperimentale di Cinematografia. A Bologna, ha curato la catalogazione dei trentamila volumi della Associazione Luigi Bernardi e ha frequentato il corso biennale di scrittura della Bottega di Narrazione «Finzioni».</p>

<p>Francesca Giannone presenterà al Kursaal il suo nuovo romanzo &#8220;Domani, domani&#8221; in dialogo con Alberto Garlini</p>
