{"id":57911,"date":"2024-08-09T18:37:15","date_gmt":"2024-08-09T16:37:15","guid":{"rendered":"https:\/\/imagazine.it\/home_desk\/?post_type=mec-events&#038;p=57911"},"modified":"2024-08-09T18:37:15","modified_gmt":"2024-08-09T16:37:15","slug":"festa-del-frico-resiano","status":"publish","type":"mec-events","link":"https:\/\/imagazine.it\/home_desk\/events\/festa-del-frico-resiano\/","title":{"rendered":"Festa del Frico Resiano"},"content":{"rendered":"<p>Oseacco di Resia si prepara ad accogliere la 25\u00aa edizione della <strong>Festa del Frico Resiano<\/strong>.<\/p>\n<p>L\u2019evento, tra i pi\u00f9 attesi dell&#8217;estate, si svolge all\u2019interno della suggestiva <strong>Val Resia<\/strong>, da venerd\u00ec 16 a luned\u00ec 19 agosto.<\/p>\n<p>Prodotti enogastronomici unici, tradizioni, artigianato, danze, musica e divertimento, il tutto immersi nella cornice del <strong>Parco naturale delle Prealpi Giulie<\/strong>.<\/p>\n<h3><strong>Un appuntamento storico che compie 25 anni<\/strong><\/h3>\n<p>La manifestazione, ideata ed organizzata dal <strong>Comitato Pro Oseacco<\/strong>, quest&#8217;anno raggiunge un traguardo importante che testimonia quanto sia una realt\u00e0 apprezzata e consolidata nella promozione e valorizzazione delle eccellenze enogastronomiche ed artigianali del territorio.<\/p>\n<p>Come spiega <strong>Antonio Di Lenardo<\/strong>, presidente del Comitato Pro Oseacco, &#8220;\u00c8\u00a0 importante ridare vigore ad un territorio che subisce un inesorabile spopolamento, si rende necessario rivolgere lo sguardo al tempo passato per riabilitare le vecchie tradizioni locali del territorio, proponendo, con un occhio di riguardo al futuro contemporaneo, la promozione di un turismo slow riscoprendo i sapori e le bellezze che ci circondano, prendendo del tempo per rilassarci, lontano dalla frenesia odierna che caratterizza le nostre vite quotidiane&#8221;.<\/p>\n<h3><strong>Frico ma non solo&#8230; <\/strong><\/h3>\n<p>Il re indiscusso della festa sar\u00e0 il <strong>Frico Resiano<\/strong>, cucinato con formaggio prodotto da latte vaccino e con l\u2019aggiunta del formaggio stagionato e accompagnato da polenta preparata con farina macinata a pietra (\u201cbramata\u201d), realizzata con un tipo di mais macinato a grana grossa che conferisce alla stessa una consistenza pi\u00f9 densa e corposa.<\/p>\n<p>A essere protagoniste saranno per\u00f2 anche le altre specialit\u00e0 del territorio, a cominciare dal pregiatissimo <strong>Aglio di Resia<\/strong>, \u201cta Ro\u015boanske Strok\u201d, uno dei 20 Presidi Slow Food del Friuli-Venezia Giulia che rientra nelle oltre 200 pregiatissime specialit\u00e0 nazionali \u201cdi nicchia\u201d.<\/p>\n<p>Questa eccellenza potr\u00e0 essere assaporata in varie forme, dalla Crema d\u2019Aglio di Resia all\u2019imperdibile Sorbetto all\u2019Aglio di Resia e non da ultimo un&#8217;esclusiva assoluta, mai realizzata prima, un cocktail aromatizzato all&#8217;Aglio di Resia.<\/p>\n<p>Nella frazione di Oseacco i visitatori potranno gustare anche il delizioso <strong><em>Bujadnik<\/em><\/strong>, tipico dolce secco della valle, un tempo cotto sotto la cenere dei focolari, avvolto nelle foglie di cavolo-verza; ora l\u2019impasto tradizionale viene mantenuto rigorosamente uguale al passato, ma la cottura dello stesso viene fatta su pietra da forno e servito in piccoli pezzi quadrati o rettangolari.<\/p>\n<h3><strong>Il programma<\/strong><\/h3>\n<p>Saranno 4 giornate ricche di attivit\u00e0 volte al divertimento e alla scoperta, dedicate ai pi\u00f9 piccoli, ma anche agli adulti; il tutto accompagnato dalla musica della tradizione che, unita a quella pi\u00f9 contemporanea, render\u00e0 piacevole la permanenza e regaler\u00e0 momenti di allegria e spensieratezza.<\/p>\n<p>Cuore della Festa sar\u00e0 Piazzale Dul, ad Oseacco di Resia, presso l&#8217;area Festeggiamenti, con chioschi enogastronomici e pesca di beneficenza che apriranno il venerd\u00ec alle ore 14 e i giorni successivi alle ore 10.<\/p>\n<p>L\u2019evento sar\u00e0 anche l\u2019occasione per scoprire e apprezzare le tante peculiarit\u00e0 della Val Resia: venerd\u00ec alle 19.30, sabato alle 11.45 e alle 20, domenica e luned\u00ec alle 12 le tradizionali ta maj\u00e4 Z\u00eftir\u00e4 e ta val\u00efk\u00e4 Z\u00eftir\u00e4 suoneranno in mano ai giovani; alle 9.00 e alle 10.30 di sabato 17 ci sar\u00e0 l\u2019escursione naturalistica &#8220;<em>Oseacco e dintorni &#8211; la via dell&#8217;acqua<\/em>&#8221; a cura dell&#8217;ente Parco naturale delle Prealpi Giulie; dalle 12.30 di domenica 18 si potranno vedere all\u2019opera gli arrotini resiani, con la possibilit\u00e0 di cimentarsi poi nella loro arte.<\/p>\n<p>Domenica 18 alle 10.30 apriranno i mercatini dell\u2019artigianato locale e dei prodotti tipici regionali, occasione per acquistare prodotti di esclusiva produzione del territorio come l&#8217;aglio Resiano.<\/p>\n<p>Sar\u00e0 inoltre presente, sempre a partire dalle 10.30, lo stand dell&#8217;Odv Telefono Amico Udine, importante realt\u00e0 del mondo del volontariato che si occupa di donare ascolto e supporto emotivo a chi si trova in difficolt\u00e0, unico centro di Telefono Amico Italia presente in Friuli Venezia Giulia.<\/p>\n<p>Sempre domenica, suggestivi balli e canti folkloristici con il Gruppo Folkloristico &#8220;Val Resia&#8221;, uno dei pi\u00f9 antichi nel panorama europeo con i suoi 186 anni di attivit\u00e0, che alle 21.00 si esibir\u00e0 e alle 22.00 inviter\u00e0 tutti in pista con la Z\u00eftir\u00e4.<\/p>\n<p>Diverse le <strong>iniziative di intrattenimento pensate per le famiglie e per i pi\u00f9 piccoli<\/strong>. Alle 18.30 di Venerd\u00ec 16 ci sar\u00e0 il teatro di strada &#8220;Clown Man Show&#8221; con Clown Japo e alle 20.30 lo spettacolo di fuoco, illusione e musica &#8220;Quetzalcoatl Fuego&#8221; direttamente dal Messico con un rituale unico con strumenti della cultura azteca; sabato 17 alle 10.45 circo contemporaneo con spettacolo di giocoleria e discipline acrobatiche con Mumi e Chispa; alle 11 di luned\u00ec 19 &#8220;Lo Mundo&#8221;, uno show di bolle di sapone che diventa magia, arte e poesia per raccontare la storia del mondo e alle 18 &#8220;Alla ricerca di Elfaborg&#8221;, un&#8217;avventura che far\u00e0 sorridere ed emozionare con Sagitta Firefolk.<\/p>\n<p>Immancabili lo spettacolare show pirotecnico di sabato 17 alle 24.00 e la Tombolissima di domenica 18 alle 22.30.<\/p>\n<p>La manifestazione sar\u00e0 inoltre l\u2019occasione per godersi sabato 17 alle 18 l&#8217;aperitivo Resiano con &#8220;Gerry e Manuel&#8221;, squadra barman terza classificata al concorso nazionale AIBES 2023 con la preparazione del cocktail aromatizzato all&#8217;aglio di Resia e per assistere Domenica 18 alle 18.30 all\u2019esibizione di Jennifer Sdrigotti, Campionessa del Mondo 2024 per le categorie danza orientale, danza folk orientale e danza orientale show e della scuola Station Dance Studio.<\/p>\n<p>Novit\u00e0 assoluta di quest&#8217;anno il <strong>volo vincolato in mongolfiera all&#8217;alba e al crepuscolo<\/strong>.<\/p>\n<p>L&#8217;esperienza, in programma domenica 18 agosto (ore 6-9 e ore 18-21), prevede un&#8217;ascesa in verticale di 20 metri della durata di circa 3 minuti. Un&#8217;occasione unica per ammirare il meraviglioso panorama dalla Val Resia da una prospettiva completamente diversa.<\/p>\n<p>Finale esplosivo dalle 21.30 di luned\u00ec 19 agosto con <strong>Enzino Fargetta<\/strong> di Radio Deejay e con <strong>Gian Marco De Michelis<\/strong> e <strong>Daniele Del Forno<\/strong>.<\/p>\n<p>Un programma cos\u00ec strutturato necessita sicuramente di uno sforzo molto importante da parte del Comitato Pro Oseacco che pu\u00f2 contare su oltre 100 volontari tra soci e amici, che perseguono lo stesso obiettivo e sono il cuore pulsante di questa Associazione di Promozione Sociale.<\/p>\n","protected":false},"excerpt":{"rendered":"<p>Prodotti enogastronomici unici, tradizioni, artigianato, danze, musica e divertimento nella cornice del Parco naturale delle Prealpi Giulie<\/p>\n","protected":false},"author":28,"featured_media":57912,"comment_status":"closed","ping_status":"closed","template":"","tags":[576,261,826,72,2326,419],"mec_category":[131],"class_list":["post-57911","mec-events","type-mec-events","status-publish","has-post-thumbnail","hentry","tag-enogastronomia","tag-eventi","tag-eventi-fvg","tag-natura","tag-resia","tag-tradizioni","mec_category-discovery"],"_links":{"self":[{"href":"https:\/\/imagazine.it\/home_desk\/wp-json\/wp\/v2\/mec-events\/57911","targetHints":{"allow":["GET"]}}],"collection":[{"href":"https:\/\/imagazine.it\/home_desk\/wp-json\/wp\/v2\/mec-events"}],"about":[{"href":"https:\/\/imagazine.it\/home_desk\/wp-json\/wp\/v2\/types\/mec-events"}],"author":[{"embeddable":true,"href":"https:\/\/imagazine.it\/home_desk\/wp-json\/wp\/v2\/users\/28"}],"replies":[{"embeddable":true,"href":"https:\/\/imagazine.it\/home_desk\/wp-json\/wp\/v2\/comments?post=57911"}],"wp:featuredmedia":[{"embeddable":true,"href":"https:\/\/imagazine.it\/home_desk\/wp-json\/wp\/v2\/media\/57912"}],"wp:attachment":[{"href":"https:\/\/imagazine.it\/home_desk\/wp-json\/wp\/v2\/media?parent=57911"}],"wp:term":[{"taxonomy":"post_tag","embeddable":true,"href":"https:\/\/imagazine.it\/home_desk\/wp-json\/wp\/v2\/tags?post=57911"},{"taxonomy":"mec_category","embeddable":true,"href":"https:\/\/imagazine.it\/home_desk\/wp-json\/wp\/v2\/mec_category?post=57911"}],"curies":[{"name":"wp","href":"https:\/\/api.w.org\/{rel}","templated":true}]}}

<p>Oseacco di Resia si prepara ad accogliere la 25ª edizione della <strong>Festa del Frico Resiano</strong>.</p>
<p>L’evento, tra i più attesi dell&#8217;estate, si svolge all’interno della suggestiva <strong>Val Resia</strong>, da venerdì 16 a lunedì 19 agosto.</p>
<p>Prodotti enogastronomici unici, tradizioni, artigianato, danze, musica e divertimento, il tutto immersi nella cornice del <strong>Parco naturale delle Prealpi Giulie</strong>.</p>
<h3><strong>Un appuntamento storico che compie 25 anni</strong></h3>
<p>La manifestazione, ideata ed organizzata dal <strong>Comitato Pro Oseacco</strong>, quest&#8217;anno raggiunge un traguardo importante che testimonia quanto sia una realtà apprezzata e consolidata nella promozione e valorizzazione delle eccellenze enogastronomiche ed artigianali del territorio.</p>
<p>Come spiega <strong>Antonio Di Lenardo</strong>, presidente del Comitato Pro Oseacco, &#8220;È  importante ridare vigore ad un territorio che subisce un inesorabile spopolamento, si rende necessario rivolgere lo sguardo al tempo passato per riabilitare le vecchie tradizioni locali del territorio, proponendo, con un occhio di riguardo al futuro contemporaneo, la promozione di un turismo slow riscoprendo i sapori e le bellezze che ci circondano, prendendo del tempo per rilassarci, lontano dalla frenesia odierna che caratterizza le nostre vite quotidiane&#8221;.</p>
<h3><strong>Frico ma non solo&#8230; </strong></h3>
<p>Il re indiscusso della festa sarà il <strong>Frico Resiano</strong>, cucinato con formaggio prodotto da latte vaccino e con l’aggiunta del formaggio stagionato e accompagnato da polenta preparata con farina macinata a pietra (“bramata”), realizzata con un tipo di mais macinato a grana grossa che conferisce alla stessa una consistenza più densa e corposa.</p>
<p>A essere protagoniste saranno però anche le altre specialità del territorio, a cominciare dal pregiatissimo <strong>Aglio di Resia</strong>, “ta Rośoanske Strok”, uno dei 20 Presidi Slow Food del Friuli-Venezia Giulia che rientra nelle oltre 200 pregiatissime specialità nazionali “di nicchia”.</p>
<p>Questa eccellenza potrà essere assaporata in varie forme, dalla Crema d’Aglio di Resia all’imperdibile Sorbetto all’Aglio di Resia e non da ultimo un&#8217;esclusiva assoluta, mai realizzata prima, un cocktail aromatizzato all&#8217;Aglio di Resia.</p>
<p>Nella frazione di Oseacco i visitatori potranno gustare anche il delizioso <strong><em>Bujadnik</em></strong>, tipico dolce secco della valle, un tempo cotto sotto la cenere dei focolari, avvolto nelle foglie di cavolo-verza; ora l’impasto tradizionale viene mantenuto rigorosamente uguale al passato, ma la cottura dello stesso viene fatta su pietra da forno e servito in piccoli pezzi quadrati o rettangolari.</p>
<h3><strong>Il programma</strong></h3>
<p>Saranno 4 giornate ricche di attività volte al divertimento e alla scoperta, dedicate ai più piccoli, ma anche agli adulti; il tutto accompagnato dalla musica della tradizione che, unita a quella più contemporanea, renderà piacevole la permanenza e regalerà momenti di allegria e spensieratezza.</p>
<p>Cuore della Festa sarà Piazzale Dul, ad Oseacco di Resia, presso l&#8217;area Festeggiamenti, con chioschi enogastronomici e pesca di beneficenza che apriranno il venerdì alle ore 14 e i giorni successivi alle ore 10.</p>
<p>L’evento sarà anche l’occasione per scoprire e apprezzare le tante peculiarità della Val Resia: venerdì alle 19.30, sabato alle 11.45 e alle 20, domenica e lunedì alle 12 le tradizionali ta majä Zïtirä e ta valïkä Zïtirä suoneranno in mano ai giovani; alle 9.00 e alle 10.30 di sabato 17 ci sarà l’escursione naturalistica &#8220;<em>Oseacco e dintorni &#8211; la via dell&#8217;acqua</em>&#8221; a cura dell&#8217;ente Parco naturale delle Prealpi Giulie; dalle 12.30 di domenica 18 si potranno vedere all’opera gli arrotini resiani, con la possibilità di cimentarsi poi nella loro arte.</p>
<p>Domenica 18 alle 10.30 apriranno i mercatini dell’artigianato locale e dei prodotti tipici regionali, occasione per acquistare prodotti di esclusiva produzione del territorio come l&#8217;aglio Resiano.</p>
<p>Sarà inoltre presente, sempre a partire dalle 10.30, lo stand dell&#8217;Odv Telefono Amico Udine, importante realtà del mondo del volontariato che si occupa di donare ascolto e supporto emotivo a chi si trova in difficoltà, unico centro di Telefono Amico Italia presente in Friuli Venezia Giulia.</p>
<p>Sempre domenica, suggestivi balli e canti folkloristici con il Gruppo Folkloristico &#8220;Val Resia&#8221;, uno dei più antichi nel panorama europeo con i suoi 186 anni di attività, che alle 21.00 si esibirà e alle 22.00 inviterà tutti in pista con la Zïtirä.</p>
<p>Diverse le <strong>iniziative di intrattenimento pensate per le famiglie e per i più piccoli</strong>. Alle 18.30 di Venerdì 16 ci sarà il teatro di strada &#8220;Clown Man Show&#8221; con Clown Japo e alle 20.30 lo spettacolo di fuoco, illusione e musica &#8220;Quetzalcoatl Fuego&#8221; direttamente dal Messico con un rituale unico con strumenti della cultura azteca; sabato 17 alle 10.45 circo contemporaneo con spettacolo di giocoleria e discipline acrobatiche con Mumi e Chispa; alle 11 di lunedì 19 &#8220;Lo Mundo&#8221;, uno show di bolle di sapone che diventa magia, arte e poesia per raccontare la storia del mondo e alle 18 &#8220;Alla ricerca di Elfaborg&#8221;, un&#8217;avventura che farà sorridere ed emozionare con Sagitta Firefolk.</p>
<p>Immancabili lo spettacolare show pirotecnico di sabato 17 alle 24.00 e la Tombolissima di domenica 18 alle 22.30.</p>
<p>La manifestazione sarà inoltre l’occasione per godersi sabato 17 alle 18 l&#8217;aperitivo Resiano con &#8220;Gerry e Manuel&#8221;, squadra barman terza classificata al concorso nazionale AIBES 2023 con la preparazione del cocktail aromatizzato all&#8217;aglio di Resia e per assistere Domenica 18 alle 18.30 all’esibizione di Jennifer Sdrigotti, Campionessa del Mondo 2024 per le categorie danza orientale, danza folk orientale e danza orientale show e della scuola Station Dance Studio.</p>
<p>Novità assoluta di quest&#8217;anno il <strong>volo vincolato in mongolfiera all&#8217;alba e al crepuscolo</strong>.</p>
<p>L&#8217;esperienza, in programma domenica 18 agosto (ore 6-9 e ore 18-21), prevede un&#8217;ascesa in verticale di 20 metri della durata di circa 3 minuti. Un&#8217;occasione unica per ammirare il meraviglioso panorama dalla Val Resia da una prospettiva completamente diversa.</p>
<p>Finale esplosivo dalle 21.30 di lunedì 19 agosto con <strong>Enzino Fargetta</strong> di Radio Deejay e con <strong>Gian Marco De Michelis</strong> e <strong>Daniele Del Forno</strong>.</p>
<p>Un programma così strutturato necessita sicuramente di uno sforzo molto importante da parte del Comitato Pro Oseacco che può contare su oltre 100 volontari tra soci e amici, che perseguono lo stesso obiettivo e sono il cuore pulsante di questa Associazione di Promozione Sociale.</p>
