{"id":57742,"date":"2024-08-05T12:14:54","date_gmt":"2024-08-05T10:14:54","guid":{"rendered":"https:\/\/imagazine.it\/home_desk\/?post_type=mec-events&#038;p=57742"},"modified":"2024-08-05T12:14:54","modified_gmt":"2024-08-05T10:14:54","slug":"musica-e-arte-sotto-il-cielo-di-gorizia","status":"publish","type":"mec-events","link":"https:\/\/imagazine.it\/home_desk\/events\/musica-e-arte-sotto-il-cielo-di-gorizia\/","title":{"rendered":"Musica e arte sotto il cielo di Gorizia"},"content":{"rendered":"<p><span style=\"font-size: 10pt;\"><em>Gloria Campaner e Cristiano Gualco<\/em><\/span><\/p>\n<p style=\"font-weight: 400;\">Nuovo appuntamento per il festival <strong>Nei Suoni Dei Luoghi<\/strong>.<\/p>\n<p style=\"font-weight: 400;\">L\u2019appuntamento \u00e8 per\u00a0<strong>mercoled\u00ec 7 agosto<\/strong> (ore 21) a <strong>Gorizia<\/strong>, nei giardini di\u00a0<strong>Palazzo Attems Petzenstein<\/strong>, con il concerto di un ensemble che unisce le giovani promesse della classica\u00a0<strong>Giulia Rimonda<\/strong>\u00a0(violino),\u00a0<strong>Cecilia Adele Bonato<\/strong>\u00a0(viola),\u00a0<strong>Elisa Fassetta<\/strong>\u00a0(violoncello) e\u00a0<strong>Nace Slak<\/strong> (pianoforte), a due artisti di comprovato livello internazionale.<\/p>\n<p style=\"font-weight: 400;\">Si tratta della pianista co-direttrice artistica di Nei Suoni Dei Luoghi, <strong>Gloria Campaner,<\/strong> e del violinista <strong>Cristiano Gualco<\/strong>.<\/p>\n<p style=\"font-weight: 400;\">L\u2019evento, co-organizzato con l\u2019<strong>Ente Regionale per il Patrimonio Culturale della Regione Friuli Venezia Giulia<\/strong>, in collaborazione con\u00a0<strong>Kulturni dom di Nova Gorica<\/strong>\u00a0e\u00a0<strong>Tartu 2024 Capitale Europea della Cultura<\/strong>, \u00e8 a\u00a0<strong>ingresso libero<\/strong>, ma \u00e8 consigliata la prenotazione scrivendo a\u00a0prenotazioni@associazioneprogettomusica.org.<\/p>\n<p style=\"font-weight: 400;\">Prima del concerto, alle ore\u00a0<strong>18.30<\/strong>, si terr\u00e0 la visita guidata gratuita alla <span style=\"text-decoration: underline;\"><a href=\"https:\/\/imagazine.it\/home_desk\/events\/italia-sessanta\/\">mostra \u201c<em><strong>Italia Sessanta. Arte, Moda e Design. Dal boom al<\/strong>\u00a0<strong>pop<\/strong><\/em>\u201d<\/a><\/span>. Per la visita guidata la prenotazione \u00e8 obbligatoria al medesimo indirizzo mail.<\/p>\n<p style=\"font-weight: 400;\">Il festival\u00a0<strong>Nei Suoni Dei Luoghi<\/strong>\u00a0ha gi\u00e0 avuto il piacere di ospitare\u00a0<strong>Gloria Campaner<\/strong>\u00a0nelle ultime due edizioni per un\u2019esperienza simile, a dimostrazione della sua volont\u00e0 di dedicarsi al mentoring e al supporto artistico ed emotivo alle nuove generazioni di musicisti.<\/p>\n<p style=\"font-weight: 400;\">Accanto a lei,\u00a0<strong>Cristiano Gualco<\/strong>, primo violino e fondatore del prestigioso\u00a0<strong>Quartetto di Cremona<\/strong>\u00a0che, grazie alla sua straordinaria tecnica, alla sua passione per l\u2019arte e al suo impegno verso l\u2019eccellenza musicale, \u00e8 considerato uno dei pi\u00f9 eminenti violinisti della sua generazione. A impreziosire la serata ci sar\u00e0 l\u2019esecuzione in prima assoluta di due brani scritti per l\u2019occasione da\u00a0<strong>Cesare Pozzo\u00a0<\/strong>e\u00a0<strong>Matteo Bello<\/strong>, studenti di Composizione del\u00a0<strong>Conservatorio Tartini di Trieste<\/strong>, e collegati alla musica degli anni \u201860, protagonista della mostra ospitata a\u00a0<strong>Palazzo Attems Petzenstein<\/strong>.<\/p>\n","protected":false},"excerpt":{"rendered":"<p>Nel giardino di Palazzo Attems concerto dell&#8217;ensemble guidato da Gloria Campaner e Cristiano Gualco. Con visita alla mostra &#8220;Italia Sessanta&#8221;<\/p>\n","protected":false},"author":28,"featured_media":57743,"comment_status":"closed","ping_status":"closed","template":"","tags":[165,861,261,826,43,60,55,1904],"mec_category":[99],"class_list":["post-57742","mec-events","type-mec-events","status-publish","has-post-thumbnail","hentry","tag-arte","tag-concerti","tag-eventi","tag-eventi-fvg","tag-gorizia","tag-mostre","tag-musica","tag-nei-suoni-dei-luoghi","mec_category-music"],"_links":{"self":[{"href":"https:\/\/imagazine.it\/home_desk\/wp-json\/wp\/v2\/mec-events\/57742","targetHints":{"allow":["GET"]}}],"collection":[{"href":"https:\/\/imagazine.it\/home_desk\/wp-json\/wp\/v2\/mec-events"}],"about":[{"href":"https:\/\/imagazine.it\/home_desk\/wp-json\/wp\/v2\/types\/mec-events"}],"author":[{"embeddable":true,"href":"https:\/\/imagazine.it\/home_desk\/wp-json\/wp\/v2\/users\/28"}],"replies":[{"embeddable":true,"href":"https:\/\/imagazine.it\/home_desk\/wp-json\/wp\/v2\/comments?post=57742"}],"wp:featuredmedia":[{"embeddable":true,"href":"https:\/\/imagazine.it\/home_desk\/wp-json\/wp\/v2\/media\/57743"}],"wp:attachment":[{"href":"https:\/\/imagazine.it\/home_desk\/wp-json\/wp\/v2\/media?parent=57742"}],"wp:term":[{"taxonomy":"post_tag","embeddable":true,"href":"https:\/\/imagazine.it\/home_desk\/wp-json\/wp\/v2\/tags?post=57742"},{"taxonomy":"mec_category","embeddable":true,"href":"https:\/\/imagazine.it\/home_desk\/wp-json\/wp\/v2\/mec_category?post=57742"}],"curies":[{"name":"wp","href":"https:\/\/api.w.org\/{rel}","templated":true}]}}

<p><span style="font-size: 10pt;"><em>Gloria Campaner e Cristiano Gualco</em></span></p>
<p style="font-weight: 400;">Nuovo appuntamento per il festival <strong>Nei Suoni Dei Luoghi</strong>.</p>
<p style="font-weight: 400;">L’appuntamento è per <strong>mercoledì 7 agosto</strong> (ore 21) a <strong>Gorizia</strong>, nei giardini di <strong>Palazzo Attems Petzenstein</strong>, con il concerto di un ensemble che unisce le giovani promesse della classica <strong>Giulia Rimonda</strong> (violino), <strong>Cecilia Adele Bonato</strong> (viola), <strong>Elisa Fassetta</strong> (violoncello) e <strong>Nace Slak</strong> (pianoforte), a due artisti di comprovato livello internazionale.</p>
<p style="font-weight: 400;">Si tratta della pianista co-direttrice artistica di Nei Suoni Dei Luoghi, <strong>Gloria Campaner,</strong> e del violinista <strong>Cristiano Gualco</strong>.</p>
<p style="font-weight: 400;">L’evento, co-organizzato con l’<strong>Ente Regionale per il Patrimonio Culturale della Regione Friuli Venezia Giulia</strong>, in collaborazione con <strong>Kulturni dom di Nova Gorica</strong> e <strong>Tartu 2024 Capitale Europea della Cultura</strong>, è a <strong>ingresso libero</strong>, ma è consigliata la prenotazione scrivendo a prenotazioni@associazioneprogettomusica.org.</p>
<p style="font-weight: 400;">Prima del concerto, alle ore <strong>18.30</strong>, si terrà la visita guidata gratuita alla <span style="text-decoration: underline;"><a href="https://imagazine.it/home_desk/events/italia-sessanta/">mostra “<em><strong>Italia Sessanta. Arte, Moda e Design. Dal boom al</strong> <strong>pop</strong></em>”</a></span>. Per la visita guidata la prenotazione è obbligatoria al medesimo indirizzo mail.</p>
<p style="font-weight: 400;">Il festival <strong>Nei Suoni Dei Luoghi</strong> ha già avuto il piacere di ospitare <strong>Gloria Campaner</strong> nelle ultime due edizioni per un’esperienza simile, a dimostrazione della sua volontà di dedicarsi al mentoring e al supporto artistico ed emotivo alle nuove generazioni di musicisti.</p>
<p style="font-weight: 400;">Accanto a lei, <strong>Cristiano Gualco</strong>, primo violino e fondatore del prestigioso <strong>Quartetto di Cremona</strong> che, grazie alla sua straordinaria tecnica, alla sua passione per l’arte e al suo impegno verso l’eccellenza musicale, è considerato uno dei più eminenti violinisti della sua generazione. A impreziosire la serata ci sarà l’esecuzione in prima assoluta di due brani scritti per l’occasione da <strong>Cesare Pozzo </strong>e <strong>Matteo Bello</strong>, studenti di Composizione del <strong>Conservatorio Tartini di Trieste</strong>, e collegati alla musica degli anni ‘60, protagonista della mostra ospitata a <strong>Palazzo Attems Petzenstein</strong>.</p>
