{"id":57697,"date":"2024-08-02T12:42:35","date_gmt":"2024-08-02T10:42:35","guid":{"rendered":"https:\/\/imagazine.it\/home_desk\/?post_type=mec-events&#038;p=57697"},"modified":"2024-08-02T12:42:35","modified_gmt":"2024-08-02T10:42:35","slug":"notti-del-vino-doppio-evento-a-latisana","status":"publish","type":"mec-events","link":"https:\/\/imagazine.it\/home_desk\/events\/notti-del-vino-doppio-evento-a-latisana\/","title":{"rendered":"Notti del Vino: doppio evento a Latisana"},"content":{"rendered":"<p>Doppio appuntamento a Latisana con Comune e Pro Loco per <em><strong>Le Notti del Vino<\/strong><\/em>.<\/p>\n<p>Ad <strong>Aprilia Marittima<\/strong> il 6 agosto dalle ore 19.30 intrattenimento musicale a cura di <strong>Marzia Lucchetta e Enrico Moscardi<\/strong>. Inoltre Miss Italia 2024 con l&#8217;Elezione di Miss Cinema Friuli Venezia Giulia 2024. Degustazione vini e piatti tipici del territorio.<\/p>\n<p>A <strong>Latisana<\/strong> capoluogo l&#8217;8 agosto dalle ore 19.30 intrattenimento musicale a cura di <strong>Marzia Lucchetta e Enrico Moscardi<\/strong>. Anche in questo caso degustazione vini e piatti tipici del territorio.<\/p>\n<p>Si paga quanto si consuma di vino e cibo. Per chi vuole a pagamento calice e sacca <em>Le Notti del Vino<\/em>.<\/p>\n<p>L&#8217;evento fa parte del ricco il programma de <em>Le Notti del Vino<\/em>. In totale sono 28 gli appuntamenti in 26 Citt\u00e0 del Vino in tutti e quattro i territori gi\u00e0 provinciali di Trieste, Udine, Gorizia e Pordenone nonch\u00e9 per la prima volta fuori dai confini nazionali a Buje d\u2019Istria (Croazia). Gli eventi si terranno fino al 27 agosto.<\/p>\n<p>Un progetto innovativo che per primo in Italia vede un Coordinamento delle Citt\u00e0 del Vino dare vita in maniera autonoma a un format di enoturismo d\u2019avanguardia con il sostegno della Regione Autonoma Friuli Venezia Giulia, PromoTurismoFVG e Banca 360 FVG, il patrocinio del Consiglio regionale del Friuli Venezia Giulia e di UniDocFVG e il supporto delle Pro Loco dell&#8217;UNPLI FVG.<\/p>\n<p>Programma completo su <span style=\"text-decoration: underline;\"><a href=\"http:\/\/www.cittadelvinofvg.it\" target=\"_blank\" rel=\"noopener\">www.cittadelvinofvg.it<\/a><\/span> e sui social delle Citt\u00e0 del Vino Fvg.<\/p>\n","protected":false},"excerpt":{"rendered":"<p>Due serate tra il capoluogo e Aprilia Marittima. Con l&#8217;elezione di Miss Cinema Friuli Venezia Giulia 2024<\/p>\n","protected":false},"author":28,"featured_media":57698,"comment_status":"closed","ping_status":"closed","template":"","tags":[576,261,826,144,549],"mec_category":[131],"class_list":["post-57697","mec-events","type-mec-events","status-publish","has-post-thumbnail","hentry","tag-enogastronomia","tag-eventi","tag-eventi-fvg","tag-latisana","tag-vino","mec_category-discovery"],"_links":{"self":[{"href":"https:\/\/imagazine.it\/home_desk\/wp-json\/wp\/v2\/mec-events\/57697","targetHints":{"allow":["GET"]}}],"collection":[{"href":"https:\/\/imagazine.it\/home_desk\/wp-json\/wp\/v2\/mec-events"}],"about":[{"href":"https:\/\/imagazine.it\/home_desk\/wp-json\/wp\/v2\/types\/mec-events"}],"author":[{"embeddable":true,"href":"https:\/\/imagazine.it\/home_desk\/wp-json\/wp\/v2\/users\/28"}],"replies":[{"embeddable":true,"href":"https:\/\/imagazine.it\/home_desk\/wp-json\/wp\/v2\/comments?post=57697"}],"wp:featuredmedia":[{"embeddable":true,"href":"https:\/\/imagazine.it\/home_desk\/wp-json\/wp\/v2\/media\/57698"}],"wp:attachment":[{"href":"https:\/\/imagazine.it\/home_desk\/wp-json\/wp\/v2\/media?parent=57697"}],"wp:term":[{"taxonomy":"post_tag","embeddable":true,"href":"https:\/\/imagazine.it\/home_desk\/wp-json\/wp\/v2\/tags?post=57697"},{"taxonomy":"mec_category","embeddable":true,"href":"https:\/\/imagazine.it\/home_desk\/wp-json\/wp\/v2\/mec_category?post=57697"}],"curies":[{"name":"wp","href":"https:\/\/api.w.org\/{rel}","templated":true}]}}

<p>Doppio appuntamento a Latisana con Comune e Pro Loco per <em><strong>Le Notti del Vino</strong></em>.</p>
<p>Ad <strong>Aprilia Marittima</strong> il 6 agosto dalle ore 19.30 intrattenimento musicale a cura di <strong>Marzia Lucchetta e Enrico Moscardi</strong>. Inoltre Miss Italia 2024 con l&#8217;Elezione di Miss Cinema Friuli Venezia Giulia 2024. Degustazione vini e piatti tipici del territorio.</p>
<p>A <strong>Latisana</strong> capoluogo l&#8217;8 agosto dalle ore 19.30 intrattenimento musicale a cura di <strong>Marzia Lucchetta e Enrico Moscardi</strong>. Anche in questo caso degustazione vini e piatti tipici del territorio.</p>
<p>Si paga quanto si consuma di vino e cibo. Per chi vuole a pagamento calice e sacca <em>Le Notti del Vino</em>.</p>
<p>L&#8217;evento fa parte del ricco il programma de <em>Le Notti del Vino</em>. In totale sono 28 gli appuntamenti in 26 Città del Vino in tutti e quattro i territori già provinciali di Trieste, Udine, Gorizia e Pordenone nonché per la prima volta fuori dai confini nazionali a Buje d’Istria (Croazia). Gli eventi si terranno fino al 27 agosto.</p>
<p>Un progetto innovativo che per primo in Italia vede un Coordinamento delle Città del Vino dare vita in maniera autonoma a un format di enoturismo d’avanguardia con il sostegno della Regione Autonoma Friuli Venezia Giulia, PromoTurismoFVG e Banca 360 FVG, il patrocinio del Consiglio regionale del Friuli Venezia Giulia e di UniDocFVG e il supporto delle Pro Loco dell&#8217;UNPLI FVG.</p>
<p>Programma completo su <span style="text-decoration: underline;"><a href="http://www.cittadelvinofvg.it" target="_blank" rel="noopener">www.cittadelvinofvg.it</a></span> e sui social delle Città del Vino Fvg.</p>
