{"id":57645,"date":"2024-07-31T16:36:46","date_gmt":"2024-07-31T14:36:46","guid":{"rendered":"https:\/\/imagazine.it\/home_desk\/?post_type=mec-events&#038;p=57645"},"modified":"2024-07-31T16:39:24","modified_gmt":"2024-07-31T14:39:24","slug":"trio-hermes-in-concerto-a-villesse","status":"publish","type":"mec-events","link":"https:\/\/imagazine.it\/home_desk\/events\/trio-hermes-in-concerto-a-villesse\/","title":{"rendered":"Trio Hermes in concerto a Villesse"},"content":{"rendered":"<p style=\"font-weight: 400;\">Il giardino di\u00a0<strong>Palazzo Ghersiach<\/strong>\u00a0a\u00a0<strong>Villesse<\/strong> sar\u00e0 il teatro del prossimo appuntamento del festival internazionale di musica e territori <strong>Nei Suoni Dei Luoghi<\/strong>, con il concerto \u201c<em><strong>Mit Energie und Leidenschaft<\/strong><\/em>\u201d, in programma\u00a0<strong>venerd\u00ec 2 agosto<\/strong>\u00a0(inizio alle ore 21.00), che vedr\u00e0 protagonista il\u00a0<strong>Trio Hermes<\/strong>.<\/p>\n<p style=\"font-weight: 400;\">Formato dalla violinista\u00a0<strong>Ginevra Bassetti<\/strong>, dalla violoncellista\u00a0<strong>Francesca Giglio<\/strong>\u00a0e dalla pianista\u00a0<strong>Marianna Pulsoni<\/strong>, l\u2019ensemble proporr\u00e0 al pubblico un programma con musiche di\u00a0<strong>Mendelssohn<\/strong>\u00a0e\u00a0<strong>Schumann<\/strong>. L\u2019evento \u00e8 a ingresso gratuito e in caso di pioggia si terr\u00e0 all\u2019interno di Palazzo Ghersiach.<\/p>\n<p style=\"font-weight: 400;\">Prima del concerto, alle ore 19.00, avr\u00e0 luogo la passeggiata alla scoperta della storia di Villesse a cura dell\u2019Associazione culturale\u00a0<strong><em>I Blaudins<\/em><\/strong>. Per la passeggiata \u00e8 prevista la prenotazione obbligatoria scrivendo a prenotazioni@associazioneprogettomusica.org.<\/p>\n<p style=\"font-weight: 400;\">\u201c<em>Nella musica trovo la libert\u00e0 di esprimermi senza confini, senza i limiti imposti dalla societ\u00e0. La creativit\u00e0 \u00e8 il mio respiro, la musica la mia voce nel mondo<\/em>\u201d.<\/p>\n<p style=\"font-weight: 400;\">Dice molto questa dichiarazione di Fanny Mendelssohn sulla sua straordinaria vocazione musicale e sulle enormi difficolt\u00e0 che incontr\u00f2 nell\u2019essere una compositrice nel XIX secolo. Fanny sfid\u00f2 le norme sociali discriminatorie e and\u00f2 contro la sua famiglia per esprimere la sua genialit\u00e0 creativa, costantemente soffocata dall\u2019unico fatto di essere donna.<\/p>\n<p style=\"font-weight: 400;\">Fu apprezzata fra gli altri da Robert Schumann, che frequentava i suoi stessi circoli musicali e che la elogiava a tal punto da definirla un \u201ctesoro nascosto\u201d dal quale \u201cil mondo avrebbe avuto molto da imparare\u201d.<\/p>\n<p style=\"font-weight: 400;\">Nel concerto di Villesse il pubblico ascolter\u00e0 i loro Trii, autentiche gemme musicali dalla profonda sensibilit\u00e0 artistica, che hanno lasciato un\u2019impronta duratura nella storia della musica testimoniando che il genio musicale non conosce confini di genere.<\/p>\n","protected":false},"excerpt":{"rendered":"<p>Appuntamento del festival internazionale di musica e territori Nei Suoni Dei Luoghi, dal titolo Mit Energie und Leidenschaft\u201d<\/p>\n","protected":false},"author":28,"featured_media":57647,"comment_status":"closed","ping_status":"closed","template":"","tags":[102,261,826,55,1904,1007],"mec_category":[99],"class_list":["post-57645","mec-events","type-mec-events","status-publish","has-post-thumbnail","hentry","tag-concerto","tag-eventi","tag-eventi-fvg","tag-musica","tag-nei-suoni-dei-luoghi","tag-villesse","mec_category-music"],"_links":{"self":[{"href":"https:\/\/imagazine.it\/home_desk\/wp-json\/wp\/v2\/mec-events\/57645","targetHints":{"allow":["GET"]}}],"collection":[{"href":"https:\/\/imagazine.it\/home_desk\/wp-json\/wp\/v2\/mec-events"}],"about":[{"href":"https:\/\/imagazine.it\/home_desk\/wp-json\/wp\/v2\/types\/mec-events"}],"author":[{"embeddable":true,"href":"https:\/\/imagazine.it\/home_desk\/wp-json\/wp\/v2\/users\/28"}],"replies":[{"embeddable":true,"href":"https:\/\/imagazine.it\/home_desk\/wp-json\/wp\/v2\/comments?post=57645"}],"wp:featuredmedia":[{"embeddable":true,"href":"https:\/\/imagazine.it\/home_desk\/wp-json\/wp\/v2\/media\/57647"}],"wp:attachment":[{"href":"https:\/\/imagazine.it\/home_desk\/wp-json\/wp\/v2\/media?parent=57645"}],"wp:term":[{"taxonomy":"post_tag","embeddable":true,"href":"https:\/\/imagazine.it\/home_desk\/wp-json\/wp\/v2\/tags?post=57645"},{"taxonomy":"mec_category","embeddable":true,"href":"https:\/\/imagazine.it\/home_desk\/wp-json\/wp\/v2\/mec_category?post=57645"}],"curies":[{"name":"wp","href":"https:\/\/api.w.org\/{rel}","templated":true}]}}

<p style="font-weight: 400;">Il giardino di <strong>Palazzo Ghersiach</strong> a <strong>Villesse</strong> sarà il teatro del prossimo appuntamento del festival internazionale di musica e territori <strong>Nei Suoni Dei Luoghi</strong>, con il concerto “<em><strong>Mit Energie und Leidenschaft</strong></em>”, in programma <strong>venerdì 2 agosto</strong> (inizio alle ore 21.00), che vedrà protagonista il <strong>Trio Hermes</strong>.</p>
<p style="font-weight: 400;">Formato dalla violinista <strong>Ginevra Bassetti</strong>, dalla violoncellista <strong>Francesca Giglio</strong> e dalla pianista <strong>Marianna Pulsoni</strong>, l’ensemble proporrà al pubblico un programma con musiche di <strong>Mendelssohn</strong> e <strong>Schumann</strong>. L’evento è a ingresso gratuito e in caso di pioggia si terrà all’interno di Palazzo Ghersiach.</p>
<p style="font-weight: 400;">Prima del concerto, alle ore 19.00, avrà luogo la passeggiata alla scoperta della storia di Villesse a cura dell’Associazione culturale <strong><em>I Blaudins</em></strong>. Per la passeggiata è prevista la prenotazione obbligatoria scrivendo a prenotazioni@associazioneprogettomusica.org.</p>
<p style="font-weight: 400;">“<em>Nella musica trovo la libertà di esprimermi senza confini, senza i limiti imposti dalla società. La creatività è il mio respiro, la musica la mia voce nel mondo</em>”.</p>
<p style="font-weight: 400;">Dice molto questa dichiarazione di Fanny Mendelssohn sulla sua straordinaria vocazione musicale e sulle enormi difficoltà che incontrò nell’essere una compositrice nel XIX secolo. Fanny sfidò le norme sociali discriminatorie e andò contro la sua famiglia per esprimere la sua genialità creativa, costantemente soffocata dall’unico fatto di essere donna.</p>
<p style="font-weight: 400;">Fu apprezzata fra gli altri da Robert Schumann, che frequentava i suoi stessi circoli musicali e che la elogiava a tal punto da definirla un “tesoro nascosto” dal quale “il mondo avrebbe avuto molto da imparare”.</p>
<p style="font-weight: 400;">Nel concerto di Villesse il pubblico ascolterà i loro Trii, autentiche gemme musicali dalla profonda sensibilità artistica, che hanno lasciato un’impronta duratura nella storia della musica testimoniando che il genio musicale non conosce confini di genere.</p>
