{"id":57547,"date":"2024-07-29T10:39:24","date_gmt":"2024-07-29T08:39:24","guid":{"rendered":"https:\/\/imagazine.it\/home_desk\/?post_type=mec-events&#038;p=57547"},"modified":"2024-07-29T10:39:24","modified_gmt":"2024-07-29T08:39:24","slug":"attesa-finita-aquileia-pronta-per-il-film-festival","status":"publish","type":"mec-events","link":"https:\/\/imagazine.it\/home_desk\/events\/attesa-finita-aquileia-pronta-per-il-film-festival\/","title":{"rendered":"Attesa finita: Aquileia pronta per il Film Festival"},"content":{"rendered":"<p>Al via la XV edizione dell\u2019Aquileia Film Festival che <strong>si aprir\u00e0 marted\u00ec 30 luglio alle 21 in piazza Capitolo ad Aquileia e proseguir\u00e0 fino a marted\u00ec 6 agosto.<\/strong><\/p>\n<p><strong>Cinema, archeologia, esperti<\/strong>\u00a0si alterneranno per\u00a0<strong>sei serate<\/strong>\u00a0in un programma ricco di appuntamenti all\u2019insegna della divulgazione.<\/p>\n<p>La rassegna internazionale di cinema archeologico \u00e8 organizzata dalla Fondazione Aquileia con Archeologia Viva e Firenze Archeofilm, con il sostegno di PromoTurismoFvg e di Cassa Rurale Fvg e il patrocinio di ENIT &#8211; Agenzia Nazionale del Turismo<\/p>\n<p>L\u2019evento \u00e8 realizzato in collaborazione con Ministero della Cultura, Regione Friuli Venezia Giulia, Comune di Aquileia e Basilica di Aquileia e si inserisce nel percorso verso GO! 2025.<\/p>\n<p>Tutte le serate sono a<strong> ingresso gratuito e prenotazione obbligatoria <\/strong>sulla <span style=\"text-decoration: underline;\">piattaforma Eventbrite<\/span><\/p>\n<p><strong>La Mesopotamia, Persepoli, Venezia, Iznik in Turchia, l\u2019isola di Pantelleria e l\u2019antico Egitto<\/strong> saranno i siti protagonisti delle cinque serate di <strong>cinema e archeologia<\/strong>, condotte da Giulia Pruneti, \u00a0che ci porteranno <strong>in viaggio tra i patrimoni Unesco del Mediterraneo <\/strong>con un focus particolare su cinque siti i cui beni culturali e naturalistici erano &#8211; o sono tuttora &#8211; a rischio per minacce di origine naturale e antropica.<\/p>\n<p>Fenomeni sismici, cambiamenti climatici, inquinamento e guerre rischiano infatti di impattare sull\u2019eccezionale valore universale di questi e di molti altri luoghi nel mondo ma &#8211; come vedremo nei documentari &#8211; archeologi, restauratori ed \u00e9quipe multidisciplinari di esperti si impegnano quotidianamente per preservare il patrimonio di questi luoghi unici che rappresentano l\u2019eredit\u00e0 del passato da trasmettere alle generazioni future.<\/p>\n<p>Il ricco di appuntamenti del Festival prevede ogni sera, nell\u2019intervallo tra le proiezioni dei film, le <strong>conversazioni con gli ospiti<\/strong> intervistati da <strong>Piero Pruneti<\/strong>, direttore di <em>Archeologia Viva<\/em>, su tematiche di grande attualit\u00e0.<\/p>\n<p>Di archeologia ferita nel Mediterraneo e <strong>missioni archeologiche italiane all\u2019estero<\/strong> si parler\u00e0 con <strong>Daniele Morandi Bonacossi<\/strong> nella serata di apertura il <strong>30 luglio<\/strong>.<\/p>\n<p>Sul tema della <strong>narrazione della bellezza interverr\u00e0 il 31 luglio Emilio Casalini<\/strong>, conduttore di GenerAzione Bellezza su Rai3, mentre <strong>il 1\u00b0 agosto Rita Auriemma<\/strong>, archeologa subacquea e docente di Archeologia subacquea presso il Dipartimento di Beni Culturali dell\u2019Universit\u00e0 del Salento, parler\u00e0 di archeologia dei paesaggi costieri.<\/p>\n<p><strong>Venerd\u00ec 2 agosto <\/strong>aprir\u00e0 la serata il cortometraggio fuori concorso <strong>\u201c<em>Quell\u2019incosciente di Zeno<\/em>\u201d <\/strong>prodotto da Agherose per la regia di Davide Ludovisi che indaga con ironia il romanzo che ancora oggi \u00e8 punto\u00a0di riferimento nella letteratura italiana e internazionale.<\/p>\n<p>Ospite della serata<strong> Paolo Mieli, <\/strong>giornalista, scrittore, storico, che presenter\u00e0 il suo ultimo libro \u201c<em>Il secolo autoritario. Perch\u00e9 i buoni non vincono mai<\/em>\u201d.<\/p>\n<p>Durante la serata verr\u00e0 consegnato il <strong>\u201cPremio Aquileia\u201d,<\/strong> un mosaico realizzato dalla Scuola Mosaicisti del Friuli al film pi\u00f9 votato dal pubblico.<\/p>\n<p>Dopo la pausa del fine settimana, il Festival proseguir\u00e0<strong> luned\u00ec 5 agosto con <\/strong>una <strong>serata speciale dedicata al bicentenario del Museo Egizio di Torino<\/strong> e con la presenza straordinaria del<strong> direttore Christian Greco e <\/strong>la proiezione del<strong> film evento \u201c<em>Uomini e Dei. Le meraviglie del Museo Egizio<\/em>\u201d<\/strong>.<\/p>\n<p>Evento di chiusura <strong>marted\u00ec 6 agosto alle ore 21 <\/strong>sar\u00e0 la <strong>proiezione in prima visione del <span style=\"text-decoration: underline;\"><a href=\"https:\/\/imagazine.it\/home_desk\/riccardo-muti-e-aquileia-binomio-da-emozioni\/\">filmato \u201c<em>Riccardo Muti ad Aquileia dirige il Concerto per la Pace<\/em>\u201d<\/a><\/span>.<\/strong><\/p>\n<p><strong>\u00a0<\/strong><span style=\"text-decoration: underline;\"><a href=\"https:\/\/www.fondazioneaquileia.it\/it\/eventi\/aquileia-film-festival-2024-xv-edizione-il-programma-completo\" target=\"_blank\" rel=\"noopener\"><strong>Clicca qui per il programma completo<\/strong><\/a><\/span><\/p>\n","protected":false},"excerpt":{"rendered":"<p>Cinema, archeologia, esperti si alterneranno per sei serate in un programma ricco di appuntamenti all\u2019insegna della divulgazione<\/p>\n","protected":false},"author":28,"featured_media":57548,"comment_status":"closed","ping_status":"closed","template":"","tags":[349,2197,403,261,826,58,1410],"mec_category":[48],"class_list":["post-57547","mec-events","type-mec-events","status-publish","has-post-thumbnail","hentry","tag-aquileia","tag-archeologia","tag-cinema","tag-eventi","tag-eventi-fvg","tag-festival","tag-film","mec_category-classic-art"],"_links":{"self":[{"href":"https:\/\/imagazine.it\/home_desk\/wp-json\/wp\/v2\/mec-events\/57547","targetHints":{"allow":["GET"]}}],"collection":[{"href":"https:\/\/imagazine.it\/home_desk\/wp-json\/wp\/v2\/mec-events"}],"about":[{"href":"https:\/\/imagazine.it\/home_desk\/wp-json\/wp\/v2\/types\/mec-events"}],"author":[{"embeddable":true,"href":"https:\/\/imagazine.it\/home_desk\/wp-json\/wp\/v2\/users\/28"}],"replies":[{"embeddable":true,"href":"https:\/\/imagazine.it\/home_desk\/wp-json\/wp\/v2\/comments?post=57547"}],"wp:featuredmedia":[{"embeddable":true,"href":"https:\/\/imagazine.it\/home_desk\/wp-json\/wp\/v2\/media\/57548"}],"wp:attachment":[{"href":"https:\/\/imagazine.it\/home_desk\/wp-json\/wp\/v2\/media?parent=57547"}],"wp:term":[{"taxonomy":"post_tag","embeddable":true,"href":"https:\/\/imagazine.it\/home_desk\/wp-json\/wp\/v2\/tags?post=57547"},{"taxonomy":"mec_category","embeddable":true,"href":"https:\/\/imagazine.it\/home_desk\/wp-json\/wp\/v2\/mec_category?post=57547"}],"curies":[{"name":"wp","href":"https:\/\/api.w.org\/{rel}","templated":true}]}}

<p>Al via la XV edizione dell’Aquileia Film Festival che <strong>si aprirà martedì 30 luglio alle 21 in piazza Capitolo ad Aquileia e proseguirà fino a martedì 6 agosto.</strong></p>
<p><strong>Cinema, archeologia, esperti</strong> si alterneranno per <strong>sei serate</strong> in un programma ricco di appuntamenti all’insegna della divulgazione.</p>
<p>La rassegna internazionale di cinema archeologico è organizzata dalla Fondazione Aquileia con Archeologia Viva e Firenze Archeofilm, con il sostegno di PromoTurismoFvg e di Cassa Rurale Fvg e il patrocinio di ENIT &#8211; Agenzia Nazionale del Turismo</p>
<p>L’evento è realizzato in collaborazione con Ministero della Cultura, Regione Friuli Venezia Giulia, Comune di Aquileia e Basilica di Aquileia e si inserisce nel percorso verso GO! 2025.</p>
<p>Tutte le serate sono a<strong> ingresso gratuito e prenotazione obbligatoria </strong>sulla <span style="text-decoration: underline;">piattaforma Eventbrite</span></p>
<p><strong>La Mesopotamia, Persepoli, Venezia, Iznik in Turchia, l’isola di Pantelleria e l’antico Egitto</strong> saranno i siti protagonisti delle cinque serate di <strong>cinema e archeologia</strong>, condotte da Giulia Pruneti,  che ci porteranno <strong>in viaggio tra i patrimoni Unesco del Mediterraneo </strong>con un focus particolare su cinque siti i cui beni culturali e naturalistici erano &#8211; o sono tuttora &#8211; a rischio per minacce di origine naturale e antropica.</p>
<p>Fenomeni sismici, cambiamenti climatici, inquinamento e guerre rischiano infatti di impattare sull’eccezionale valore universale di questi e di molti altri luoghi nel mondo ma &#8211; come vedremo nei documentari &#8211; archeologi, restauratori ed équipe multidisciplinari di esperti si impegnano quotidianamente per preservare il patrimonio di questi luoghi unici che rappresentano l’eredità del passato da trasmettere alle generazioni future.</p>
<p>Il ricco di appuntamenti del Festival prevede ogni sera, nell’intervallo tra le proiezioni dei film, le <strong>conversazioni con gli ospiti</strong> intervistati da <strong>Piero Pruneti</strong>, direttore di <em>Archeologia Viva</em>, su tematiche di grande attualità.</p>
<p>Di archeologia ferita nel Mediterraneo e <strong>missioni archeologiche italiane all’estero</strong> si parlerà con <strong>Daniele Morandi Bonacossi</strong> nella serata di apertura il <strong>30 luglio</strong>.</p>
<p>Sul tema della <strong>narrazione della bellezza interverrà il 31 luglio Emilio Casalini</strong>, conduttore di GenerAzione Bellezza su Rai3, mentre <strong>il 1° agosto Rita Auriemma</strong>, archeologa subacquea e docente di Archeologia subacquea presso il Dipartimento di Beni Culturali dell’Università del Salento, parlerà di archeologia dei paesaggi costieri.</p>
<p><strong>Venerdì 2 agosto </strong>aprirà la serata il cortometraggio fuori concorso <strong>“<em>Quell’incosciente di Zeno</em>” </strong>prodotto da Agherose per la regia di Davide Ludovisi che indaga con ironia il romanzo che ancora oggi è punto di riferimento nella letteratura italiana e internazionale.</p>
<p>Ospite della serata<strong> Paolo Mieli, </strong>giornalista, scrittore, storico, che presenterà il suo ultimo libro “<em>Il secolo autoritario. Perché i buoni non vincono mai</em>”.</p>
<p>Durante la serata verrà consegnato il <strong>“Premio Aquileia”,</strong> un mosaico realizzato dalla Scuola Mosaicisti del Friuli al film più votato dal pubblico.</p>
<p>Dopo la pausa del fine settimana, il Festival proseguirà<strong> lunedì 5 agosto con </strong>una <strong>serata speciale dedicata al bicentenario del Museo Egizio di Torino</strong> e con la presenza straordinaria del<strong> direttore Christian Greco e </strong>la proiezione del<strong> film evento “<em>Uomini e Dei. Le meraviglie del Museo Egizio</em>”</strong>.</p>
<p>Evento di chiusura <strong>martedì 6 agosto alle ore 21 </strong>sarà la <strong>proiezione in prima visione del <span style="text-decoration: underline;"><a href="https://imagazine.it/home_desk/riccardo-muti-e-aquileia-binomio-da-emozioni/">filmato “<em>Riccardo Muti ad Aquileia dirige il Concerto per la Pace</em>”</a></span>.</strong></p>
<p><strong> </strong><span style="text-decoration: underline;"><a href="https://www.fondazioneaquileia.it/it/eventi/aquileia-film-festival-2024-xv-edizione-il-programma-completo" target="_blank" rel="noopener"><strong>Clicca qui per il programma completo</strong></a></span></p>
