{"id":57506,"date":"2024-07-26T15:48:49","date_gmt":"2024-07-26T13:48:49","guid":{"rendered":"https:\/\/imagazine.it\/home_desk\/?post_type=mec-events&#038;p=57506"},"modified":"2024-08-01T09:34:48","modified_gmt":"2024-08-01T07:34:48","slug":"lo-show-dei-motori-si-riprende-cervignano","status":"publish","type":"mec-events","link":"https:\/\/imagazine.it\/home_desk\/events\/lo-show-dei-motori-si-riprende-cervignano\/","title":{"rendered":"Lo show dei motori si riprende Cervignano"},"content":{"rendered":"<p>Dopo uno stop di oltre 4 anni, la <strong>Pro Loco di Cervignano del Friuli APS<\/strong> organizza, in collaborazione con alcune associazioni motoristiche friulane, il <strong>Cervignano Motor Festival<\/strong>, unica manifestazione motoristica su due e quattro ruote della Bassa friulana.<\/p>\n<p>\u201cDa oltre 4 mesi \u2013 spiega la presidente della Pro Loco, <strong>Elisabetta Nicola<\/strong> \u2013 siamo al lavoro per realizzare questo immenso spettacolo. Nell\u2019ultima edizione del 2019 c\u2019\u00e8 stata una presenza di migliaia di persone in due giorni, con grandi soddisfazioni grazie anche allo spirito collaborativo tra tutte le associazioni. La burocrazia \u00e8 immane, si lavora incessantemente solo per questo, ma la sicurezza per i piloti e gli spettatori prevale sulla manifestazione e le norme di sicurezza devono essere condivise e supportate da tutti\u201d.<\/p>\n<p>L\u2019evento, a ingresso gratuito, si svolger\u00e0 <strong>sabato 7 e domenica 8 settembre<\/strong> presso il centro commerciale \u201cLe Rogge\u201d in via Costantino Dardi a Cervignano.<\/p>\n<h3>Memorial Benny<\/h3>\n<p>\u201c\u00c8 un\u2019occasione molto speciale: vogliamo infatti ricordare un amico che ci ha accompagnato nelle scorse edizioni, Benedetto \u201cBenny\u201d Savio, che al Motor Festival dedicava la sua simpatia e la sua professionalit\u00e0\u201d, aggiunge Nicola, anticipando che a Cervignano Motor Festival verr\u00e0 aggiunta la dicitura \u201c<em>Memorial Benny<\/em>\u201d. \u201cEra lo speaker per eccellenza di molte iniziative motoristiche, conosceva tutto, piloti e auto, non c\u2019era un momento di silenzio, con lui era una telecronaca a 360\u00b0 e questo Motor Festival lo dedicheremo a lui\u201d.<\/p>\n<p>L\u2019unicit\u00e0 della manifestazione \u00e8 rappresentata dalla possibilit\u00e0 per il singolo, a basso costo, di poter correre in sicurezza nello spazio ideato per la propria passione sportiva.<\/p>\n<p>La manifestazione, si precisa, ha comunque un carattere aggregativo\/ricreativo\/dimostrativo e non agonistico, fermo restando le dotazioni che ogni singolo pilota dovr\u00e0 avere per l\u2019entrata nel circuito da lui scelto. Regolamento e prescrizioni sono volute con supporto Aci Sport di cui viene chiesta licenza.<\/p>\n<h3>Prove a 2 e 4 ruote<\/h3>\n<p>L\u2019evento prevedr\u00e0 giri liberi su un percorso ovale di circa 1 km e mezzo su asfalto; esibizione con veicoli da drifting, rally, formula 3000, stuntman e kart; possibilit\u00e0 di poter provare i veicoli con il taxi driver; 2 circuiti da sterrato (su di uno spazio di circa 10000 mq) per fuoristrada, enduro, quad; pista kart per bambini esposizione di moto a cura del <strong>Moto Club Centauri Bassa Friulana<\/strong>.<\/p>\n<p>A contorno, ci sar\u00e0 una esposizione statica di mezzi particolari auto di un certo \u201cspessore\u201d grazie a MV CARS DETAILING azienda che si prende cura dei mezzi a due e quattro ruote.<\/p>\n<p>Ci saranno poi concessionarie, raduno auto d\u2019epoca, chioschi enogastronomici aperti tutto il giorno con pasta, griglia e panini e serata all\u2019insegna del divertimento e della musica dal vivo con il gruppo di <strong>Cindy &amp; the Rock<\/strong>, che ha aperto il concerto di Vasco Rossi a Milano.<\/p>\n<p>Anche quest\u2019anno ci sar\u00e0 il Simulatore professionale su una Ford Fiesta WRC.<\/p>\n<p>A fine evento verranno premiati i primi 3 migliori tempi delle diverse prove speciali. Importante novit\u00e0 quest\u2019anno la collaborazione con il <strong>Power Team Asd<\/strong> per un evento Freestyle che consiste nello svolgimento di una serie di esibizioni e show di motocross eseguiti da piloti professionisti che si esibiscono in tutta Europa. Previsti tre spettacoli al giorno tra cui uno sabato sera in notturna alle ore 21.<\/p>\n<p>Tutto potr\u00e0 anche essere ammirato dall\u2019alto con viaggi panoramici grazie a EliFriulia, giro in elicottero per emozioni sempre pi\u00f9 coinvolgenti, su prenotazione.<\/p>\n<p>Per iscrizioni e\/o informazioni info@prolococervignanofvg.it oppure <a href=\"mailto:cmf.proloco@gmail.com\">cmf.proloco@gmail.com<\/a><\/p>\n<p><img loading=\"lazy\" decoding=\"async\" class=\"aligncenter size-large wp-image-57507\" src=\"https:\/\/imagazine.it\/wp-content\/uploads\/2024\/07\/WhatsApp-Image-2024-07-24-at-10.18.04-722x1024.jpeg\" alt=\"\" width=\"640\" height=\"908\" title=\"\" srcset=\"https:\/\/imagazine.it\/wp-content\/uploads\/2024\/07\/WhatsApp-Image-2024-07-24-at-10.18.04-722x1024.jpeg 722w, https:\/\/imagazine.it\/wp-content\/uploads\/2024\/07\/WhatsApp-Image-2024-07-24-at-10.18.04-211x300.jpeg 211w, https:\/\/imagazine.it\/wp-content\/uploads\/2024\/07\/WhatsApp-Image-2024-07-24-at-10.18.04-768x1090.jpeg 768w, https:\/\/imagazine.it\/wp-content\/uploads\/2024\/07\/WhatsApp-Image-2024-07-24-at-10.18.04.jpeg 800w\" sizes=\"auto, (max-width: 640px) 100vw, 640px\" \/><\/p>\n","protected":false},"excerpt":{"rendered":"<p>Dopo quattro anni torna il Motor Festival. Un intero fine settimana di prove e spettacoli su 2 e 4 ruote. Con voli in elicottero ed esibizione di piloti professionisti<\/p>\n","protected":false},"author":28,"featured_media":57508,"comment_status":"closed","ping_status":"closed","template":"","tags":[1287,119,1901,261,826,1286,898],"mec_category":[91],"class_list":["post-57506","mec-events","type-mec-events","status-publish","has-post-thumbnail","hentry","tag-auto","tag-cervignano","tag-esibizioni","tag-eventi","tag-eventi-fvg","tag-moto","tag-motori","mec_category-sport"],"_links":{"self":[{"href":"https:\/\/imagazine.it\/home_desk\/wp-json\/wp\/v2\/mec-events\/57506","targetHints":{"allow":["GET"]}}],"collection":[{"href":"https:\/\/imagazine.it\/home_desk\/wp-json\/wp\/v2\/mec-events"}],"about":[{"href":"https:\/\/imagazine.it\/home_desk\/wp-json\/wp\/v2\/types\/mec-events"}],"author":[{"embeddable":true,"href":"https:\/\/imagazine.it\/home_desk\/wp-json\/wp\/v2\/users\/28"}],"replies":[{"embeddable":true,"href":"https:\/\/imagazine.it\/home_desk\/wp-json\/wp\/v2\/comments?post=57506"}],"wp:featuredmedia":[{"embeddable":true,"href":"https:\/\/imagazine.it\/home_desk\/wp-json\/wp\/v2\/media\/57508"}],"wp:attachment":[{"href":"https:\/\/imagazine.it\/home_desk\/wp-json\/wp\/v2\/media?parent=57506"}],"wp:term":[{"taxonomy":"post_tag","embeddable":true,"href":"https:\/\/imagazine.it\/home_desk\/wp-json\/wp\/v2\/tags?post=57506"},{"taxonomy":"mec_category","embeddable":true,"href":"https:\/\/imagazine.it\/home_desk\/wp-json\/wp\/v2\/mec_category?post=57506"}],"curies":[{"name":"wp","href":"https:\/\/api.w.org\/{rel}","templated":true}]}}

<p>Dopo uno stop di oltre 4 anni, la <strong>Pro Loco di Cervignano del Friuli APS</strong> organizza, in collaborazione con alcune associazioni motoristiche friulane, il <strong>Cervignano Motor Festival</strong>, unica manifestazione motoristica su due e quattro ruote della Bassa friulana.</p>
<p>“Da oltre 4 mesi – spiega la presidente della Pro Loco, <strong>Elisabetta Nicola</strong> – siamo al lavoro per realizzare questo immenso spettacolo. Nell’ultima edizione del 2019 c’è stata una presenza di migliaia di persone in due giorni, con grandi soddisfazioni grazie anche allo spirito collaborativo tra tutte le associazioni. La burocrazia è immane, si lavora incessantemente solo per questo, ma la sicurezza per i piloti e gli spettatori prevale sulla manifestazione e le norme di sicurezza devono essere condivise e supportate da tutti”.</p>
<p>L’evento, a ingresso gratuito, si svolgerà <strong>sabato 7 e domenica 8 settembre</strong> presso il centro commerciale “Le Rogge” in via Costantino Dardi a Cervignano.</p>
<h3>Memorial Benny</h3>
<p>“È un’occasione molto speciale: vogliamo infatti ricordare un amico che ci ha accompagnato nelle scorse edizioni, Benedetto “Benny” Savio, che al Motor Festival dedicava la sua simpatia e la sua professionalità”, aggiunge Nicola, anticipando che a Cervignano Motor Festival verrà aggiunta la dicitura “<em>Memorial Benny</em>”. “Era lo speaker per eccellenza di molte iniziative motoristiche, conosceva tutto, piloti e auto, non c’era un momento di silenzio, con lui era una telecronaca a 360° e questo Motor Festival lo dedicheremo a lui”.</p>
<p>L’unicità della manifestazione è rappresentata dalla possibilità per il singolo, a basso costo, di poter correre in sicurezza nello spazio ideato per la propria passione sportiva.</p>
<p>La manifestazione, si precisa, ha comunque un carattere aggregativo/ricreativo/dimostrativo e non agonistico, fermo restando le dotazioni che ogni singolo pilota dovrà avere per l’entrata nel circuito da lui scelto. Regolamento e prescrizioni sono volute con supporto Aci Sport di cui viene chiesta licenza.</p>
<h3>Prove a 2 e 4 ruote</h3>
<p>L’evento prevedrà giri liberi su un percorso ovale di circa 1 km e mezzo su asfalto; esibizione con veicoli da drifting, rally, formula 3000, stuntman e kart; possibilità di poter provare i veicoli con il taxi driver; 2 circuiti da sterrato (su di uno spazio di circa 10000 mq) per fuoristrada, enduro, quad; pista kart per bambini esposizione di moto a cura del <strong>Moto Club Centauri Bassa Friulana</strong>.</p>
<p>A contorno, ci sarà una esposizione statica di mezzi particolari auto di un certo “spessore” grazie a MV CARS DETAILING azienda che si prende cura dei mezzi a due e quattro ruote.</p>
<p>Ci saranno poi concessionarie, raduno auto d’epoca, chioschi enogastronomici aperti tutto il giorno con pasta, griglia e panini e serata all’insegna del divertimento e della musica dal vivo con il gruppo di <strong>Cindy &amp; the Rock</strong>, che ha aperto il concerto di Vasco Rossi a Milano.</p>
<p>Anche quest’anno ci sarà il Simulatore professionale su una Ford Fiesta WRC.</p>
<p>A fine evento verranno premiati i primi 3 migliori tempi delle diverse prove speciali. Importante novità quest’anno la collaborazione con il <strong>Power Team Asd</strong> per un evento Freestyle che consiste nello svolgimento di una serie di esibizioni e show di motocross eseguiti da piloti professionisti che si esibiscono in tutta Europa. Previsti tre spettacoli al giorno tra cui uno sabato sera in notturna alle ore 21.</p>
<p>Tutto potrà anche essere ammirato dall’alto con viaggi panoramici grazie a EliFriulia, giro in elicottero per emozioni sempre più coinvolgenti, su prenotazione.</p>
<p>Per iscrizioni e/o informazioni info@prolococervignanofvg.it oppure <a href="mailto:cmf.proloco@gmail.com">cmf.proloco@gmail.com</a></p>
<p><img loading="lazy" decoding="async" class="aligncenter size-large wp-image-57507" src="https://imagazine.it/wp-content/uploads/2024/07/WhatsApp-Image-2024-07-24-at-10.18.04-722x1024.jpeg" alt="" width="640" height="908" title="" srcset="https://imagazine.it/wp-content/uploads/2024/07/WhatsApp-Image-2024-07-24-at-10.18.04-722x1024.jpeg 722w, https://imagazine.it/wp-content/uploads/2024/07/WhatsApp-Image-2024-07-24-at-10.18.04-211x300.jpeg 211w, https://imagazine.it/wp-content/uploads/2024/07/WhatsApp-Image-2024-07-24-at-10.18.04-768x1090.jpeg 768w, https://imagazine.it/wp-content/uploads/2024/07/WhatsApp-Image-2024-07-24-at-10.18.04.jpeg 800w" sizes="auto, (max-width: 640px) 100vw, 640px" /></p>
