{"id":57355,"date":"2024-07-22T16:47:46","date_gmt":"2024-07-22T14:47:46","guid":{"rendered":"https:\/\/imagazine.it\/home_desk\/?post_type=mec-events&#038;p=57355"},"modified":"2024-07-22T16:47:46","modified_gmt":"2024-07-22T14:47:46","slug":"lalfabeto-del-900-arriva-a-gorizia","status":"publish","type":"mec-events","link":"https:\/\/imagazine.it\/home_desk\/events\/lalfabeto-del-900-arriva-a-gorizia\/","title":{"rendered":"L&#8217;Alfabeto del &#8216;900 arriva a Gorizia"},"content":{"rendered":"<p>La storia del <strong>Novecento<\/strong> <strong>del Friuli Venezia Giulia<\/strong> diventa un <strong>Alfabeto<\/strong> del tutto speciale, una <strong>mappa interattiva composta di 26 lettere<\/strong> per evocare altrettanti aneddoti, personaggi, eventi e luoghi che hanno scandito, nel tempo, l\u2019identit\u00e0 e le vicissitudini del territorio.<\/p>\n<p>Un patrimonio di memoria, racconti e suggestioni raccolti in queste settimane nei centri che hanno aderito al progetto &#8211; Udine, Fagagna, Martignacco, Tavagnacco e Gorizia, che sar\u00e0 sede dell\u2019ultima tappa in programma <strong>gioved\u00ec 25 luglio <\/strong>&#8211; attraverso cinque eventi nei quali sono stati coinvolti, e interverranno gioved\u00ec prossimo tanti giovani e tante famiglie.<\/p>\n<p>Un lavoro corale e un affascinante itinerario tra scrittura, disegno e fotografia promosso dalla <strong>cooperativa D<\/strong><strong>amatr\u00e0<\/strong> e guidato dall\u2019autrice e artista <strong>Chiara Carminati<\/strong>, Premio Strega Ragazzi, scrittrice pluripremiata e apprezzata per la sua creativa sensibilit\u00e0.<\/p>\n<p>Insieme a lei hanno costruito il progetto dell\u2019Alfabeto del Novecento il giovane storico <strong>Diego Compagnoni<\/strong> e il fotografo <strong>Bartolomeo Ross<\/strong>i, stimolando e congiungendo i contributi arrivati nel corso degli incontri e dei laboratori da giovani e adulti, grazie alle trame di un progetto che tesse nuovi legami tra la Storia e le storie.<\/p>\n<h3>L&#8217;ultima tappa<\/h3>\n<p>L\u2019ultima tappa di<strong> \u201c<em>Alfabeto del 900<\/em>\u201d<\/strong>, resa possibile dalla collaborazione con il Comune di Gorizia Servizio delle Attivit\u00e0 Educative e\u00a0Scolastiche, \u00e8 in programma gioved\u00ec 25 luglio a<strong> Gorizia<\/strong>, nel suggestivo dedalo di strade cittadine della zona dell\u2019<strong>ex Ghetto ebraico, fra via Ascoli e il Giardino Bruno Faber,<\/strong> dedicato al pi\u00f9 giovane goriziano deportato e ucciso ad <strong>Auschwitz <\/strong>all\u2019et\u00e0 di soli 3 mesi e 19 giorni.<\/p>\n<p>Posto proprio a fianco della Sinagoga ebraica, il Giardino Faber \u00e8 delimitato da un cancello settecentesco in ferro battuto proveniente dalla casa Ascoli, ritenuto l\u2019antico portone del ghetto di Gorizia.<\/p>\n<p><strong>Nel giardino<\/strong> \u00e8 stato realizzato un percorso di \u201carte ambientale\u201d destinato ai bambini, con <strong>una installazione<\/strong> di <strong>Emanuele Luzzati<\/strong>.<\/p>\n<h3>La giornata<\/h3>\n<p>Appuntamento alle 10 a Casa Ascoli dove, grazie agli esperti della<strong> Societ\u00e0 Filologica Friulana, <\/strong>bambini e ragazzi potranno scoprire l\u2019affascinante crocevia di lingue e sonorit\u00e0 che abitava, e abita ancora, la citt\u00e0. Da qui si partir\u00e0 poi a caccia di tracce del passato e personaggi da scoprire, con esplorazioni disegnate e una<strong> silenziosa ricerca fotografica insieme all\u2019artista Virginia Di Lazzaro e al fotografo Bartolomeo Rossi<\/strong>.<\/p>\n<p>Dalle 14 alle 16<strong> tutti \u201cA pesca nelle storie\u201d con il laboratorio di giochi di parole condotto da Chiara Carminati<\/strong>, che setaccer\u00e0 insieme al pubblico le vicende vere, quelle riscoperte e quelle immaginate: \u00ab<strong>Dalle narrazioni storiche e dal racconto delle storie che hanno abitato i luoghi del progetto, nascono i giochi di parole che ci aiuteranno a sintetizzare gli aspetti pi\u00f9 suggestivi, da tramandare attraverso un inconfondibile filtro creativo \u2013 spiega la scrittrice Carminati -.<\/strong> Insieme ai partecipanti sperimenteremo acrostici, tautogrammi e alfabeti figurati, ma soprattutto la soggettivit\u00e0 di ciascuno: diventer\u00e0 una vera e propria \u201crete da pesca\u201d: ognuno di noi trattiene infatti, da ogni storia, i contenuti che ritiene pi\u00f9 significativi, e che spesso si collegano al proprio vissuto personale. Tutto questo diventa patrimonio condiviso <strong>grazie agli \u201cami\u201d della scrittura creativa<\/strong>\u00bb.<\/p>\n<p>Il laboratorio di scrittura si svolger\u00e0 presso il <strong>Centro Lenassi<\/strong>.<\/p>\n<p>Fra le storie finora \u201cpescate\u201d: <strong>c\u2019\u00e8 la G che ci riporta alle Galline<\/strong> allevate da Caterina Tomba, la famosa \u201cCatine\u201d della Cjase di Fagagna, c\u2019\u00e8 <strong>la S che racconta degli oltre Sessanta abitanti della casa<\/strong>: una comunit\u00e0 operosa dove ciascuno aveva il suo compito, anche i bambini. Un tuffo in un passato non cos\u00ec lontano, ma che per i giovani protagonisti della \u201cCaccia alle storie\u201d significa atterrare in un altro pianeta.<\/p>\n","protected":false},"excerpt":{"rendered":"<p>La scrittrice Chiara Carminati protagonista dell&#8217;ultima tappa del progetto itinerante che ha coinvolto 5 centri del FVG<\/p>\n","protected":false},"author":28,"featured_media":57356,"comment_status":"closed","ping_status":"closed","template":"","tags":[546,261,826,83,43,1585],"mec_category":[71],"class_list":["post-57355","mec-events","type-mec-events","status-publish","has-post-thumbnail","hentry","tag-bambini","tag-eventi","tag-eventi-fvg","tag-giovani","tag-gorizia","tag-laboratori","mec_category-young"],"_links":{"self":[{"href":"https:\/\/imagazine.it\/home_desk\/wp-json\/wp\/v2\/mec-events\/57355","targetHints":{"allow":["GET"]}}],"collection":[{"href":"https:\/\/imagazine.it\/home_desk\/wp-json\/wp\/v2\/mec-events"}],"about":[{"href":"https:\/\/imagazine.it\/home_desk\/wp-json\/wp\/v2\/types\/mec-events"}],"author":[{"embeddable":true,"href":"https:\/\/imagazine.it\/home_desk\/wp-json\/wp\/v2\/users\/28"}],"replies":[{"embeddable":true,"href":"https:\/\/imagazine.it\/home_desk\/wp-json\/wp\/v2\/comments?post=57355"}],"wp:featuredmedia":[{"embeddable":true,"href":"https:\/\/imagazine.it\/home_desk\/wp-json\/wp\/v2\/media\/57356"}],"wp:attachment":[{"href":"https:\/\/imagazine.it\/home_desk\/wp-json\/wp\/v2\/media?parent=57355"}],"wp:term":[{"taxonomy":"post_tag","embeddable":true,"href":"https:\/\/imagazine.it\/home_desk\/wp-json\/wp\/v2\/tags?post=57355"},{"taxonomy":"mec_category","embeddable":true,"href":"https:\/\/imagazine.it\/home_desk\/wp-json\/wp\/v2\/mec_category?post=57355"}],"curies":[{"name":"wp","href":"https:\/\/api.w.org\/{rel}","templated":true}]}}

<p>La storia del <strong>Novecento</strong> <strong>del Friuli Venezia Giulia</strong> diventa un <strong>Alfabeto</strong> del tutto speciale, una <strong>mappa interattiva composta di 26 lettere</strong> per evocare altrettanti aneddoti, personaggi, eventi e luoghi che hanno scandito, nel tempo, l’identità e le vicissitudini del territorio.</p>
<p>Un patrimonio di memoria, racconti e suggestioni raccolti in queste settimane nei centri che hanno aderito al progetto &#8211; Udine, Fagagna, Martignacco, Tavagnacco e Gorizia, che sarà sede dell’ultima tappa in programma <strong>giovedì 25 luglio </strong>&#8211; attraverso cinque eventi nei quali sono stati coinvolti, e interverranno giovedì prossimo tanti giovani e tante famiglie.</p>
<p>Un lavoro corale e un affascinante itinerario tra scrittura, disegno e fotografia promosso dalla <strong>cooperativa D</strong><strong>amatrà</strong> e guidato dall’autrice e artista <strong>Chiara Carminati</strong>, Premio Strega Ragazzi, scrittrice pluripremiata e apprezzata per la sua creativa sensibilità.</p>
<p>Insieme a lei hanno costruito il progetto dell’Alfabeto del Novecento il giovane storico <strong>Diego Compagnoni</strong> e il fotografo <strong>Bartolomeo Ross</strong>i, stimolando e congiungendo i contributi arrivati nel corso degli incontri e dei laboratori da giovani e adulti, grazie alle trame di un progetto che tesse nuovi legami tra la Storia e le storie.</p>
<h3>L&#8217;ultima tappa</h3>
<p>L’ultima tappa di<strong> “<em>Alfabeto del 900</em>”</strong>, resa possibile dalla collaborazione con il Comune di Gorizia Servizio delle Attività Educative e Scolastiche, è in programma giovedì 25 luglio a<strong> Gorizia</strong>, nel suggestivo dedalo di strade cittadine della zona dell’<strong>ex Ghetto ebraico, fra via Ascoli e il Giardino Bruno Faber,</strong> dedicato al più giovane goriziano deportato e ucciso ad <strong>Auschwitz </strong>all’età di soli 3 mesi e 19 giorni.</p>
<p>Posto proprio a fianco della Sinagoga ebraica, il Giardino Faber è delimitato da un cancello settecentesco in ferro battuto proveniente dalla casa Ascoli, ritenuto l’antico portone del ghetto di Gorizia.</p>
<p><strong>Nel giardino</strong> è stato realizzato un percorso di “arte ambientale” destinato ai bambini, con <strong>una installazione</strong> di <strong>Emanuele Luzzati</strong>.</p>
<h3>La giornata</h3>
<p>Appuntamento alle 10 a Casa Ascoli dove, grazie agli esperti della<strong> Società Filologica Friulana, </strong>bambini e ragazzi potranno scoprire l’affascinante crocevia di lingue e sonorità che abitava, e abita ancora, la città. Da qui si partirà poi a caccia di tracce del passato e personaggi da scoprire, con esplorazioni disegnate e una<strong> silenziosa ricerca fotografica insieme all’artista Virginia Di Lazzaro e al fotografo Bartolomeo Rossi</strong>.</p>
<p>Dalle 14 alle 16<strong> tutti “A pesca nelle storie” con il laboratorio di giochi di parole condotto da Chiara Carminati</strong>, che setaccerà insieme al pubblico le vicende vere, quelle riscoperte e quelle immaginate: «<strong>Dalle narrazioni storiche e dal racconto delle storie che hanno abitato i luoghi del progetto, nascono i giochi di parole che ci aiuteranno a sintetizzare gli aspetti più suggestivi, da tramandare attraverso un inconfondibile filtro creativo – spiega la scrittrice Carminati -.</strong> Insieme ai partecipanti sperimenteremo acrostici, tautogrammi e alfabeti figurati, ma soprattutto la soggettività di ciascuno: diventerà una vera e propria “rete da pesca”: ognuno di noi trattiene infatti, da ogni storia, i contenuti che ritiene più significativi, e che spesso si collegano al proprio vissuto personale. Tutto questo diventa patrimonio condiviso <strong>grazie agli “ami” della scrittura creativa</strong>».</p>
<p>Il laboratorio di scrittura si svolgerà presso il <strong>Centro Lenassi</strong>.</p>
<p>Fra le storie finora “pescate”: <strong>c’è la G che ci riporta alle Galline</strong> allevate da Caterina Tomba, la famosa “Catine” della Cjase di Fagagna, c’è <strong>la S che racconta degli oltre Sessanta abitanti della casa</strong>: una comunità operosa dove ciascuno aveva il suo compito, anche i bambini. Un tuffo in un passato non così lontano, ma che per i giovani protagonisti della “Caccia alle storie” significa atterrare in un altro pianeta.</p>
