{"id":57063,"date":"2024-07-10T17:29:46","date_gmt":"2024-07-10T15:29:46","guid":{"rendered":"https:\/\/imagazine.it\/home_desk\/?post_type=mec-events&#038;p=57063"},"modified":"2024-07-10T17:29:46","modified_gmt":"2024-07-10T15:29:46","slug":"danze-multietniche-nel-cuore-di-cervignano","status":"publish","type":"mec-events","link":"https:\/\/imagazine.it\/home_desk\/events\/danze-multietniche-nel-cuore-di-cervignano\/","title":{"rendered":"Danze multietniche nel cuore di Cervignano"},"content":{"rendered":"<p>Giro di boa con il suo quarto fine settimana per il Ballo in Piazza 2024 a Cervignano del Friuli.<\/p>\n<p>La manifestazione \u00e8 iniziata il 14 giugno e ha visto alternarsi sul lastricato al centro del giardino di piazza Indipendenza ballerini di ogni generazione, dai 3 agli oltre 80 anni, provenienti dalle scuole di danza della cittadina che hanno proposto serate di ballo sociale, esibizioni e lezioni dimostrative.<\/p>\n<p>La manifestazione \u00e8 organizzata dal <strong>Comune di Cervignano<\/strong> in collaborazione con l\u2019associazione <strong>Gente que S\u00ec<\/strong> e coinvolge altre associazioni operative sul territorio: Avenal, Be Happy, Caraibici-Kizomba Social Group. Country dance Iron Boot, Dos por Cuatro, Fitmania e G&amp;S Dance Academy.<\/p>\n<p>Venerd\u00ec 12 luglio si terr\u00e0 la <strong>serata multietnica<\/strong>: un alternarsi di danze popolari internazionali ballate da Cervignanesi provenienti da Afghanistan, Albania, Argentina, Cuba, Friuli, Iraq, Messico, Pakistan, Thailandia e Turchia.<\/p>\n<p>\u201cLo scopo della serata \u2013 spiega <strong>Milena Vrech<\/strong> dell\u2019associazione Gente que S\u00ec \u2013 non \u00e8 presentare al pubblico uno spettacolo di folklore a livello professionale, ma coinvolgere in un divenire di tradizioni e sonorit\u00e0 molto diverse, le persone che saranno in piazza con noi. Il Ballo in Piazza infatti \u00e8 una manifestazione fatta da Cervignano per Cervignano, aperta ad accogliere chi arriva da fuori\u201d.<\/p>\n<p>\u201cCome amministrazione, siamo molto contenti di aver organizzato, con il prezioso lavoro dell\u2019associazione sportiva Gente Che S\u00ec, che ringrazio, la serata di ballo che si svolger\u00e0 venerd\u00ec 12 luglio nella nostra Piazza Indipendenza. Luogo che \u00e8 il cuore di Cervignano e punto d\u2019incontro quotidiano di tante persone di tutte le et\u00e0 e delle varie etnie presenti da anni nel nostro territorio. Questo evento vuole rappresentare un modo per attivare uno scambio interculturale, volto anche all\u2019integrazione sociale, che pu\u00f2 esprimersi pure attraverso il divertimento e l\u2019arte della danza\u201d, aggiunge la vicesindaca <strong>Laura Centore<\/strong>.<\/p>\n<p><em>Livio Nonis<\/em><\/p>\n","protected":false},"excerpt":{"rendered":"<p>Protagonisti cervignanesi provenienti da Afghanistan, Albania, Argentina, Cuba, Friuli, Iraq, Messico, Pakistan, Thailandia e Turchia<\/p>\n","protected":false},"author":22,"featured_media":57064,"comment_status":"closed","ping_status":"closed","template":"","tags":[1403,119,49,261,826],"mec_category":[131],"class_list":["post-57063","mec-events","type-mec-events","status-publish","has-post-thumbnail","hentry","tag-ballo","tag-cervignano","tag-danza","tag-eventi","tag-eventi-fvg","mec_category-discovery"],"_links":{"self":[{"href":"https:\/\/imagazine.it\/home_desk\/wp-json\/wp\/v2\/mec-events\/57063","targetHints":{"allow":["GET"]}}],"collection":[{"href":"https:\/\/imagazine.it\/home_desk\/wp-json\/wp\/v2\/mec-events"}],"about":[{"href":"https:\/\/imagazine.it\/home_desk\/wp-json\/wp\/v2\/types\/mec-events"}],"author":[{"embeddable":true,"href":"https:\/\/imagazine.it\/home_desk\/wp-json\/wp\/v2\/users\/22"}],"replies":[{"embeddable":true,"href":"https:\/\/imagazine.it\/home_desk\/wp-json\/wp\/v2\/comments?post=57063"}],"wp:featuredmedia":[{"embeddable":true,"href":"https:\/\/imagazine.it\/home_desk\/wp-json\/wp\/v2\/media\/57064"}],"wp:attachment":[{"href":"https:\/\/imagazine.it\/home_desk\/wp-json\/wp\/v2\/media?parent=57063"}],"wp:term":[{"taxonomy":"post_tag","embeddable":true,"href":"https:\/\/imagazine.it\/home_desk\/wp-json\/wp\/v2\/tags?post=57063"},{"taxonomy":"mec_category","embeddable":true,"href":"https:\/\/imagazine.it\/home_desk\/wp-json\/wp\/v2\/mec_category?post=57063"}],"curies":[{"name":"wp","href":"https:\/\/api.w.org\/{rel}","templated":true}]}}

<p>Giro di boa con il suo quarto fine settimana per il Ballo in Piazza 2024 a Cervignano del Friuli.</p>
<p>La manifestazione è iniziata il 14 giugno e ha visto alternarsi sul lastricato al centro del giardino di piazza Indipendenza ballerini di ogni generazione, dai 3 agli oltre 80 anni, provenienti dalle scuole di danza della cittadina che hanno proposto serate di ballo sociale, esibizioni e lezioni dimostrative.</p>
<p>La manifestazione è organizzata dal <strong>Comune di Cervignano</strong> in collaborazione con l’associazione <strong>Gente que Sì</strong> e coinvolge altre associazioni operative sul territorio: Avenal, Be Happy, Caraibici-Kizomba Social Group. Country dance Iron Boot, Dos por Cuatro, Fitmania e G&amp;S Dance Academy.</p>
<p>Venerdì 12 luglio si terrà la <strong>serata multietnica</strong>: un alternarsi di danze popolari internazionali ballate da Cervignanesi provenienti da Afghanistan, Albania, Argentina, Cuba, Friuli, Iraq, Messico, Pakistan, Thailandia e Turchia.</p>
<p>“Lo scopo della serata – spiega <strong>Milena Vrech</strong> dell’associazione Gente que Sì – non è presentare al pubblico uno spettacolo di folklore a livello professionale, ma coinvolgere in un divenire di tradizioni e sonorità molto diverse, le persone che saranno in piazza con noi. Il Ballo in Piazza infatti è una manifestazione fatta da Cervignano per Cervignano, aperta ad accogliere chi arriva da fuori”.</p>
<p>“Come amministrazione, siamo molto contenti di aver organizzato, con il prezioso lavoro dell’associazione sportiva Gente Che Sì, che ringrazio, la serata di ballo che si svolgerà venerdì 12 luglio nella nostra Piazza Indipendenza. Luogo che è il cuore di Cervignano e punto d’incontro quotidiano di tante persone di tutte le età e delle varie etnie presenti da anni nel nostro territorio. Questo evento vuole rappresentare un modo per attivare uno scambio interculturale, volto anche all’integrazione sociale, che può esprimersi pure attraverso il divertimento e l’arte della danza”, aggiunge la vicesindaca <strong>Laura Centore</strong>.</p>
<p><em>Livio Nonis</em></p>
