{"id":56894,"date":"2024-07-03T11:32:33","date_gmt":"2024-07-03T09:32:33","guid":{"rendered":"https:\/\/imagazine.it\/home_desk\/?post_type=mec-events&#038;p=56894"},"modified":"2024-07-03T11:32:33","modified_gmt":"2024-07-03T09:32:33","slug":"giuliano-pellizzari-porta-il-commissario-corba-ad-aquileia","status":"publish","type":"mec-events","link":"https:\/\/imagazine.it\/home_desk\/events\/giuliano-pellizzari-porta-il-commissario-corba-ad-aquileia\/","title":{"rendered":"Giuliano Pellizzari porta il Commissario Corba ad Aquileia"},"content":{"rendered":"<p><span style=\"font-size: 10pt;\"><em>Giuliano Pellizzari<\/em><\/span><\/p>\n<p>AQUILEIA \u2013 \u00c8 intorno al nuovo episodio della saga del commissario Corba che si svolger\u00e0 l\u2019evento organizzato dalla <strong>Pro Loco Aquileia<\/strong>, con il patrocinio e il sostegno del <strong>Comune di Aquileia<\/strong> e il sostegno di <strong>Armare Ropes<\/strong>, venerd\u00ec 5 luglio ore 20.30 in piazza Capitolo davanti alla Basilica.<\/p>\n<p>\u201c<span style=\"text-decoration: underline;\"><a href=\"https:\/\/www.giulianopellizzari.it\/narrativa\/la-terza-clessidra\/\" target=\"_blank\" rel=\"noopener\">La terza clessidra\u201d<\/a><\/span>, edito da <a href=\"https:\/\/santellionline.it\/products\/la-terza-clessidra\" target=\"_blank\" rel=\"noopener\"><span style=\"text-decoration: underline;\">Santelli Editore<\/span><\/a>, romanzo thriller che collega alcuni omicidi negli scavi di Aquileia con un antico culto del tempo, \u00e8 il seguito dell\u2019acclamato \u201c<span style=\"text-decoration: underline;\"><a href=\"https:\/\/www.ilfriuli.it\/spettacoli\/la-scatola-del-te-friuli-protagonista-di-una-serie-tv\/\" target=\"_blank\" rel=\"noopener\">La Scatola del T\u00e8<\/a><\/span>\u201d, che <span style=\"text-decoration: underline;\"><a href=\"https:\/\/imagazine.it\/home_desk\/la-scatola-del-te\/\">aveva destato l\u2019interesse anche di diverse produzioni tv interessate a farne una serie<\/a><\/span>.<\/p>\n<p>L\u2019autore <strong>Giuliano Pellizzari<\/strong>, classe 1972 e residente a <strong>Cervignano del Friuli<\/strong>, sar\u00e0 intervistato dall\u2019avvocato <strong>Federico Gambini<\/strong>, presidente del Gruppo Solaris Yachts, che condurr\u00e0 una serata ricca di sorprese.<\/p>\n<p>Ospite d\u2019onore sar\u00e0 infatti il <strong>compositore cinematografico Luca Ciut<\/strong>, formatosi alla UCLA di Los Angeles e noto per la colonna sonora del film \u201c<span style=\"text-decoration: underline;\"><a href=\"https:\/\/lucaciut.com\/works\/dancing-with-maria\/\" target=\"_blank\" rel=\"noopener\">Dancing with Maria<\/a><\/span>\u201d, che suoner\u00e0 dal vivo un pianoforte a coda, presentando alcuni brani del suo nuovo album \u201c<em>Allow Yourself<\/em>\u201d.<\/p>\n<p>Al gruppo teatrale delle <strong>Briciole d\u2019Arte<\/strong>, che da anni valorizza giovani talenti del canto e della danza, saranno affidate l\u2019interpretazione e le letture di alcuni capitoli, assieme a <strong>Romana Maiori e Dario Ponissi<\/strong> del Teatro del Leone.<\/p>\n<p>\u201cPer la Pro Loco \u2013 commenta il presidente, <strong>Paolo Orfeo<\/strong> \u2013 \u00e8 sempre importante presentare i libri in cui si parli della nostra citt\u00e0, ma \u00e8 particolarmente significativo, come in questo caso, che Aquileia non sia solo storia, archeologia e arte, ma possa diventare lo sfondo attuale per un avvincente romanzo thriller che tiene il lettore con il fiato sospeso fino all&#8217;ultima pagina. Questo dimostra la sua ecletticit\u00e0 e suscita sicuramente nel lettore la voglia di venire a visitare di persona ci\u00f2 di cui ha letto\u201d.<\/p>\n<figure id=\"attachment_56895\" aria-describedby=\"caption-attachment-56895\" style=\"width: 500px\" class=\"wp-caption aligncenter\"><img loading=\"lazy\" decoding=\"async\" class=\"wp-image-56895 size-full\" src=\"https:\/\/imagazine.it\/wp-content\/uploads\/2024\/07\/coverGiuliano.jpg\" alt=\"\" width=\"500\" height=\"749\" title=\"\" srcset=\"https:\/\/imagazine.it\/wp-content\/uploads\/2024\/07\/coverGiuliano.jpg 500w, https:\/\/imagazine.it\/wp-content\/uploads\/2024\/07\/coverGiuliano-200x300.jpg 200w\" sizes=\"auto, (max-width: 500px) 100vw, 500px\" \/><figcaption id=\"caption-attachment-56895\" class=\"wp-caption-text\">La copertina del libro<\/figcaption><\/figure>\n<h3><strong>La Terza Clessidra<\/strong><\/h3>\n<p>Un omicidio tra gli scavi di <strong>Aquileia<\/strong> sconvolge la calma routine di Corba, commissario di <strong>Palmanova<\/strong>, la cui indolente quotidianit\u00e0 deve scontrarsi con un problema inaccettabile: \u00e8 a dieta. Difficile affidare il caso all\u2019aiutante Lengue, \u00e8 sparito. Impossibile sfruttare le doti analitiche del sociolinguista Leandro Arcani, pare disperso in <strong>Turchia<\/strong>. Gli restano l\u2019aiuto della indomabile ispettrice Lupineri, il fiato sul collo del questore Mocilnik e la consapevolezza che i casi pi\u00f9 semplici hanno sempre soluzioni complesse. Dopo <em>La scatola del t\u00e8, <\/em><strong>Giuliano Pellizzari<\/strong> ci riporta in un Friuli al centro di complotti internazionali, culti antichi e killer che si aggirano nelle calde serate primaverili.<\/p>\n<h3><strong>L\u2019autore <\/strong><\/h3>\n<p><span style=\"text-decoration: underline;\"><a href=\"https:\/\/www.giulianopellizzari.it\" target=\"_blank\" rel=\"noopener\">Giuliano Pellizzari<\/a><\/span> (1972, Trieste), laureato in <strong>Sociologia<\/strong>, specializzato in <strong>marketing strategico<\/strong>, ha pubblicato diversi articoli e saggi brevi sulle dinamiche sociali e di comunicazione. Esordisce negli anni Novanta con una raccolta di racconti, di cui <em>L\u2019alba del parco<\/em> (1999) e <em>Untitled<\/em> (2000) ottengono alcuni premi letterari. Ritorna alla narrativa con la novella <em>Il miglior Natale di sempre<\/em> (2016). <em>La scatola del t\u00e8<\/em> (2021) \u00e8 il romanzo che inaugura i casi del commissario Corba e di Leandro Arcani.<\/p>\n<p>&nbsp;<\/p>\n","protected":false},"excerpt":{"rendered":"<p>Venerd\u00ec 5 luglio alle ore 20.30 in piazza Capitolo, con il patrocinio e il sostegno del Comune di Aquileia, un evento musicale per il lancio del nuovo romanzo dello scrittore cervignanese<\/p>\n","protected":false},"author":28,"featured_media":56896,"comment_status":"closed","ping_status":"closed","template":"","tags":[349,119,2161,273,2160,1985,2162,1153],"mec_category":[59],"class_list":["post-56894","mec-events","type-mec-events","status-publish","has-post-thumbnail","hentry","tag-aquileia","tag-cervignano","tag-la-terza-clessidra","tag-libri","tag-pellizzari","tag-presentazione","tag-romanzo","tag-thriller","mec_category-meeting"],"_links":{"self":[{"href":"https:\/\/imagazine.it\/home_desk\/wp-json\/wp\/v2\/mec-events\/56894","targetHints":{"allow":["GET"]}}],"collection":[{"href":"https:\/\/imagazine.it\/home_desk\/wp-json\/wp\/v2\/mec-events"}],"about":[{"href":"https:\/\/imagazine.it\/home_desk\/wp-json\/wp\/v2\/types\/mec-events"}],"author":[{"embeddable":true,"href":"https:\/\/imagazine.it\/home_desk\/wp-json\/wp\/v2\/users\/28"}],"replies":[{"embeddable":true,"href":"https:\/\/imagazine.it\/home_desk\/wp-json\/wp\/v2\/comments?post=56894"}],"wp:featuredmedia":[{"embeddable":true,"href":"https:\/\/imagazine.it\/home_desk\/wp-json\/wp\/v2\/media\/56896"}],"wp:attachment":[{"href":"https:\/\/imagazine.it\/home_desk\/wp-json\/wp\/v2\/media?parent=56894"}],"wp:term":[{"taxonomy":"post_tag","embeddable":true,"href":"https:\/\/imagazine.it\/home_desk\/wp-json\/wp\/v2\/tags?post=56894"},{"taxonomy":"mec_category","embeddable":true,"href":"https:\/\/imagazine.it\/home_desk\/wp-json\/wp\/v2\/mec_category?post=56894"}],"curies":[{"name":"wp","href":"https:\/\/api.w.org\/{rel}","templated":true}]}}

<p><span style="font-size: 10pt;"><em>Giuliano Pellizzari</em></span></p>
<p>AQUILEIA – È intorno al nuovo episodio della saga del commissario Corba che si svolgerà l’evento organizzato dalla <strong>Pro Loco Aquileia</strong>, con il patrocinio e il sostegno del <strong>Comune di Aquileia</strong> e il sostegno di <strong>Armare Ropes</strong>, venerdì 5 luglio ore 20.30 in piazza Capitolo davanti alla Basilica.</p>
<p>“<span style="text-decoration: underline;"><a href="https://www.giulianopellizzari.it/narrativa/la-terza-clessidra/" target="_blank" rel="noopener">La terza clessidra”</a></span>, edito da <a href="https://santellionline.it/products/la-terza-clessidra" target="_blank" rel="noopener"><span style="text-decoration: underline;">Santelli Editore</span></a>, romanzo thriller che collega alcuni omicidi negli scavi di Aquileia con un antico culto del tempo, è il seguito dell’acclamato “<span style="text-decoration: underline;"><a href="https://www.ilfriuli.it/spettacoli/la-scatola-del-te-friuli-protagonista-di-una-serie-tv/" target="_blank" rel="noopener">La Scatola del Tè</a></span>”, che <span style="text-decoration: underline;"><a href="https://imagazine.it/home_desk/la-scatola-del-te/">aveva destato l’interesse anche di diverse produzioni tv interessate a farne una serie</a></span>.</p>
<p>L’autore <strong>Giuliano Pellizzari</strong>, classe 1972 e residente a <strong>Cervignano del Friuli</strong>, sarà intervistato dall’avvocato <strong>Federico Gambini</strong>, presidente del Gruppo Solaris Yachts, che condurrà una serata ricca di sorprese.</p>
<p>Ospite d’onore sarà infatti il <strong>compositore cinematografico Luca Ciut</strong>, formatosi alla UCLA di Los Angeles e noto per la colonna sonora del film “<span style="text-decoration: underline;"><a href="https://lucaciut.com/works/dancing-with-maria/" target="_blank" rel="noopener">Dancing with Maria</a></span>”, che suonerà dal vivo un pianoforte a coda, presentando alcuni brani del suo nuovo album “<em>Allow Yourself</em>”.</p>
<p>Al gruppo teatrale delle <strong>Briciole d’Arte</strong>, che da anni valorizza giovani talenti del canto e della danza, saranno affidate l’interpretazione e le letture di alcuni capitoli, assieme a <strong>Romana Maiori e Dario Ponissi</strong> del Teatro del Leone.</p>
<p>“Per la Pro Loco – commenta il presidente, <strong>Paolo Orfeo</strong> – è sempre importante presentare i libri in cui si parli della nostra città, ma è particolarmente significativo, come in questo caso, che Aquileia non sia solo storia, archeologia e arte, ma possa diventare lo sfondo attuale per un avvincente romanzo thriller che tiene il lettore con il fiato sospeso fino all&#8217;ultima pagina. Questo dimostra la sua ecletticità e suscita sicuramente nel lettore la voglia di venire a visitare di persona ciò di cui ha letto”.</p>
<figure id="attachment_56895" aria-describedby="caption-attachment-56895" style="width: 500px" class="wp-caption aligncenter"><img loading="lazy" decoding="async" class="wp-image-56895 size-full" src="https://imagazine.it/wp-content/uploads/2024/07/coverGiuliano.jpg" alt="" width="500" height="749" title="" srcset="https://imagazine.it/wp-content/uploads/2024/07/coverGiuliano.jpg 500w, https://imagazine.it/wp-content/uploads/2024/07/coverGiuliano-200x300.jpg 200w" sizes="auto, (max-width: 500px) 100vw, 500px" /><figcaption id="caption-attachment-56895" class="wp-caption-text">La copertina del libro</figcaption></figure>
<h3><strong>La Terza Clessidra</strong></h3>
<p>Un omicidio tra gli scavi di <strong>Aquileia</strong> sconvolge la calma routine di Corba, commissario di <strong>Palmanova</strong>, la cui indolente quotidianità deve scontrarsi con un problema inaccettabile: è a dieta. Difficile affidare il caso all’aiutante Lengue, è sparito. Impossibile sfruttare le doti analitiche del sociolinguista Leandro Arcani, pare disperso in <strong>Turchia</strong>. Gli restano l’aiuto della indomabile ispettrice Lupineri, il fiato sul collo del questore Mocilnik e la consapevolezza che i casi più semplici hanno sempre soluzioni complesse. Dopo <em>La scatola del tè, </em><strong>Giuliano Pellizzari</strong> ci riporta in un Friuli al centro di complotti internazionali, culti antichi e killer che si aggirano nelle calde serate primaverili.</p>
<h3><strong>L’autore </strong></h3>
<p><span style="text-decoration: underline;"><a href="https://www.giulianopellizzari.it" target="_blank" rel="noopener">Giuliano Pellizzari</a></span> (1972, Trieste), laureato in <strong>Sociologia</strong>, specializzato in <strong>marketing strategico</strong>, ha pubblicato diversi articoli e saggi brevi sulle dinamiche sociali e di comunicazione. Esordisce negli anni Novanta con una raccolta di racconti, di cui <em>L’alba del parco</em> (1999) e <em>Untitled</em> (2000) ottengono alcuni premi letterari. Ritorna alla narrativa con la novella <em>Il miglior Natale di sempre</em> (2016). <em>La scatola del tè</em> (2021) è il romanzo che inaugura i casi del commissario Corba e di Leandro Arcani.</p>
<p>&nbsp;</p>

<p>Venerdì 5 luglio alle ore 20.30 in piazza Capitolo, con il patrocinio e il sostegno del Comune di Aquileia, un evento musicale per il lancio del nuovo romanzo dello scrittore cervignanese</p>
