{"id":56723,"date":"2024-06-28T10:31:30","date_gmt":"2024-06-28T08:31:30","guid":{"rendered":"https:\/\/imagazine.it\/home_desk\/?post_type=mec-events&#038;p=56723"},"modified":"2024-06-28T10:31:30","modified_gmt":"2024-06-28T08:31:30","slug":"10mila-passi-di-salute-a-joannis","status":"publish","type":"mec-events","link":"https:\/\/imagazine.it\/home_desk\/events\/10mila-passi-di-salute-a-joannis\/","title":{"rendered":"10mila passi di salute a Joannis"},"content":{"rendered":"<p>Marted\u00ec 2 luglio alle 18 a <strong>Joannis<\/strong> \u00e8 in programma una camminata guidata all&#8217;insegna del benessere e della scoperta del territorio.<\/p>\n<p>L&#8217;iniziativa, promossa dalla Regione Friuli Venezia Giulia e realizzata da Federsanit\u00e0 ANCI FVG in collaborazione con l&#8217;Universit\u00e0 di Udine e PromoTurismo FVG, si inserisce nel <span style=\"text-decoration: underline;\"><a href=\"https:\/\/imagazine.it\/home_desk\/gruppi-di-cammino-per-scoprire-in-salute-il-territorio\/\">progetto &#8220;10mila passi di salute&#8221;<\/a><\/span>, che ha l&#8217;obiettivo di incoraggiare uno stile di vita attivo e salutare a tutte le et\u00e0.<\/p>\n<p>Un percorso di circa 7 km condurr\u00e0 lungo suggestivi sentieri immersi nella natura, alla scoperta di angoli incantevoli. Il tutto guidati da un esperto istruttore di ginnastica, che accompagner\u00e0 i partecipanti con consigli utili e suggerimenti per rendere la camminata ancora pi\u00f9 piacevole e proficua.<\/p>\n<p>Il ritrovo \u00e8 alle 18 presso il cartello &#8220;FVG IN MOVIMENTO&#8221; situato vicino alla <strong>Chiesa di S. Agnese<\/strong> a Joannis.<\/p>\n<p>In caso di maltempo, l&#8217;evento sar\u00e0 rinviato a luned\u00ec 8 luglio. La partecipazione \u00e8 gratuita.<\/p>\n<p>&#8220;10mila passi di salute&#8221; \u00e8 un progetto che promuove l&#8217;attivit\u00e0 fisica come strumento di benessere e prevenzione.<\/p>\n<p>Attraverso la realizzazione di percorsi accessibili e inclusivi in tutto il Friuli Venezia Giulia, il progetto invita tutti a camminare almeno 10.000 passi al giorno, un obiettivo facilmente raggiungibile e che porta con s\u00e9 numerosi benefici per la salute fisica e mentale.<\/p>\n<p><em>Livio Nonis<\/em><\/p>\n","protected":false},"excerpt":{"rendered":"<p>Camminata guidata di 7 km lungo suggestivi sentieri immersi nella natura, alla scoperta di angoli incantevoli<\/p>\n","protected":false},"author":22,"featured_media":56724,"comment_status":"closed","ping_status":"closed","template":"","tags":[126,1822,380,72,97],"mec_category":[131],"class_list":["post-56723","mec-events","type-mec-events","status-publish","has-post-thumbnail","hentry","tag-aiello","tag-cammino","tag-joannis","tag-natura","tag-salute","mec_category-discovery"],"_links":{"self":[{"href":"https:\/\/imagazine.it\/home_desk\/wp-json\/wp\/v2\/mec-events\/56723","targetHints":{"allow":["GET"]}}],"collection":[{"href":"https:\/\/imagazine.it\/home_desk\/wp-json\/wp\/v2\/mec-events"}],"about":[{"href":"https:\/\/imagazine.it\/home_desk\/wp-json\/wp\/v2\/types\/mec-events"}],"author":[{"embeddable":true,"href":"https:\/\/imagazine.it\/home_desk\/wp-json\/wp\/v2\/users\/22"}],"replies":[{"embeddable":true,"href":"https:\/\/imagazine.it\/home_desk\/wp-json\/wp\/v2\/comments?post=56723"}],"wp:featuredmedia":[{"embeddable":true,"href":"https:\/\/imagazine.it\/home_desk\/wp-json\/wp\/v2\/media\/56724"}],"wp:attachment":[{"href":"https:\/\/imagazine.it\/home_desk\/wp-json\/wp\/v2\/media?parent=56723"}],"wp:term":[{"taxonomy":"post_tag","embeddable":true,"href":"https:\/\/imagazine.it\/home_desk\/wp-json\/wp\/v2\/tags?post=56723"},{"taxonomy":"mec_category","embeddable":true,"href":"https:\/\/imagazine.it\/home_desk\/wp-json\/wp\/v2\/mec_category?post=56723"}],"curies":[{"name":"wp","href":"https:\/\/api.w.org\/{rel}","templated":true}]}}

<p>Martedì 2 luglio alle 18 a <strong>Joannis</strong> è in programma una camminata guidata all&#8217;insegna del benessere e della scoperta del territorio.</p>
<p>L&#8217;iniziativa, promossa dalla Regione Friuli Venezia Giulia e realizzata da Federsanità ANCI FVG in collaborazione con l&#8217;Università di Udine e PromoTurismo FVG, si inserisce nel <span style="text-decoration: underline;"><a href="https://imagazine.it/home_desk/gruppi-di-cammino-per-scoprire-in-salute-il-territorio/">progetto &#8220;10mila passi di salute&#8221;</a></span>, che ha l&#8217;obiettivo di incoraggiare uno stile di vita attivo e salutare a tutte le età.</p>
<p>Un percorso di circa 7 km condurrà lungo suggestivi sentieri immersi nella natura, alla scoperta di angoli incantevoli. Il tutto guidati da un esperto istruttore di ginnastica, che accompagnerà i partecipanti con consigli utili e suggerimenti per rendere la camminata ancora più piacevole e proficua.</p>
<p>Il ritrovo è alle 18 presso il cartello &#8220;FVG IN MOVIMENTO&#8221; situato vicino alla <strong>Chiesa di S. Agnese</strong> a Joannis.</p>
<p>In caso di maltempo, l&#8217;evento sarà rinviato a lunedì 8 luglio. La partecipazione è gratuita.</p>
<p>&#8220;10mila passi di salute&#8221; è un progetto che promuove l&#8217;attività fisica come strumento di benessere e prevenzione.</p>
<p>Attraverso la realizzazione di percorsi accessibili e inclusivi in tutto il Friuli Venezia Giulia, il progetto invita tutti a camminare almeno 10.000 passi al giorno, un obiettivo facilmente raggiungibile e che porta con sé numerosi benefici per la salute fisica e mentale.</p>
<p><em>Livio Nonis</em></p>
