{"id":56536,"date":"2024-06-21T18:39:03","date_gmt":"2024-06-21T16:39:03","guid":{"rendered":"https:\/\/imagazine.it\/home_desk\/?post_type=mec-events&#038;p=56536"},"modified":"2024-06-21T18:39:03","modified_gmt":"2024-06-21T16:39:03","slug":"marathon-delle-dolomiti-friulane","status":"publish","type":"mec-events","link":"https:\/\/imagazine.it\/home_desk\/events\/marathon-delle-dolomiti-friulane\/","title":{"rendered":"Marathon delle Dolomiti Friulane"},"content":{"rendered":"<p>Cresce l\u2019attesa per la <strong>Marathon delle Dolomiti Friulane<\/strong>, scelta quest\u2019anno come evento che assegner\u00e0 i titoli regionali Marathon.<\/p>\n<p>La prova del 25 agosto, quarta tappa dell\u2019FVG Mtb Tour, quest\u2019anno cambia completamente veste, allungando il suo tracciato anche e soprattutto vista la portata ufficiale dell\u2019evento, portando la lunghezza del suo percorso a 60 km per un dislivello di 2.200 metri, al fianco del quale \u00e8 confermato il tracciato da 36 km per 1.000 metri.<\/p>\n<p>Si tratta di percorsi che esaltano il fascino del territorio dolomitico, ma hanno anche un importante effetto dal punto di vista turistico, per far conoscere sempre di pi\u00f9 la bellezza del territorio dell\u2019Alta Valcellina, che ha un enorme potenziale dal punto di vista escursionistico e proprio per questo la manifestazione coinvolge i principali comuni della zona.<\/p>\n<p>La partenza verr\u00e0 data dallo Stadio del Ghiaccio Alceo della Valtellina. Orario d\u2019inizio le ore 9.15 per il percorso lungo e 9.30 per il medio.<\/p>\n<p>Il costo di partecipazione \u00e8 di 35 euro con chiusura il 23 agosto, possibilit\u00e0 di aderire alla gara anche nel weekend solo se non sar\u00e0 raggiunto il tetto massimo di 350 partecipanti per il lungo e 200 per il medio. Le iscrizioni possono essere effettuate sul seguente sito: <span style=\"text-decoration: underline;\"><a href=\"https:\/\/my.raceresult.com\/267158\/\" target=\"_blank\" rel=\"noopener\">https:\/\/my.raceresult.com\/267158\/<\/a><\/span><\/p>\n<p>In anticipo alla Marathon, la Polisportiva Claut allestir\u00e0 il 21 luglio una speciale giornata cicloturistica, l\u2019Avis Family Day con raccolta fondi per l\u2019Associazione Moruzza dedita alle cure palliative pediatriche. Verranno disegnati due percorsi di 20 e 15 km fra le piste ciclabili, il parco faunistico e il Sentiero delle Sculture.<\/p>\n","protected":false},"excerpt":{"rendered":"<p>La quarta tappa dell\u2019FVG Mtb Tour quest&#8217;anno assegner\u00e0 i titoli regionali Marathon. Percorso da 60 km per un dislivello di 2.200 metri<\/p>\n","protected":false},"author":28,"featured_media":56537,"comment_status":"closed","ping_status":"closed","template":"","tags":[194,2074,2075,261,826,2073,2072],"mec_category":[91],"class_list":["post-56536","mec-events","type-mec-events","status-publish","has-post-thumbnail","hentry","tag-bici","tag-claut","tag-dolomiti","tag-eventi","tag-eventi-fvg","tag-mountain-bike","tag-mtb","mec_category-sport"],"_links":{"self":[{"href":"https:\/\/imagazine.it\/home_desk\/wp-json\/wp\/v2\/mec-events\/56536","targetHints":{"allow":["GET"]}}],"collection":[{"href":"https:\/\/imagazine.it\/home_desk\/wp-json\/wp\/v2\/mec-events"}],"about":[{"href":"https:\/\/imagazine.it\/home_desk\/wp-json\/wp\/v2\/types\/mec-events"}],"author":[{"embeddable":true,"href":"https:\/\/imagazine.it\/home_desk\/wp-json\/wp\/v2\/users\/28"}],"replies":[{"embeddable":true,"href":"https:\/\/imagazine.it\/home_desk\/wp-json\/wp\/v2\/comments?post=56536"}],"wp:featuredmedia":[{"embeddable":true,"href":"https:\/\/imagazine.it\/home_desk\/wp-json\/wp\/v2\/media\/56537"}],"wp:attachment":[{"href":"https:\/\/imagazine.it\/home_desk\/wp-json\/wp\/v2\/media?parent=56536"}],"wp:term":[{"taxonomy":"post_tag","embeddable":true,"href":"https:\/\/imagazine.it\/home_desk\/wp-json\/wp\/v2\/tags?post=56536"},{"taxonomy":"mec_category","embeddable":true,"href":"https:\/\/imagazine.it\/home_desk\/wp-json\/wp\/v2\/mec_category?post=56536"}],"curies":[{"name":"wp","href":"https:\/\/api.w.org\/{rel}","templated":true}]}}

<p>Cresce l’attesa per la <strong>Marathon delle Dolomiti Friulane</strong>, scelta quest’anno come evento che assegnerà i titoli regionali Marathon.</p>
<p>La prova del 25 agosto, quarta tappa dell’FVG Mtb Tour, quest’anno cambia completamente veste, allungando il suo tracciato anche e soprattutto vista la portata ufficiale dell’evento, portando la lunghezza del suo percorso a 60 km per un dislivello di 2.200 metri, al fianco del quale è confermato il tracciato da 36 km per 1.000 metri.</p>
<p>Si tratta di percorsi che esaltano il fascino del territorio dolomitico, ma hanno anche un importante effetto dal punto di vista turistico, per far conoscere sempre di più la bellezza del territorio dell’Alta Valcellina, che ha un enorme potenziale dal punto di vista escursionistico e proprio per questo la manifestazione coinvolge i principali comuni della zona.</p>
<p>La partenza verrà data dallo Stadio del Ghiaccio Alceo della Valtellina. Orario d’inizio le ore 9.15 per il percorso lungo e 9.30 per il medio.</p>
<p>Il costo di partecipazione è di 35 euro con chiusura il 23 agosto, possibilità di aderire alla gara anche nel weekend solo se non sarà raggiunto il tetto massimo di 350 partecipanti per il lungo e 200 per il medio. Le iscrizioni possono essere effettuate sul seguente sito: <span style="text-decoration: underline;"><a href="https://my.raceresult.com/267158/" target="_blank" rel="noopener">https://my.raceresult.com/267158/</a></span></p>
<p>In anticipo alla Marathon, la Polisportiva Claut allestirà il 21 luglio una speciale giornata cicloturistica, l’Avis Family Day con raccolta fondi per l’Associazione Moruzza dedita alle cure palliative pediatriche. Verranno disegnati due percorsi di 20 e 15 km fra le piste ciclabili, il parco faunistico e il Sentiero delle Sculture.</p>

<p>La quarta tappa dell’FVG Mtb Tour quest&#8217;anno assegnerà i titoli regionali Marathon. Percorso da 60 km per un dislivello di 2.200 metri</p>
