{"id":55580,"date":"2024-05-29T16:46:54","date_gmt":"2024-05-29T14:46:54","guid":{"rendered":"https:\/\/imagazine.it\/home_desk\/?post_type=mec-events&#038;p=55580"},"modified":"2024-05-29T16:46:54","modified_gmt":"2024-05-29T14:46:54","slug":"ribolla-gialla-wine-festival","status":"publish","type":"mec-events","link":"https:\/\/imagazine.it\/home_desk\/events\/ribolla-gialla-wine-festival\/","title":{"rendered":"Ribolla Gialla Wine Festival"},"content":{"rendered":"<p>Il <strong><em>Ribolla Gialla Wine Festival<\/em><\/strong> dal 31 maggio al 2 giugno esalter\u00e0\u00a0la cultura enogastronomica del territorio\u00a0attraverso il vino simbolo del Friuli Venezia Giulia.<\/p>\n<h3><strong>Le novit\u00e0<\/strong><\/h3>\n<p>Cinque le novit\u00e0\u00a0del programma 2024: il passaggio da due a tre giornate; l&#8217;ampliamento della zona food and drink coinvolgendo l&#8217;area del Castello e di piazzale Poste; la Notte gialla del\u00a01 giugno; la Selezione delle migliori Ribolle gialle regionali; la partnership con\u00a0Pordenonelegge.<\/p>\n<h3><strong>Un percorso di crescita\u00a0<\/strong><\/h3>\n<p>\u201cIl Festival \u2013 dichiara l&#8217;assessore alla Vitalit\u00e0,\u00a0<strong>Andrea Bruscia<\/strong>\u00a0\u2013\u00a0\u00e8 un simbolo del nostro impegno a dare vitalit\u00e0 alla nostra citt\u00e0 investendo in cultura. Ecco perch\u00e9 abbiamo creato una manifestazione che in tre giorni\u00a0sar\u00e0\u00a0il palcoscenico di numerosi eventi\u00a0tra incontri con gli autori, degustazioni, convegni, mostre, attivit\u00e0\u00a0per famiglie e concerti. Un percorso culturale e multisensoriale che celebra i colori e i sapori del nostro territorio\u201d.<\/p>\n<p>Insieme a lui sono intervenuti <strong>Valentina Gasparet<\/strong> (Pordenonelegge<strong>), Maria Teresa Gasparet <\/strong>(sommelier e curatrice Selezione Ribolla Gialla) e <strong>Antonio Tesolin<\/strong> referente per le Citt\u00e0 del Vino del Friuli Venezia Giulia.<\/p>\n<p>Presente anche per il Comune sanvitese <strong>Micaela Paiero<\/strong>, il presidente della Pro Loco <strong>Adriano Vallario<\/strong> e altri partner del progetto.<\/p>\n<h3><strong>I numeri <\/strong><\/h3>\n<p>I numeri raccontano di un programma\u00a0 con una quarantina di eventi; dieci casette enogastronomiche in piazza del Popolo pi\u00f9 tre punti enoteca con Cantina di Ramuscello e San Vito (con Loris\u00a0Pantarotto), Cantina\u00a0Bagnarol\u00a0(con\u00a0Cogo\u00a0Daniele\u00a0Cortiula) e Mister\u00a0Bio\u00a0(con Trattoria da Nando) rispettivamente sotto la Loggia, in piazzetta Pescheria e Corte del Castello pi\u00f9 il nuovo Angolo del fritto in Piazzale Posta; 54 vini in gara nella prima\u00a0prima\u00a0Selezione del Ribolla Gialla Wine Festival curata dalla sommelier Maria Teresa\u00a0Gasparet; due incontri con\u00a0Pordenonelegge\u00a0curati da Valentina\u00a0Gasparet\u00a0e che porteranno a San Vito per incontrare il pubblico due autori noti come Dario Vergassola (1 giugno alle 18 in piazza del Popolo) e Maurizio de Giovanni (2 giugno alle 16 sempre in piazza del Popolo); tre eventi speciali gratuiti per la Notte gialla in programma il 1 giugno dalle 18 a mezzanotte e mezza con la prima volta in Friuli Venezia Giulia di Indie power (la festa indie pi\u00f9 grande d&#8217;Italia), l&#8217;energia della cover band\u00a0Why\u00a0not\u00a0e le risate di Breaking bread con il comico Stefano Chiodaroli (quest&#8217;ultimo insieme alla Pro\u00a0Loco).<\/p>\n<h3><strong>E inoltre\u2026<\/strong><\/h3>\n<p>E ancora un convegno tecnico sulla Ribolla Gialla, le Masterclass con degustazioni insieme a Sorsi e Percorsi-Unidoc\u00a0Fvg-Assoenologi\u00a0Fvg condotte da Stefano Cosma e Maria Teresa Gasparet, Storie di Donne, dj set, torneo\u00a0solidale di burraco, mercatino legato al tema vino e d\u2019antiquariato, mostre artistiche e culturali, appuntamenti per famiglie e l&#8217;esordio della nuova app turistica\u00a0Bippo\u00a0che guider\u00e0\u00a0i visitatori lungo San Vito e gli eventi della manifestazione.<\/p>\n<h4>Programma completo su\u00a0<span style=\"text-decoration: underline;\"><a href=\"http:\/\/www.sanvitoaltagliamento.fvg.it\/\" target=\"_blank\" rel=\"noopener\">www.sanvitoaltagliamento.fvg.it<\/a><\/span><\/h4>\n","protected":false},"excerpt":{"rendered":"<p>L&#8217;evento che esalta la cultura enogastronomica del territorio attraverso il vino simbolo del Friuli Venezia Giulia<\/p>\n","protected":false},"author":28,"featured_media":55581,"comment_status":"closed","ping_status":"closed","template":"","tags":[955,576,58,417,282],"mec_category":[131],"class_list":["post-55580","mec-events","type-mec-events","status-publish","has-post-thumbnail","hentry","tag-degustazioni","tag-enogastronomia","tag-festival","tag-food","tag-san-vito","mec_category-discovery"],"_links":{"self":[{"href":"https:\/\/imagazine.it\/home_desk\/wp-json\/wp\/v2\/mec-events\/55580","targetHints":{"allow":["GET"]}}],"collection":[{"href":"https:\/\/imagazine.it\/home_desk\/wp-json\/wp\/v2\/mec-events"}],"about":[{"href":"https:\/\/imagazine.it\/home_desk\/wp-json\/wp\/v2\/types\/mec-events"}],"author":[{"embeddable":true,"href":"https:\/\/imagazine.it\/home_desk\/wp-json\/wp\/v2\/users\/28"}],"replies":[{"embeddable":true,"href":"https:\/\/imagazine.it\/home_desk\/wp-json\/wp\/v2\/comments?post=55580"}],"wp:featuredmedia":[{"embeddable":true,"href":"https:\/\/imagazine.it\/home_desk\/wp-json\/wp\/v2\/media\/55581"}],"wp:attachment":[{"href":"https:\/\/imagazine.it\/home_desk\/wp-json\/wp\/v2\/media?parent=55580"}],"wp:term":[{"taxonomy":"post_tag","embeddable":true,"href":"https:\/\/imagazine.it\/home_desk\/wp-json\/wp\/v2\/tags?post=55580"},{"taxonomy":"mec_category","embeddable":true,"href":"https:\/\/imagazine.it\/home_desk\/wp-json\/wp\/v2\/mec_category?post=55580"}],"curies":[{"name":"wp","href":"https:\/\/api.w.org\/{rel}","templated":true}]}}

<p>Il <strong><em>Ribolla Gialla Wine Festival</em></strong> dal 31 maggio al 2 giugno esalterà la cultura enogastronomica del territorio attraverso il vino simbolo del Friuli Venezia Giulia.</p>
<h3><strong>Le novità</strong></h3>
<p>Cinque le novità del programma 2024: il passaggio da due a tre giornate; l&#8217;ampliamento della zona food and drink coinvolgendo l&#8217;area del Castello e di piazzale Poste; la Notte gialla del 1 giugno; la Selezione delle migliori Ribolle gialle regionali; la partnership con Pordenonelegge.</p>
<h3><strong>Un percorso di crescita </strong></h3>
<p>“Il Festival – dichiara l&#8217;assessore alla Vitalità, <strong>Andrea Bruscia</strong> – è un simbolo del nostro impegno a dare vitalità alla nostra città investendo in cultura. Ecco perché abbiamo creato una manifestazione che in tre giorni sarà il palcoscenico di numerosi eventi tra incontri con gli autori, degustazioni, convegni, mostre, attività per famiglie e concerti. Un percorso culturale e multisensoriale che celebra i colori e i sapori del nostro territorio”.</p>
<p>Insieme a lui sono intervenuti <strong>Valentina Gasparet</strong> (Pordenonelegge<strong>), Maria Teresa Gasparet </strong>(sommelier e curatrice Selezione Ribolla Gialla) e <strong>Antonio Tesolin</strong> referente per le Città del Vino del Friuli Venezia Giulia.</p>
<p>Presente anche per il Comune sanvitese <strong>Micaela Paiero</strong>, il presidente della Pro Loco <strong>Adriano Vallario</strong> e altri partner del progetto.</p>
<h3><strong>I numeri </strong></h3>
<p>I numeri raccontano di un programma  con una quarantina di eventi; dieci casette enogastronomiche in piazza del Popolo più tre punti enoteca con Cantina di Ramuscello e San Vito (con Loris Pantarotto), Cantina Bagnarol (con Cogo Daniele Cortiula) e Mister Bio (con Trattoria da Nando) rispettivamente sotto la Loggia, in piazzetta Pescheria e Corte del Castello più il nuovo Angolo del fritto in Piazzale Posta; 54 vini in gara nella prima prima Selezione del Ribolla Gialla Wine Festival curata dalla sommelier Maria Teresa Gasparet; due incontri con Pordenonelegge curati da Valentina Gasparet e che porteranno a San Vito per incontrare il pubblico due autori noti come Dario Vergassola (1 giugno alle 18 in piazza del Popolo) e Maurizio de Giovanni (2 giugno alle 16 sempre in piazza del Popolo); tre eventi speciali gratuiti per la Notte gialla in programma il 1 giugno dalle 18 a mezzanotte e mezza con la prima volta in Friuli Venezia Giulia di Indie power (la festa indie più grande d&#8217;Italia), l&#8217;energia della cover band Why not e le risate di Breaking bread con il comico Stefano Chiodaroli (quest&#8217;ultimo insieme alla Pro Loco).</p>
<h3><strong>E inoltre…</strong></h3>
<p>E ancora un convegno tecnico sulla Ribolla Gialla, le Masterclass con degustazioni insieme a Sorsi e Percorsi-Unidoc Fvg-Assoenologi Fvg condotte da Stefano Cosma e Maria Teresa Gasparet, Storie di Donne, dj set, torneo solidale di burraco, mercatino legato al tema vino e d’antiquariato, mostre artistiche e culturali, appuntamenti per famiglie e l&#8217;esordio della nuova app turistica Bippo che guiderà i visitatori lungo San Vito e gli eventi della manifestazione.</p>
<h4>Programma completo su <span style="text-decoration: underline;"><a href="http://www.sanvitoaltagliamento.fvg.it/" target="_blank" rel="noopener">www.sanvitoaltagliamento.fvg.it</a></span></h4>
