{"id":55058,"date":"2024-05-17T18:07:16","date_gmt":"2024-05-17T16:07:16","guid":{"rendered":"https:\/\/imagazine.it\/home_desk\/?post_type=mec-events&#038;p=55058"},"modified":"2024-08-13T17:49:26","modified_gmt":"2024-08-13T15:49:26","slug":"la-storia-della-pagella","status":"publish","type":"mec-events","link":"https:\/\/imagazine.it\/home_desk\/events\/la-storia-della-pagella\/","title":{"rendered":"La storia della pagella"},"content":{"rendered":"<p>Una mostra particolare, unica, quella che presenter\u00e0 la Societ\u00e0 Monfalconese di Mutuo Soccorso <strong>gioved\u00ec 23 maggio<\/strong>: \u201c<em>La Storia della Pagella<\/em>\u201d.<\/p>\n<p>Attraverso le copie autentiche di pagelle raccolte da <strong>Giorgio Coianiz<\/strong> si potr\u00e0 conoscere l\u2019evoluzione di questo strumento scolastico di valutazione.<\/p>\n<p>Questa originale mostra, che sar\u00e0 <strong>inaugurata gioved\u00ec 23 maggio<\/strong> alle ore 18 nella sala espositiva \u201cEugenio Valentinis\u201d di via Barbarigo 26, \u00e8 una retrospettiva che viaggia attraverso un secolo e mezzo, inizia con le pagelle nei territori soggetti al dominio austriaco nella seconda parte dell\u2019800 (Monfalcone, ecc), per arrivare alla prima guerra mondiale 1915 \u2013 1918, all\u2019occupazione austriaca e con le prime pagelle del dopo guerra.<\/p>\n<p>Quindi dal 1922 al 1945 le pagelle del periodo fascista, e finita la seconda guerra mondiale fino al 1946, troviamo ancora le pagelle sotto il Regno d\u2019Italia.<\/p>\n<p>Inoltre si potranno vedere delle pagelle particolari dei territori della Regione confinanti con la vicina Jugoslavia (Trieste e parte del goriziano) che nel 1945 erano occupati da truppe Jugoslave, ad esempio Piedimonte che rimase occupata sino al 1948, e in tutta la zona di confine, dopo il 1945 fino al 1947, troviamo le pagelle dell\u2019Amministrazione del Governo militare alleato.<\/p>\n<p>Solo a Trieste rimangono gli anglo-americani sino al 1954, anno di definizione dei confini.<\/p>\n<p>Quindi nel 1946 con la nascita della Repubblica italiana e nel 1948 con la nostra Costituzione, arrivano le nuove pagelle.<\/p>\n<p>Nel 1962 altro cambiamento, la scuola Media e la scuola Professionale vengono sostituite dalla Scuola Media Unificata, dunque nuove pagelle.<\/p>\n<p>Sar\u00e0 questa un\u2019occasione per vedere documenti preziosi e introvabili e conoscere come veniva fatta la valutazione scolastica per noi, i nostri pap\u00e0, i nonni e bisnonni.<\/p>\n<p>L\u2019<strong>ingresso<\/strong> <strong>alla mostra \u00e8 libero<\/strong>, negli orari dal <strong>luned\u00ec al sabato dalle ore 9 alle ore 13 e dalle ore 16 alle ore 20<\/strong>.<\/p>\n<p>Domenica e festivi chiuso.<\/p>\n","protected":false},"excerpt":{"rendered":"<p>In mostra originali di pagelle raccolte da Giorgio Coianiz: per conoscere l\u2019evoluzione di questo strumento scolastico di valutazione<\/p>\n","protected":false},"author":22,"featured_media":55059,"comment_status":"closed","ping_status":"closed","template":"","tags":[261,826,51,251,129],"mec_category":[59],"class_list":["post-55058","mec-events","type-mec-events","status-publish","has-post-thumbnail","hentry","tag-eventi","tag-eventi-fvg","tag-monfalcone","tag-mostra","tag-scuola","mec_category-meeting"],"_links":{"self":[{"href":"https:\/\/imagazine.it\/home_desk\/wp-json\/wp\/v2\/mec-events\/55058","targetHints":{"allow":["GET"]}}],"collection":[{"href":"https:\/\/imagazine.it\/home_desk\/wp-json\/wp\/v2\/mec-events"}],"about":[{"href":"https:\/\/imagazine.it\/home_desk\/wp-json\/wp\/v2\/types\/mec-events"}],"author":[{"embeddable":true,"href":"https:\/\/imagazine.it\/home_desk\/wp-json\/wp\/v2\/users\/22"}],"replies":[{"embeddable":true,"href":"https:\/\/imagazine.it\/home_desk\/wp-json\/wp\/v2\/comments?post=55058"}],"wp:featuredmedia":[{"embeddable":true,"href":"https:\/\/imagazine.it\/home_desk\/wp-json\/wp\/v2\/media\/55059"}],"wp:attachment":[{"href":"https:\/\/imagazine.it\/home_desk\/wp-json\/wp\/v2\/media?parent=55058"}],"wp:term":[{"taxonomy":"post_tag","embeddable":true,"href":"https:\/\/imagazine.it\/home_desk\/wp-json\/wp\/v2\/tags?post=55058"},{"taxonomy":"mec_category","embeddable":true,"href":"https:\/\/imagazine.it\/home_desk\/wp-json\/wp\/v2\/mec_category?post=55058"}],"curies":[{"name":"wp","href":"https:\/\/api.w.org\/{rel}","templated":true}]}}

<p>Una mostra particolare, unica, quella che presenterà la Società Monfalconese di Mutuo Soccorso <strong>giovedì 23 maggio</strong>: “<em>La Storia della Pagella</em>”.</p>
<p>Attraverso le copie autentiche di pagelle raccolte da <strong>Giorgio Coianiz</strong> si potrà conoscere l’evoluzione di questo strumento scolastico di valutazione.</p>
<p>Questa originale mostra, che sarà <strong>inaugurata giovedì 23 maggio</strong> alle ore 18 nella sala espositiva “Eugenio Valentinis” di via Barbarigo 26, è una retrospettiva che viaggia attraverso un secolo e mezzo, inizia con le pagelle nei territori soggetti al dominio austriaco nella seconda parte dell’800 (Monfalcone, ecc), per arrivare alla prima guerra mondiale 1915 – 1918, all’occupazione austriaca e con le prime pagelle del dopo guerra.</p>
<p>Quindi dal 1922 al 1945 le pagelle del periodo fascista, e finita la seconda guerra mondiale fino al 1946, troviamo ancora le pagelle sotto il Regno d’Italia.</p>
<p>Inoltre si potranno vedere delle pagelle particolari dei territori della Regione confinanti con la vicina Jugoslavia (Trieste e parte del goriziano) che nel 1945 erano occupati da truppe Jugoslave, ad esempio Piedimonte che rimase occupata sino al 1948, e in tutta la zona di confine, dopo il 1945 fino al 1947, troviamo le pagelle dell’Amministrazione del Governo militare alleato.</p>
<p>Solo a Trieste rimangono gli anglo-americani sino al 1954, anno di definizione dei confini.</p>
<p>Quindi nel 1946 con la nascita della Repubblica italiana e nel 1948 con la nostra Costituzione, arrivano le nuove pagelle.</p>
<p>Nel 1962 altro cambiamento, la scuola Media e la scuola Professionale vengono sostituite dalla Scuola Media Unificata, dunque nuove pagelle.</p>
<p>Sarà questa un’occasione per vedere documenti preziosi e introvabili e conoscere come veniva fatta la valutazione scolastica per noi, i nostri papà, i nonni e bisnonni.</p>
<p>L’<strong>ingresso</strong> <strong>alla mostra è libero</strong>, negli orari dal <strong>lunedì al sabato dalle ore 9 alle ore 13 e dalle ore 16 alle ore 20</strong>.</p>
<p>Domenica e festivi chiuso.</p>
