{"id":54982,"date":"2024-05-15T12:59:23","date_gmt":"2024-05-15T10:59:23","guid":{"rendered":"https:\/\/imagazine.it\/home_desk\/?post_type=mec-events&#038;p=54982"},"modified":"2024-05-15T12:59:23","modified_gmt":"2024-05-15T10:59:23","slug":"udine-ritorna-capitale-del-jazz","status":"publish","type":"mec-events","link":"https:\/\/imagazine.it\/home_desk\/events\/udine-ritorna-capitale-del-jazz\/","title":{"rendered":"Udine ritorna capitale del jazz"},"content":{"rendered":"<p><em><span style=\"font-size: 10pt;\">Gary Clark Jr<\/span><\/em><\/p>\n<p>UDINE \u2013 Presentato il calendario completo della <strong>34\u00aa edizione<\/strong> del festival internazionale <strong><em>Udin&amp;Jazz<\/em><\/strong>.<\/p>\n<p>L\u2019edizione 2024 colorer\u00e0 e animer\u00e0 di energia e note la citt\u00e0 di <strong>Udine<\/strong> dall\u2019<strong>8 al 14 luglio<\/strong>, proponendo concerti con protagoniste le migliori realt\u00e0 musicali del contesto nazionale e internazionale, con numerosi momenti di approfondimento e focus sul Jazz e sul Blues e sulle nuove produzioni musicali di Euritmica.<\/p>\n<p>Quella al via sar\u00e0 un\u2019edizione dalla spiccata componente<em> blues<\/em>, come evidenziato dal tema scelto dal direttore artistico <strong>Giancarlo Velliscig<\/strong>: \u201c<em><strong>Walking on the Blues<\/strong><\/em>\u201d.<\/p>\n<h3>Il programma<\/h3>\n<p>Il programma del festival vedr\u00e0 una grande anteprima il <strong>24 giugno<\/strong> (21.30) al Castello di Udine con il trio californiano <strong>Dogstar<\/strong>, formato da <strong>Bret Domrose<\/strong>, <strong>Robert Mailhouse<\/strong> e dall\u2019attore e musicista di fama planetaria <strong>Keanu Reeves<\/strong>.<\/p>\n<figure id=\"attachment_54983\" aria-describedby=\"caption-attachment-54983\" style=\"width: 1000px\" class=\"wp-caption aligncenter\"><img loading=\"lazy\" decoding=\"async\" class=\"wp-image-54983 size-full\" src=\"https:\/\/imagazine.it\/wp-content\/uploads\/2024\/05\/Dogstar_Credit-Brian-Bowen-Smith-scaled-1.jpg\" alt=\"Dogstar (\u00a9 Brian Bowen Smith)\" width=\"1000\" height=\"555\" title=\"\" srcset=\"https:\/\/imagazine.it\/wp-content\/uploads\/2024\/05\/Dogstar_Credit-Brian-Bowen-Smith-scaled-1.jpg 1000w, https:\/\/imagazine.it\/wp-content\/uploads\/2024\/05\/Dogstar_Credit-Brian-Bowen-Smith-scaled-1-300x167.jpg 300w, https:\/\/imagazine.it\/wp-content\/uploads\/2024\/05\/Dogstar_Credit-Brian-Bowen-Smith-scaled-1-768x426.jpg 768w\" sizes=\"auto, (max-width: 1000px) 100vw, 1000px\" \/><figcaption id=\"caption-attachment-54983\" class=\"wp-caption-text\">Dogstar (\u00a9 Brian Bowen Smith)<\/figcaption><\/figure>\n<p>Fra i nomi pi\u00f9 rilevanti troviamo quello di <strong>Gary Clark Jr.<\/strong>, live al Castello di Udine l\u2019<strong>8 luglio <\/strong>(ore 21.30).<\/p>\n<p>Il giorno stesso al Parco Moretti (dalle ore 18) la jam session \u201c<strong>Udin&amp;Jazz for Gaza<\/strong>\u201d, con <strong>Bruno Romani &amp; Banda delle Forze Disarmate<\/strong>, <strong>Zlatko Kaucic &amp; Flavio Zanuttini<\/strong>, <strong>Claudio Cojaniz &amp; Alessandro Turchet <\/strong>ed altri, per sostenere il lavoro di <strong>Medici Senza Frontiere <\/strong>in Palestina.<\/p>\n<p><strong>Marted\u00ec 9 luglio<\/strong> lo start sar\u00e0 in Corte Morpurgo (ore 19.30) con il progetto di <strong>Letizia Felluga<\/strong> \u201c<strong><em>Ex\u00f9 trio<\/em><\/strong>\u201d, dedicato ai grandi classici e a brani meno noti della musica brasiliana, assieme ad <strong>Alessandro Scoltz<\/strong> (piano e tastiere) e <strong>Jacopo Zanette<\/strong> (batteria).<\/p>\n<p>Alle 21.30 al Giardino Loris Fortuna, rinnovando l\u2019annuale partecipazione ad Udin&amp;Jazz, <strong>Zerorchestra<\/strong> di Pordenone presenta \u201c<strong><em>The Navigator<\/em><\/strong>\u201d, proiezione dell\u2019omonimo film del grande Buster Keaton con musiche eseguite dal vivo.<\/p>\n<h3>Tributo a Nina Simone<\/h3>\n<p>Mercoled\u00ec <strong>10 luglio,<\/strong> alle 19.30 al Teatro San Giorgio, \u00e8 prevista la prima assoluta di \u201c<strong><em>My Name is Nina<\/em><\/strong>\u201d (produzione Euritmica), tributo a Nina Simone su testi di Valerio Marchi con l\u2019eclettico quartetto della vocalist <strong>Graziella Vendramin<\/strong>.<\/p>\n<p>Alle 21.30 riflettori accesi in Corte Morpurgo per \u201c<strong><em>McCoy Legends<\/em><\/strong>\u201d, il progetto tributo al compianto genio del pianoforte McCoy Tyner (che fu ospite di Udin&amp;Jazz in uno storico concerto datato 1996). Sul palco <strong>Antonio Fara\u00f2<\/strong> (pianoforte), <strong>Chico Freeman<\/strong> (sassofono), <strong>Ronnie Burrage<\/strong> (batteria) e <strong>Steve Turre<\/strong> (trombone), membri storici della sua band.<\/p>\n<p>L\u2019<strong>11 luglio<\/strong>, alle 21.30 in Castello, di scena un altro grande nome del programma: il tre volte vincitore del Grammy Award <strong>Fantastic Negrito<\/strong>. Aprir\u00e0 la serata il trio<strong> Dang!<\/strong> del chitarrista udinese <strong>Gianni Rojatti<\/strong>.<\/p>\n<figure id=\"attachment_54984\" aria-describedby=\"caption-attachment-54984\" style=\"width: 1000px\" class=\"wp-caption aligncenter\"><img loading=\"lazy\" decoding=\"async\" class=\"wp-image-54984 size-full\" src=\"https:\/\/imagazine.it\/wp-content\/uploads\/2024\/05\/Fantastic-Negrito.png\" alt=\"Fantastic Negrito\" width=\"1000\" height=\"668\" title=\"\" srcset=\"https:\/\/imagazine.it\/wp-content\/uploads\/2024\/05\/Fantastic-Negrito.png 1000w, https:\/\/imagazine.it\/wp-content\/uploads\/2024\/05\/Fantastic-Negrito-300x200.png 300w, https:\/\/imagazine.it\/wp-content\/uploads\/2024\/05\/Fantastic-Negrito-768x513.png 768w, https:\/\/imagazine.it\/wp-content\/uploads\/2024\/05\/Fantastic-Negrito-391x260.png 391w\" sizes=\"auto, (max-width: 1000px) 100vw, 1000px\" \/><figcaption id=\"caption-attachment-54984\" class=\"wp-caption-text\">Fantastic Negrito<\/figcaption><\/figure>\n<p>Alle 19 in Corte Morpurgo ecco \u201c<strong><em>Around Gato<\/em>\u201d, <\/strong>tributo letterario a<strong> Gato Barbieri<\/strong>, a cui seguir\u00e0 il concerto \u201c<strong>Reloaded<\/strong>\u201d, con <strong>Andrea Polinelli<\/strong> (sax), <strong>Massimo Fedeli<\/strong> (pianoforte), <strong>Simone &#8216;Ndyaje<\/strong> (basso elettrico) e <strong>Raul &#8220;El Cuervo&#8221; Scebba<\/strong> (batteria).<\/p>\n<p>Venerd\u00ec il <strong>12 luglio<\/strong> (Castello, 21.30), il festival accoglie il newyorkese <strong>Cory Henry<\/strong>, virtuoso della tastiera e dell\u2019organo Hammond, vincitore anche di un Grammy con l\u2019ensemble jazz Snarky Puppy, gi\u00e0 ospiti del festival udinese.<\/p>\n<figure id=\"attachment_54985\" aria-describedby=\"caption-attachment-54985\" style=\"width: 600px\" class=\"wp-caption aligncenter\"><img loading=\"lazy\" decoding=\"async\" class=\"wp-image-54985 size-full\" src=\"https:\/\/imagazine.it\/wp-content\/uploads\/2024\/05\/Cory-Henry.jpg\" alt=\"Cory Henry\" width=\"600\" height=\"539\" title=\"\" srcset=\"https:\/\/imagazine.it\/wp-content\/uploads\/2024\/05\/Cory-Henry.jpg 600w, https:\/\/imagazine.it\/wp-content\/uploads\/2024\/05\/Cory-Henry-300x270.jpg 300w\" sizes=\"auto, (max-width: 600px) 100vw, 600px\" \/><figcaption id=\"caption-attachment-54985\" class=\"wp-caption-text\">Cory Henry<\/figcaption><\/figure>\n<p>Emozionante sar\u00e0 l\u2019appuntamento delle 19.30 allo <em>Spazio 35<\/em>, dove protagonisti saranno \u201c<strong>Il pianista di Yarmouk<\/strong>\u201d, ovvero <strong>Aheam Ahmad<\/strong>, rifugiato palestinese cresciuto in un campo profughi a Damasco, accompagnato dal violoncellista tedesco <strong>Cornelius Hummel<\/strong>.<\/p>\n<p>Sabato <strong>13 luglio<\/strong> doppio appuntamento: alle 19.30 al Giardino Loris Fortuna ecco il progetto \u201c<strong>The Jazz Bins<\/strong>\u201d, con il trio formato dall\u2019iconico chitarrista <strong>Marc Ribot<\/strong>, <strong>Greg Lewis<\/strong> all\u2019Hammond B-3 e <strong>Joe Dyson<\/strong> alla batteria.<\/p>\n<h3>Dall&#8217;Africa al Brasile<\/h3>\n<p>In serata, alle 21.30 in Corte Morpurgo, di scena l\u2019elegante progetto \u201c<strong>Lean in<\/strong>\u201d, con la vocalist <strong>Gretchen Parlato<\/strong> e il virtuoso chitarrista <strong>Lionel Loueke<\/strong> impegnati in un viaggio notturno dall\u2019Africa al Brasile, dal jazz alla bossa, ai ritmi latini, al pop-rock, dal R&amp;B alla world music.<\/p>\n<p>Il gran finale di domenica <strong>14 luglio<\/strong> vedr\u00e0 alle 19.30 in Corte Morpurgo \u201c<strong>Elettro trio<\/strong>\u201d, con la cantante udinese <strong>Nicoletta Taricani<\/strong> in un assaggio del suo ultimo progetto con <strong>Mattia Romano<\/strong> alla chitarra e <strong>Alessio Zoratto<\/strong> al basso.<\/p>\n<p>Alle 21.30 ai giardini Loris Fortuna chiuder\u00e0 il programma l\u2019attesissima cantante, strumentista e musicista elettronica <strong>Daniela Pes<\/strong>, con il progetto \u201c<strong>Spira<\/strong>\u201d, il cui omonimo album del 2023 le \u00e8 valso la Targa Tenco come miglior Opera Prima.<\/p>\n<p>Non solo concerti nel calendario di <strong><em>Udin&amp;Jazz<\/em><\/strong>, ma anche molti momenti di approfondimento con dibattiti e incontri che si svolgeranno in citt\u00e0 all\u2019ora dell\u2019aperitivo.<\/p>\n<p><strong><a href=\"http:\/\/www.euritmica.it\" target=\"_blank\" rel=\"noopener\">Clicca qui per il programma completo<\/a><\/strong><\/p>\n","protected":false},"excerpt":{"rendered":"<p>Si intitola &#8220;Walking on the Blues&#8221; la 34\u00aa edizione del festival internazionale che porter\u00e0 in citt\u00e0 grandi ospiti internazionali<\/p>\n","protected":false},"author":3,"featured_media":54986,"comment_status":"closed","ping_status":"closed","template":"","tags":[861,261,826,281,55,101],"mec_category":[99],"class_list":["post-54982","mec-events","type-mec-events","status-publish","has-post-thumbnail","hentry","tag-concerti","tag-eventi","tag-eventi-fvg","tag-jazz","tag-musica","tag-udine","mec_category-music"],"_links":{"self":[{"href":"https:\/\/imagazine.it\/home_desk\/wp-json\/wp\/v2\/mec-events\/54982","targetHints":{"allow":["GET"]}}],"collection":[{"href":"https:\/\/imagazine.it\/home_desk\/wp-json\/wp\/v2\/mec-events"}],"about":[{"href":"https:\/\/imagazine.it\/home_desk\/wp-json\/wp\/v2\/types\/mec-events"}],"author":[{"embeddable":true,"href":"https:\/\/imagazine.it\/home_desk\/wp-json\/wp\/v2\/users\/3"}],"replies":[{"embeddable":true,"href":"https:\/\/imagazine.it\/home_desk\/wp-json\/wp\/v2\/comments?post=54982"}],"wp:featuredmedia":[{"embeddable":true,"href":"https:\/\/imagazine.it\/home_desk\/wp-json\/wp\/v2\/media\/54986"}],"wp:attachment":[{"href":"https:\/\/imagazine.it\/home_desk\/wp-json\/wp\/v2\/media?parent=54982"}],"wp:term":[{"taxonomy":"post_tag","embeddable":true,"href":"https:\/\/imagazine.it\/home_desk\/wp-json\/wp\/v2\/tags?post=54982"},{"taxonomy":"mec_category","embeddable":true,"href":"https:\/\/imagazine.it\/home_desk\/wp-json\/wp\/v2\/mec_category?post=54982"}],"curies":[{"name":"wp","href":"https:\/\/api.w.org\/{rel}","templated":true}]}}

<p><em><span style="font-size: 10pt;">Gary Clark Jr</span></em></p>
<p>UDINE – Presentato il calendario completo della <strong>34ª edizione</strong> del festival internazionale <strong><em>Udin&amp;Jazz</em></strong>.</p>
<p>L’edizione 2024 colorerà e animerà di energia e note la città di <strong>Udine</strong> dall’<strong>8 al 14 luglio</strong>, proponendo concerti con protagoniste le migliori realtà musicali del contesto nazionale e internazionale, con numerosi momenti di approfondimento e focus sul Jazz e sul Blues e sulle nuove produzioni musicali di Euritmica.</p>
<p>Quella al via sarà un’edizione dalla spiccata componente<em> blues</em>, come evidenziato dal tema scelto dal direttore artistico <strong>Giancarlo Velliscig</strong>: “<em><strong>Walking on the Blues</strong></em>”.</p>
<h3>Il programma</h3>
<p>Il programma del festival vedrà una grande anteprima il <strong>24 giugno</strong> (21.30) al Castello di Udine con il trio californiano <strong>Dogstar</strong>, formato da <strong>Bret Domrose</strong>, <strong>Robert Mailhouse</strong> e dall’attore e musicista di fama planetaria <strong>Keanu Reeves</strong>.</p>
<figure id="attachment_54983" aria-describedby="caption-attachment-54983" style="width: 1000px" class="wp-caption aligncenter"><img loading="lazy" decoding="async" class="wp-image-54983 size-full" src="https://imagazine.it/wp-content/uploads/2024/05/Dogstar_Credit-Brian-Bowen-Smith-scaled-1.jpg" alt="Dogstar (© Brian Bowen Smith)" width="1000" height="555" title="" srcset="https://imagazine.it/wp-content/uploads/2024/05/Dogstar_Credit-Brian-Bowen-Smith-scaled-1.jpg 1000w, https://imagazine.it/wp-content/uploads/2024/05/Dogstar_Credit-Brian-Bowen-Smith-scaled-1-300x167.jpg 300w, https://imagazine.it/wp-content/uploads/2024/05/Dogstar_Credit-Brian-Bowen-Smith-scaled-1-768x426.jpg 768w" sizes="auto, (max-width: 1000px) 100vw, 1000px" /><figcaption id="caption-attachment-54983" class="wp-caption-text">Dogstar (© Brian Bowen Smith)</figcaption></figure>
<p>Fra i nomi più rilevanti troviamo quello di <strong>Gary Clark Jr.</strong>, live al Castello di Udine l’<strong>8 luglio </strong>(ore 21.30).</p>
<p>Il giorno stesso al Parco Moretti (dalle ore 18) la jam session “<strong>Udin&amp;Jazz for Gaza</strong>”, con <strong>Bruno Romani &amp; Banda delle Forze Disarmate</strong>, <strong>Zlatko Kaucic &amp; Flavio Zanuttini</strong>, <strong>Claudio Cojaniz &amp; Alessandro Turchet </strong>ed altri, per sostenere il lavoro di <strong>Medici Senza Frontiere </strong>in Palestina.</p>
<p><strong>Martedì 9 luglio</strong> lo start sarà in Corte Morpurgo (ore 19.30) con il progetto di <strong>Letizia Felluga</strong> “<strong><em>Exù trio</em></strong>”, dedicato ai grandi classici e a brani meno noti della musica brasiliana, assieme ad <strong>Alessandro Scoltz</strong> (piano e tastiere) e <strong>Jacopo Zanette</strong> (batteria).</p>
<p>Alle 21.30 al Giardino Loris Fortuna, rinnovando l’annuale partecipazione ad Udin&amp;Jazz, <strong>Zerorchestra</strong> di Pordenone presenta “<strong><em>The Navigator</em></strong>”, proiezione dell’omonimo film del grande Buster Keaton con musiche eseguite dal vivo.</p>
<h3>Tributo a Nina Simone</h3>
<p>Mercoledì <strong>10 luglio,</strong> alle 19.30 al Teatro San Giorgio, è prevista la prima assoluta di “<strong><em>My Name is Nina</em></strong>” (produzione Euritmica), tributo a Nina Simone su testi di Valerio Marchi con l’eclettico quartetto della vocalist <strong>Graziella Vendramin</strong>.</p>
<p>Alle 21.30 riflettori accesi in Corte Morpurgo per “<strong><em>McCoy Legends</em></strong>”, il progetto tributo al compianto genio del pianoforte McCoy Tyner (che fu ospite di Udin&amp;Jazz in uno storico concerto datato 1996). Sul palco <strong>Antonio Faraò</strong> (pianoforte), <strong>Chico Freeman</strong> (sassofono), <strong>Ronnie Burrage</strong> (batteria) e <strong>Steve Turre</strong> (trombone), membri storici della sua band.</p>
<p>L’<strong>11 luglio</strong>, alle 21.30 in Castello, di scena un altro grande nome del programma: il tre volte vincitore del Grammy Award <strong>Fantastic Negrito</strong>. Aprirà la serata il trio<strong> Dang!</strong> del chitarrista udinese <strong>Gianni Rojatti</strong>.</p>
<figure id="attachment_54984" aria-describedby="caption-attachment-54984" style="width: 1000px" class="wp-caption aligncenter"><img loading="lazy" decoding="async" class="wp-image-54984 size-full" src="https://imagazine.it/wp-content/uploads/2024/05/Fantastic-Negrito.png" alt="Fantastic Negrito" width="1000" height="668" title="" srcset="https://imagazine.it/wp-content/uploads/2024/05/Fantastic-Negrito.png 1000w, https://imagazine.it/wp-content/uploads/2024/05/Fantastic-Negrito-300x200.png 300w, https://imagazine.it/wp-content/uploads/2024/05/Fantastic-Negrito-768x513.png 768w, https://imagazine.it/wp-content/uploads/2024/05/Fantastic-Negrito-391x260.png 391w" sizes="auto, (max-width: 1000px) 100vw, 1000px" /><figcaption id="caption-attachment-54984" class="wp-caption-text">Fantastic Negrito</figcaption></figure>
<p>Alle 19 in Corte Morpurgo ecco “<strong><em>Around Gato</em>”, </strong>tributo letterario a<strong> Gato Barbieri</strong>, a cui seguirà il concerto “<strong>Reloaded</strong>”, con <strong>Andrea Polinelli</strong> (sax), <strong>Massimo Fedeli</strong> (pianoforte), <strong>Simone &#8216;Ndyaje</strong> (basso elettrico) e <strong>Raul &#8220;El Cuervo&#8221; Scebba</strong> (batteria).</p>
<p>Venerdì il <strong>12 luglio</strong> (Castello, 21.30), il festival accoglie il newyorkese <strong>Cory Henry</strong>, virtuoso della tastiera e dell’organo Hammond, vincitore anche di un Grammy con l’ensemble jazz Snarky Puppy, già ospiti del festival udinese.</p>
<figure id="attachment_54985" aria-describedby="caption-attachment-54985" style="width: 600px" class="wp-caption aligncenter"><img loading="lazy" decoding="async" class="wp-image-54985 size-full" src="https://imagazine.it/wp-content/uploads/2024/05/Cory-Henry.jpg" alt="Cory Henry" width="600" height="539" title="" srcset="https://imagazine.it/wp-content/uploads/2024/05/Cory-Henry.jpg 600w, https://imagazine.it/wp-content/uploads/2024/05/Cory-Henry-300x270.jpg 300w" sizes="auto, (max-width: 600px) 100vw, 600px" /><figcaption id="caption-attachment-54985" class="wp-caption-text">Cory Henry</figcaption></figure>
<p>Emozionante sarà l’appuntamento delle 19.30 allo <em>Spazio 35</em>, dove protagonisti saranno “<strong>Il pianista di Yarmouk</strong>”, ovvero <strong>Aheam Ahmad</strong>, rifugiato palestinese cresciuto in un campo profughi a Damasco, accompagnato dal violoncellista tedesco <strong>Cornelius Hummel</strong>.</p>
<p>Sabato <strong>13 luglio</strong> doppio appuntamento: alle 19.30 al Giardino Loris Fortuna ecco il progetto “<strong>The Jazz Bins</strong>”, con il trio formato dall’iconico chitarrista <strong>Marc Ribot</strong>, <strong>Greg Lewis</strong> all’Hammond B-3 e <strong>Joe Dyson</strong> alla batteria.</p>
<h3>Dall&#8217;Africa al Brasile</h3>
<p>In serata, alle 21.30 in Corte Morpurgo, di scena l’elegante progetto “<strong>Lean in</strong>”, con la vocalist <strong>Gretchen Parlato</strong> e il virtuoso chitarrista <strong>Lionel Loueke</strong> impegnati in un viaggio notturno dall’Africa al Brasile, dal jazz alla bossa, ai ritmi latini, al pop-rock, dal R&amp;B alla world music.</p>
<p>Il gran finale di domenica <strong>14 luglio</strong> vedrà alle 19.30 in Corte Morpurgo “<strong>Elettro trio</strong>”, con la cantante udinese <strong>Nicoletta Taricani</strong> in un assaggio del suo ultimo progetto con <strong>Mattia Romano</strong> alla chitarra e <strong>Alessio Zoratto</strong> al basso.</p>
<p>Alle 21.30 ai giardini Loris Fortuna chiuderà il programma l’attesissima cantante, strumentista e musicista elettronica <strong>Daniela Pes</strong>, con il progetto “<strong>Spira</strong>”, il cui omonimo album del 2023 le è valso la Targa Tenco come miglior Opera Prima.</p>
<p>Non solo concerti nel calendario di <strong><em>Udin&amp;Jazz</em></strong>, ma anche molti momenti di approfondimento con dibattiti e incontri che si svolgeranno in città all’ora dell’aperitivo.</p>
<p><strong><a href="http://www.euritmica.it" target="_blank" rel="noopener">Clicca qui per il programma completo</a></strong></p>

<p>Si intitola &#8220;Walking on the Blues&#8221; la 34ª edizione del festival internazionale che porterà in città grandi ospiti internazionali</p>
