{"id":54755,"date":"2024-05-09T16:56:45","date_gmt":"2024-05-09T14:56:45","guid":{"rendered":"https:\/\/imagazine.it\/home_desk\/?post_type=mec-events&#038;p=54755"},"modified":"2024-05-09T17:02:14","modified_gmt":"2024-05-09T15:02:14","slug":"chernobyl","status":"publish","type":"mec-events","link":"https:\/\/imagazine.it\/home_desk\/events\/chernobyl\/","title":{"rendered":"Chernobyl"},"content":{"rendered":"<p><span style=\"font-size: 10pt;\"><em>Una volpe vaga per le strade della citt\u00e0 fantasma Pripyat, zona di esclusione di Chernobyl, 2015 (ph. Pierpaolo Mittica)<\/em><\/span><\/p>\n<p>Apre ufficialmente i battenti sabato 11 maggio a Spilimbergo la <strong>38ma<\/strong> <strong>edizione della rassegna <em>Friuli Venezia Giulia Fotografia<\/em><\/strong> che ogni anno premia i migliori fotografi del panorama nazionale e internazionale.<\/p>\n<p>Promossa e realizzata dal <strong>CRAF \u2013 Centro di Ricerca e Archiviazione della Fotografia<\/strong> in collaborazione con Regione Friuli Venezia Giulia, Comune di Spilimbergo, il sostegno di Fondazione Friuli, il contributo di Banca 360 FVG e il Patrocinio dell\u2019Universit\u00e0 di Udine, la rassegna propone quale primo appuntamento la mostra <strong><em>Chernobyl<\/em> <\/strong>del fotografo <strong>Pierpaolo Mittica<\/strong>, visitabile dall\u201911 maggio \u2013 inaugurazione alle ore 18 \u2013 <strong>fino al 30 giugno<\/strong> nel piano nobile del cinquecentesco palazzo Tadea a Spilimbergo.<\/p>\n<h3>Il disastro nucleare<\/h3>\n<p>Il progetto<strong> <em>Chernobyl <\/em><\/strong>racconta le terribili conseguenze di una delle pi\u00f9 celebri e disastrose catastrofi nucleari. Tutto accade la notte del 26 aprile 1986, quando esplode il reattore numero quattro della centrale nucleare di Chernobyl in Ucraina. L&#8217;esplosione libera nell&#8217;aria tonnellate di polvere radioattiva e quasi tutta l&#8217;Europa viene contaminata: sessantacinque milioni di persone sono colpite. Dopo l&#8217;incidente, intorno alla centrale nucleare viene creata una \u201czona di esclusione\u201d con un raggio di trenta chilometri. Ma l&#8217;area che doveva essere vietata e rimanere tassativamente disabitata non lo \u00e8 mai stata veramente.<\/p>\n<p>Il reportage di Pierpaolo Mittica parte da qui. 76 fotografie scattate fra il 2014 e il 2019, divise in 8 capitoli &#8211; frutto degli ultimi sei anni di lavoro del fotografo in quel territorio devastato &#8211; raccontano la vita all&#8217;interno e all&#8217;esterno della zona di esclusione e le conseguenze del disastro nucleare sulle persone e sull\u2019ambiente, rendendo un\u2019importante testimonianza dell\u2019immane violenza perpetrata contro la popolazione ucraina durante e dopo questa tragedia. <em>Chernobyl <\/em>\u00e8 per\u00f2 anche una raccolta di storie di umanit\u00e0 e di amore eterno per una terra persa per sempre.<\/p>\n<p>Con l&#8217;inizio dell&#8217;invasione russa il 24 febbraio 2022, tutto \u00e8 cambiato per l&#8217;Ucraina e anche per la zona di esclusione. I pochi anziani che ancora vivevano nei villaggi abbandonati hanno dovuto spostarsi, alcuni sono stati deportati in Russia e Bielorussia, altri resistono e vivono completamente isolati, contando sulle poche forze rimaste e sugli aiuti umanitari che arrivano di tanto in tanto.<\/p>\n<h3>L&#8217;ultima testimonianza<\/h3>\n<p>\u201cNonostante sia uno dei luoghi pi\u00f9 contaminati della Terra \u2013 spiega <strong>Pierpaolo Mittica<\/strong> \u2013 la zona morta di Chernobyl era piena di vita prima della guerra. Oggi, la zona di alienazione di Chernobyl \u00e8 diventata davvero una zona di esclusione totale, poich\u00e9 si tratta di un&#8217;area di confine con la Bielorussia e ogni accesso esterno \u00e8 vietato. Questa mostra \u00e8 dunque l\u2019ultima, oggettiva testimonianza di ci\u00f2 che era quel territorio prima della guerra fra Russia e Ucraina\u201d.<\/p>\n<p>Il progetto di Pierpaolo Mittica ha ricevuto 30 premi internazionali ed \u00e8 stato pubblicato nelle maggiori testate internazionali tra cui National Geographic, Newsweek, Die Zeit, Der Spiegel. In occasione della mostra a Palazzo Tadea, sar\u00e0 presentato ufficialmente anche il nuovo libro fotografico <em>Chernobyl<\/em> pubblicato dall\u2019editore inglese Gost Books.<\/p>\n<h3>Orari<\/h3>\n<p>Mercoled\u00ec, gioved\u00ec e venerd\u00ec 15-19, sabato e domenica 10.30-12.30 \/15-19. Ingresso libero. Per informazioni: info@craf-fvg.it<\/p>\n","protected":false},"excerpt":{"rendered":"<p>In mostra le foto di Pierpaolo Mittica, che raccontano storie di umanit\u00e0 e di amore eterno per una terra persa per sempre<\/p>\n","protected":false},"author":28,"featured_media":54756,"comment_status":"closed","ping_status":"closed","template":"","tags":[1793,261,826,251,302],"mec_category":[59],"class_list":["post-54755","mec-events","type-mec-events","status-publish","has-post-thumbnail","hentry","tag-chernobyl","tag-eventi","tag-eventi-fvg","tag-mostra","tag-spilimbergo","mec_category-meeting"],"_links":{"self":[{"href":"https:\/\/imagazine.it\/home_desk\/wp-json\/wp\/v2\/mec-events\/54755","targetHints":{"allow":["GET"]}}],"collection":[{"href":"https:\/\/imagazine.it\/home_desk\/wp-json\/wp\/v2\/mec-events"}],"about":[{"href":"https:\/\/imagazine.it\/home_desk\/wp-json\/wp\/v2\/types\/mec-events"}],"author":[{"embeddable":true,"href":"https:\/\/imagazine.it\/home_desk\/wp-json\/wp\/v2\/users\/28"}],"replies":[{"embeddable":true,"href":"https:\/\/imagazine.it\/home_desk\/wp-json\/wp\/v2\/comments?post=54755"}],"wp:featuredmedia":[{"embeddable":true,"href":"https:\/\/imagazine.it\/home_desk\/wp-json\/wp\/v2\/media\/54756"}],"wp:attachment":[{"href":"https:\/\/imagazine.it\/home_desk\/wp-json\/wp\/v2\/media?parent=54755"}],"wp:term":[{"taxonomy":"post_tag","embeddable":true,"href":"https:\/\/imagazine.it\/home_desk\/wp-json\/wp\/v2\/tags?post=54755"},{"taxonomy":"mec_category","embeddable":true,"href":"https:\/\/imagazine.it\/home_desk\/wp-json\/wp\/v2\/mec_category?post=54755"}],"curies":[{"name":"wp","href":"https:\/\/api.w.org\/{rel}","templated":true}]}}

<p><span style="font-size: 10pt;"><em>Una volpe vaga per le strade della città fantasma Pripyat, zona di esclusione di Chernobyl, 2015 (ph. Pierpaolo Mittica)</em></span></p>
<p>Apre ufficialmente i battenti sabato 11 maggio a Spilimbergo la <strong>38ma</strong> <strong>edizione della rassegna <em>Friuli Venezia Giulia Fotografia</em></strong> che ogni anno premia i migliori fotografi del panorama nazionale e internazionale.</p>
<p>Promossa e realizzata dal <strong>CRAF – Centro di Ricerca e Archiviazione della Fotografia</strong> in collaborazione con Regione Friuli Venezia Giulia, Comune di Spilimbergo, il sostegno di Fondazione Friuli, il contributo di Banca 360 FVG e il Patrocinio dell’Università di Udine, la rassegna propone quale primo appuntamento la mostra <strong><em>Chernobyl</em> </strong>del fotografo <strong>Pierpaolo Mittica</strong>, visitabile dall’11 maggio – inaugurazione alle ore 18 – <strong>fino al 30 giugno</strong> nel piano nobile del cinquecentesco palazzo Tadea a Spilimbergo.</p>
<h3>Il disastro nucleare</h3>
<p>Il progetto<strong> <em>Chernobyl </em></strong>racconta le terribili conseguenze di una delle più celebri e disastrose catastrofi nucleari. Tutto accade la notte del 26 aprile 1986, quando esplode il reattore numero quattro della centrale nucleare di Chernobyl in Ucraina. L&#8217;esplosione libera nell&#8217;aria tonnellate di polvere radioattiva e quasi tutta l&#8217;Europa viene contaminata: sessantacinque milioni di persone sono colpite. Dopo l&#8217;incidente, intorno alla centrale nucleare viene creata una “zona di esclusione” con un raggio di trenta chilometri. Ma l&#8217;area che doveva essere vietata e rimanere tassativamente disabitata non lo è mai stata veramente.</p>
<p>Il reportage di Pierpaolo Mittica parte da qui. 76 fotografie scattate fra il 2014 e il 2019, divise in 8 capitoli &#8211; frutto degli ultimi sei anni di lavoro del fotografo in quel territorio devastato &#8211; raccontano la vita all&#8217;interno e all&#8217;esterno della zona di esclusione e le conseguenze del disastro nucleare sulle persone e sull’ambiente, rendendo un’importante testimonianza dell’immane violenza perpetrata contro la popolazione ucraina durante e dopo questa tragedia. <em>Chernobyl </em>è però anche una raccolta di storie di umanità e di amore eterno per una terra persa per sempre.</p>
<p>Con l&#8217;inizio dell&#8217;invasione russa il 24 febbraio 2022, tutto è cambiato per l&#8217;Ucraina e anche per la zona di esclusione. I pochi anziani che ancora vivevano nei villaggi abbandonati hanno dovuto spostarsi, alcuni sono stati deportati in Russia e Bielorussia, altri resistono e vivono completamente isolati, contando sulle poche forze rimaste e sugli aiuti umanitari che arrivano di tanto in tanto.</p>
<h3>L&#8217;ultima testimonianza</h3>
<p>“Nonostante sia uno dei luoghi più contaminati della Terra – spiega <strong>Pierpaolo Mittica</strong> – la zona morta di Chernobyl era piena di vita prima della guerra. Oggi, la zona di alienazione di Chernobyl è diventata davvero una zona di esclusione totale, poiché si tratta di un&#8217;area di confine con la Bielorussia e ogni accesso esterno è vietato. Questa mostra è dunque l’ultima, oggettiva testimonianza di ciò che era quel territorio prima della guerra fra Russia e Ucraina”.</p>
<p>Il progetto di Pierpaolo Mittica ha ricevuto 30 premi internazionali ed è stato pubblicato nelle maggiori testate internazionali tra cui National Geographic, Newsweek, Die Zeit, Der Spiegel. In occasione della mostra a Palazzo Tadea, sarà presentato ufficialmente anche il nuovo libro fotografico <em>Chernobyl</em> pubblicato dall’editore inglese Gost Books.</p>
<h3>Orari</h3>
<p>Mercoledì, giovedì e venerdì 15-19, sabato e domenica 10.30-12.30 /15-19. Ingresso libero. Per informazioni: info@craf-fvg.it</p>

<p>In mostra le foto di Pierpaolo Mittica, che raccontano storie di umanità e di amore eterno per una terra persa per sempre</p>
