{"id":54367,"date":"2024-04-29T10:47:10","date_gmt":"2024-04-29T08:47:10","guid":{"rendered":"https:\/\/imagazine.it\/home_desk\/?post_type=mec-events&#038;p=54367"},"modified":"2024-04-29T10:47:10","modified_gmt":"2024-04-29T08:47:10","slug":"ronchi-a-scuola-di-liberta-di-stampa","status":"publish","type":"mec-events","link":"https:\/\/imagazine.it\/home_desk\/events\/ronchi-a-scuola-di-liberta-di-stampa\/","title":{"rendered":"Ronchi a scuola di libert\u00e0 di stampa"},"content":{"rendered":"<p><span style=\"font-size: 10pt;\"><em>Il pannello dedicato a Rocchelli lungo la passeggiata della Libert\u00e0 Stampa e di Espressione <\/em><\/span><\/p>\n<p>In occasione della <strong>Giornata Mondiale della Libert\u00e0 di Stampa<\/strong> del 3 maggio, <strong>Leali delle Notizie<\/strong> organizza <strong>gioved\u00ec 2 maggio,<\/strong> a <strong>Ronchi dei Legionari,<\/strong> un incontro con le scuole secondarie di primo e secondo grado, aperto anche a tutta la cittadinanza, dedicato alla <strong>memoria di giornalisti e operatori dell\u2019informazione<\/strong> che hanno <strong>perso la vita<\/strong> mentre svolgevano il proprio mestiere.<\/p>\n<p>Quest\u2019anno in particolare le testimonianze verranno portate dalle <strong>famiglie<\/strong> di <strong>Andrea \u201cAndy\u201d Rocchelli<\/strong>, di <strong>Mario Paciolla<\/strong>, a cui \u00e8 stata dedicata una panchina arancione in via Roma nell\u2019ultima edizione del Festival del Giornalismo, di <strong>Italo Toni<\/strong> e di <strong>Graziella De Palo,<\/strong> tutti giornalisti uccisi per i quali si continua a chiedere <strong>verit\u00e0 e giustizia<\/strong>.<\/p>\n<p>\u00ab<em>Crediamo fortemente <\/em>\u2013 spiega <strong>Luca Perrino<\/strong>, presidente di Leali delle Notizie \u2013 <em>nella difesa, promozione e diffusione dell\u2019Articolo 21 della nostra Costituzione che ci permette di essere cittadini informati<\/em>. <em>Nel 2023 siamo infatti diventati presidio locale dell\u2019associazione Articolo 21, dando ulteriore impulso all\u2019attivit\u00e0 svolta negli anni a favore della tutela della libert\u00e0 di espressione di giornalisti e cittadini. Questo grazie al nostro Festival e alle altre attivit\u00e0 culturali. La giornata del 2 maggio sar\u00e0 un\u2019occasione per far emergere le storie di Rocchelli, Paciolla, Toni e De Palo e per onorarli. Vogliamo radicare nelle nuove generazioni i concetti di legalit\u00e0 e libert\u00e0 di stampa, affinch\u00e9 le storie dei giornalisti che raccontiamo non vengano dimenticate, ma anzi continuino ad essere prese per mano, tramandate e accompagnate nel tempo<\/em>\u00bb.<\/p>\n<h3>Il programma<\/h3>\n<p>La <strong>giornata del 2 maggio<\/strong> \u00e8 stata organizzata con il <strong>supporto<\/strong> dell\u2019<strong>Amministrazione comunale di Ronchi dei Legionari<\/strong>. Si inizier\u00e0 alle 10 al <strong>palatenda di piazzale Martiri delle Foibe<\/strong> dove verranno accolti gli studenti, gli ospiti e le istituzioni.<\/p>\n<p>A partire <strong>dalle 10.45<\/strong> verr\u00e0 data la parola a <strong>Rino Rocchelli ed Elisa Signori<\/strong>, genitori di Andrea \u201cAndy\u201d Rocchelli ucciso in Ucraina, a <strong>Pino Paciolla e Anna Motta<\/strong>, genitori di Mario Paciolla, ucciso in Colombia, <strong>Aldo Toni<\/strong>, fratello di Italo Toni ucciso in Libano e <strong>Nico De Palo<\/strong>, cugino di Graziella De Palo, uccisa in Libano.<\/p>\n<p>Le testimonianze dei familiari si alterneranno alla proiezione di alcuni <strong>video<\/strong> realizzati dagli studenti dell\u2019Istituto statale di istruzione superiore <strong>\u201cGino Luzzatto\u201d di Portogruaro<\/strong>.<\/p>\n<p>Seguir\u00e0 poi un momento dedicato alla <strong>Passeggiata della Libert\u00e0 Stampa<\/strong> <strong>e di Espressione<\/strong> che vedr\u00e0 protagonisti gli studenti e la popolazione.<\/p>\n<p>La Passeggiata, inaugurata in occasione della Giornata Mondiale della Libert\u00e0 di Stampa nel 2021, si articola in <strong>24 pannelli <\/strong>disposti lungo le vie del centro di Ronchi dei Legionari ed \u00e8 un <strong>percorso tra le storie di giornalisti e operatori dell\u2019informazione<\/strong> che hanno <strong>perso la vita<\/strong> mentre svolgevano il loro lavoro.<\/p>\n<p>L\u2019obiettivo di questa iniziativa \u00e8 onorare tutti i professionisti dell\u2019informazione costretti a rinunciare alla propria libert\u00e0 e alla propria quotidianit\u00e0 per poter svolgere il loro lavoro senza compromessi. Una Passeggiata che, ogni anno, \u00e8 meta di moltissimi visitatori che arrivano da tutta Italia e non solo.<\/p>\n<p>La manifestazione gode del <strong>patrocinio <\/strong>di Citt\u00e0 di Ronchi dei Legionari, dell\u2019Ordine Nazionale dei Giornalisti, dell\u2019Ordine dei Giornalisti \u2013 Consiglio regionale del Friuli Venezia Giulia, della Federazione Nazionale della Stampa Italiana, dell\u2019Assostampa del Friuli Venezia Giulia, del Circolo della Stampa di Trieste, di Articolo 21, di Articolo 21 \u2013 Presidio regionale del Friuli Venezia Giulia e della Fondazione Luchetta, Ota, D\u2019Angelo, Hrovatin.<\/p>\n","protected":false},"excerpt":{"rendered":"<p>Gli studenti incontrano i famigliari dei giornalisti e operatori dell\u2019informazione che hanno perso la vita mentre svolgevano il proprio mestiere<\/p>\n","protected":false},"author":28,"featured_media":54368,"comment_status":"closed","ping_status":"closed","template":"","tags":[404,149,129,1721,128],"mec_category":[59],"class_list":["post-54367","mec-events","type-mec-events","status-publish","has-post-thumbnail","hentry","tag-giornalismo","tag-ronchi","tag-scuola","tag-stampa","tag-studenti","mec_category-meeting"],"_links":{"self":[{"href":"https:\/\/imagazine.it\/home_desk\/wp-json\/wp\/v2\/mec-events\/54367","targetHints":{"allow":["GET"]}}],"collection":[{"href":"https:\/\/imagazine.it\/home_desk\/wp-json\/wp\/v2\/mec-events"}],"about":[{"href":"https:\/\/imagazine.it\/home_desk\/wp-json\/wp\/v2\/types\/mec-events"}],"author":[{"embeddable":true,"href":"https:\/\/imagazine.it\/home_desk\/wp-json\/wp\/v2\/users\/28"}],"replies":[{"embeddable":true,"href":"https:\/\/imagazine.it\/home_desk\/wp-json\/wp\/v2\/comments?post=54367"}],"wp:featuredmedia":[{"embeddable":true,"href":"https:\/\/imagazine.it\/home_desk\/wp-json\/wp\/v2\/media\/54368"}],"wp:attachment":[{"href":"https:\/\/imagazine.it\/home_desk\/wp-json\/wp\/v2\/media?parent=54367"}],"wp:term":[{"taxonomy":"post_tag","embeddable":true,"href":"https:\/\/imagazine.it\/home_desk\/wp-json\/wp\/v2\/tags?post=54367"},{"taxonomy":"mec_category","embeddable":true,"href":"https:\/\/imagazine.it\/home_desk\/wp-json\/wp\/v2\/mec_category?post=54367"}],"curies":[{"name":"wp","href":"https:\/\/api.w.org\/{rel}","templated":true}]}}

Ronchi a scuola di libertà di stampa

<p><span style="font-size: 10pt;"><em>Il pannello dedicato a Rocchelli lungo la passeggiata della Libertà Stampa e di Espressione </em></span></p>
<p>In occasione della <strong>Giornata Mondiale della Libertà di Stampa</strong> del 3 maggio, <strong>Leali delle Notizie</strong> organizza <strong>giovedì 2 maggio,</strong> a <strong>Ronchi dei Legionari,</strong> un incontro con le scuole secondarie di primo e secondo grado, aperto anche a tutta la cittadinanza, dedicato alla <strong>memoria di giornalisti e operatori dell’informazione</strong> che hanno <strong>perso la vita</strong> mentre svolgevano il proprio mestiere.</p>
<p>Quest’anno in particolare le testimonianze verranno portate dalle <strong>famiglie</strong> di <strong>Andrea “Andy” Rocchelli</strong>, di <strong>Mario Paciolla</strong>, a cui è stata dedicata una panchina arancione in via Roma nell’ultima edizione del Festival del Giornalismo, di <strong>Italo Toni</strong> e di <strong>Graziella De Palo,</strong> tutti giornalisti uccisi per i quali si continua a chiedere <strong>verità e giustizia</strong>.</p>
<p>«<em>Crediamo fortemente </em>– spiega <strong>Luca Perrino</strong>, presidente di Leali delle Notizie – <em>nella difesa, promozione e diffusione dell’Articolo 21 della nostra Costituzione che ci permette di essere cittadini informati</em>. <em>Nel 2023 siamo infatti diventati presidio locale dell’associazione Articolo 21, dando ulteriore impulso all’attività svolta negli anni a favore della tutela della libertà di espressione di giornalisti e cittadini. Questo grazie al nostro Festival e alle altre attività culturali. La giornata del 2 maggio sarà un’occasione per far emergere le storie di Rocchelli, Paciolla, Toni e De Palo e per onorarli. Vogliamo radicare nelle nuove generazioni i concetti di legalità e libertà di stampa, affinché le storie dei giornalisti che raccontiamo non vengano dimenticate, ma anzi continuino ad essere prese per mano, tramandate e accompagnate nel tempo</em>».</p>
<h3>Il programma</h3>
<p>La <strong>giornata del 2 maggio</strong> è stata organizzata con il <strong>supporto</strong> dell’<strong>Amministrazione comunale di Ronchi dei Legionari</strong>. Si inizierà alle 10 al <strong>palatenda di piazzale Martiri delle Foibe</strong> dove verranno accolti gli studenti, gli ospiti e le istituzioni.</p>
<p>A partire <strong>dalle 10.45</strong> verrà data la parola a <strong>Rino Rocchelli ed Elisa Signori</strong>, genitori di Andrea “Andy” Rocchelli ucciso in Ucraina, a <strong>Pino Paciolla e Anna Motta</strong>, genitori di Mario Paciolla, ucciso in Colombia, <strong>Aldo Toni</strong>, fratello di Italo Toni ucciso in Libano e <strong>Nico De Palo</strong>, cugino di Graziella De Palo, uccisa in Libano.</p>
<p>Le testimonianze dei familiari si alterneranno alla proiezione di alcuni <strong>video</strong> realizzati dagli studenti dell’Istituto statale di istruzione superiore <strong>“Gino Luzzatto” di Portogruaro</strong>.</p>
<p>Seguirà poi un momento dedicato alla <strong>Passeggiata della Libertà Stampa</strong> <strong>e di Espressione</strong> che vedrà protagonisti gli studenti e la popolazione.</p>
<p>La Passeggiata, inaugurata in occasione della Giornata Mondiale della Libertà di Stampa nel 2021, si articola in <strong>24 pannelli </strong>disposti lungo le vie del centro di Ronchi dei Legionari ed è un <strong>percorso tra le storie di giornalisti e operatori dell’informazione</strong> che hanno <strong>perso la vita</strong> mentre svolgevano il loro lavoro.</p>
<p>L’obiettivo di questa iniziativa è onorare tutti i professionisti dell’informazione costretti a rinunciare alla propria libertà e alla propria quotidianità per poter svolgere il loro lavoro senza compromessi. Una Passeggiata che, ogni anno, è meta di moltissimi visitatori che arrivano da tutta Italia e non solo.</p>
<p>La manifestazione gode del <strong>patrocinio </strong>di Città di Ronchi dei Legionari, dell’Ordine Nazionale dei Giornalisti, dell’Ordine dei Giornalisti – Consiglio regionale del Friuli Venezia Giulia, della Federazione Nazionale della Stampa Italiana, dell’Assostampa del Friuli Venezia Giulia, del Circolo della Stampa di Trieste, di Articolo 21, di Articolo 21 – Presidio regionale del Friuli Venezia Giulia e della Fondazione Luchetta, Ota, D’Angelo, Hrovatin.</p>
