{"id":54090,"date":"2024-04-18T17:48:12","date_gmt":"2024-04-18T15:48:12","guid":{"rendered":"https:\/\/imagazine.it\/home_desk\/?post_type=mec-events&#038;p=54090"},"modified":"2024-04-18T17:48:12","modified_gmt":"2024-04-18T15:48:12","slug":"coltiviamo-la-pace","status":"publish","type":"mec-events","link":"https:\/\/imagazine.it\/home_desk\/events\/coltiviamo-la-pace\/","title":{"rendered":"Coltiviamo la Pace"},"content":{"rendered":"<p>L&#8217;A.N.P.I. di Ruda, in collaborazione con l&#8217;Amministrazione Comunale, l\u2019associazione culturale Boborosso, A.R.C.I. Sergio Finotto e le A.C.L.I. di Perteole Achille Grandi e di Ruda Giuseppe Toniolo, ha promosso una serie di iniziative con una denominazione significativa &#8220;<em>Coltiviamo la Pace<\/em>&#8221; volta a sensibilizzare la cittadinanza sui temi della pace, della nonviolenza e della memoria.<\/p>\n<p>Il clou si terr\u00e0 il gioved\u00ec 25 aprile con la Cerimonia di Commemorazione per l&#8217;Anniversario della Liberazione alle ore 8.30 in Piazza della Libert\u00e0 a Ruda.<\/p>\n<p>Le manifestazioni inizieranno sabato 20 aprile alle ore 18 con il flashmob \u201c<strong><em>Cessate il Fuoco<\/em><\/strong>\u201d davanti al Palazzo Municipale, in silenzio trenta minuti verr\u00e0 formata una fila con vari cartelli a formare la scritta \u201cCESSATE IL FUOCO\u201d: una richiesta di fermare tutte le guerre.<\/p>\n<p>Domenica 21 aprile alle ore 11.15 al Alture, in prossimit\u00e0 della Giornata della Terra, ci sar\u00e0 l&#8217;iniziativa piantiamo &#8220;<em>L&#8217;Albero della Pace<\/em>&#8220;.<\/p>\n<p>Mentre tra luned\u00ec 22, marted\u00ec 23 e mercoled\u00ec 24 aprile ci sar\u00e0 la consegna di bulbi di fiori alla Scuola dell&#8217;Infanzia &#8220;Gianni Rodari&#8221;, alla scuola primaria &#8220;David Maria Turoldo&#8221;, alla Scuola Secondaria di Primo Grado &#8220;Cecilia Deganutti&#8221; al C.A.M.P.P &#8211; U.E.T. &#8220;Buon Vento &#8221; di San Nicol\u00f2 di Ruda.<\/p>\n<p>Inoltre per l\u2019adesione alla corriera dell&#8217;A.R.C.I. FINOTTO per il 25 Aprile a Udine con partenza da Piazza della Libert\u00e0 gratuito per tesserati Arci, fino a esaurimento posti si pu\u00f2 chiedere informazioni ad Enrico al numero 3495149345.<\/p>\n","protected":false},"excerpt":{"rendered":"<p>In occasione dell&#8217;anniversario della Liberazione serie di eventi per promuovere la pace negli scenari di guerra<\/p>\n","protected":false},"author":22,"featured_media":54091,"comment_status":"closed","ping_status":"closed","template":"","tags":[1661,1662,134,212],"mec_category":[131],"class_list":["post-54090","mec-events","type-mec-events","status-publish","has-post-thumbnail","hentry","tag-anpi","tag-liberazione","tag-pace","tag-ruda","mec_category-discovery"],"_links":{"self":[{"href":"https:\/\/imagazine.it\/home_desk\/wp-json\/wp\/v2\/mec-events\/54090","targetHints":{"allow":["GET"]}}],"collection":[{"href":"https:\/\/imagazine.it\/home_desk\/wp-json\/wp\/v2\/mec-events"}],"about":[{"href":"https:\/\/imagazine.it\/home_desk\/wp-json\/wp\/v2\/types\/mec-events"}],"author":[{"embeddable":true,"href":"https:\/\/imagazine.it\/home_desk\/wp-json\/wp\/v2\/users\/22"}],"replies":[{"embeddable":true,"href":"https:\/\/imagazine.it\/home_desk\/wp-json\/wp\/v2\/comments?post=54090"}],"wp:featuredmedia":[{"embeddable":true,"href":"https:\/\/imagazine.it\/home_desk\/wp-json\/wp\/v2\/media\/54091"}],"wp:attachment":[{"href":"https:\/\/imagazine.it\/home_desk\/wp-json\/wp\/v2\/media?parent=54090"}],"wp:term":[{"taxonomy":"post_tag","embeddable":true,"href":"https:\/\/imagazine.it\/home_desk\/wp-json\/wp\/v2\/tags?post=54090"},{"taxonomy":"mec_category","embeddable":true,"href":"https:\/\/imagazine.it\/home_desk\/wp-json\/wp\/v2\/mec_category?post=54090"}],"curies":[{"name":"wp","href":"https:\/\/api.w.org\/{rel}","templated":true}]}}

<p>L&#8217;A.N.P.I. di Ruda, in collaborazione con l&#8217;Amministrazione Comunale, l’associazione culturale Boborosso, A.R.C.I. Sergio Finotto e le A.C.L.I. di Perteole Achille Grandi e di Ruda Giuseppe Toniolo, ha promosso una serie di iniziative con una denominazione significativa &#8220;<em>Coltiviamo la Pace</em>&#8221; volta a sensibilizzare la cittadinanza sui temi della pace, della nonviolenza e della memoria.</p>
<p>Il clou si terrà il giovedì 25 aprile con la Cerimonia di Commemorazione per l&#8217;Anniversario della Liberazione alle ore 8.30 in Piazza della Libertà a Ruda.</p>
<p>Le manifestazioni inizieranno sabato 20 aprile alle ore 18 con il flashmob “<strong><em>Cessate il Fuoco</em></strong>” davanti al Palazzo Municipale, in silenzio trenta minuti verrà formata una fila con vari cartelli a formare la scritta “CESSATE IL FUOCO”: una richiesta di fermare tutte le guerre.</p>
<p>Domenica 21 aprile alle ore 11.15 al Alture, in prossimità della Giornata della Terra, ci sarà l&#8217;iniziativa piantiamo &#8220;<em>L&#8217;Albero della Pace</em>&#8220;.</p>
<p>Mentre tra lunedì 22, martedì 23 e mercoledì 24 aprile ci sarà la consegna di bulbi di fiori alla Scuola dell&#8217;Infanzia &#8220;Gianni Rodari&#8221;, alla scuola primaria &#8220;David Maria Turoldo&#8221;, alla Scuola Secondaria di Primo Grado &#8220;Cecilia Deganutti&#8221; al C.A.M.P.P &#8211; U.E.T. &#8220;Buon Vento &#8221; di San Nicolò di Ruda.</p>
<p>Inoltre per l’adesione alla corriera dell&#8217;A.R.C.I. FINOTTO per il 25 Aprile a Udine con partenza da Piazza della Libertà gratuito per tesserati Arci, fino a esaurimento posti si può chiedere informazioni ad Enrico al numero 3495149345.</p>
