{"id":53505,"date":"2024-04-04T18:30:40","date_gmt":"2024-04-04T16:30:40","guid":{"rendered":"https:\/\/imagazine.it\/home_desk\/?post_type=mec-events&#038;p=53505"},"modified":"2024-04-04T18:30:40","modified_gmt":"2024-04-04T16:30:40","slug":"malefici","status":"publish","type":"mec-events","link":"https:\/\/imagazine.it\/home_desk\/events\/malefici\/","title":{"rendered":"Mal\u00e8fici"},"content":{"rendered":"<p>Un <em>family show<\/em> che affasciner\u00e0 i bambini e divertir\u00e0 le loro famiglie \u00e8 in programma domenica 7 aprile alle ore 18 al Politeama Rossetti: si tratta di \u201c<strong><em>Mal\u00e8fici<\/em><\/strong>\u201d che \u00e8 ospite della stagione del Teatro Stabile del Friuli Venezia Giulia.<\/p>\n<p>Com\u2019erano, da bambini, i cattivi delle fiabe? E perch\u00e9 sono diventati cos\u00ec?<\/p>\n<p>Il comico, scrittore, attore e cantautore\u00a0<strong>Dario Vergassola<\/strong>\u00a0approda per la prima volta al teatro ragazzi, partendo proprio da queste domande: nasce cos\u00ec\u00a0<strong>\u201cMalefici\u201d,\u00a0<\/strong>musical per famiglie, adatto a bambini\u00a0 dai 5 anni.<\/p>\n<p>La <strong>regia \u00e8 di Manuel Renga<\/strong>, gi\u00e0 autore, regista e curatore di progetti didattici legati alle opere liriche, andate in scena su palcoscenici internazionali, come le Th\u00e9\u00e2tre des Champs Elys\u00e9es a Parigi, l&#8217;Op\u00e9ra de Rouen e la Royal Opera House\u00a0di Muscat. \u00c8 sua anche l&#8217;elaborazione drammaturgica del testo, scritta a quattro mani con l&#8217;<strong>autrice teatrale Elisabetta Tulli<\/strong>.<\/p>\n<p>Le <strong>musiche originali <\/strong>sono della pianista e <strong>compositrice Eleonora Beddini <\/strong>e le <strong>coreografie di Giuseppe Brancato<\/strong>.<\/p>\n<p>Lo spettacolo non vuole giustificare i celebri antagonisti delle fiabe per le loro azioni, ma nemmeno darle per scontate. I protagonisti sono la <strong>Regina cattiva, il Gran visir, La strega del Mare e il Lupo delle fiabe<\/strong>.<\/p>\n<p>Tutti personaggi che si rifanno all\u2019immaginario collettivo dei cattivi pi\u00f9 celebri. La Regina cattiva \u00e8 ossessionata dall&#8217;idea di essere bella: se un tempo c&#8217;era lo specchio a testimoniare la sua bellezza, oggi si fa direttamente i selfie con lo smartphone.<\/p>\n<p>Il Gran visir \u00e8 il personaggio pi\u00f9 antipatico e scorbutico di tutti, ma non c&#8217;\u00e8 spigolo caratteriale che non possa essere smussato e accettato.<\/p>\n<p>La strega del Mare finalmente pu\u00f2 fare a meno di avere una voce potente, perch\u00e9 oggi ci sono i microfoni a darle manforte. Approfittando della sua presenza, si riflette anche sull&#8217;inquinamento dei mari, deturpati dalla plastica e dai rifiuti.<\/p>\n<p>Infine c&#8217;\u00e8 il Lupo delle fiabe, storicamente cattivo, che in realt\u00e0 \u00e8 vegano, ma si vergogna ad ammetterlo in pubblico. Ognuno racconta il suo disagio nel sentirsi cattivo o addirittura nel fingersi pi\u00f9 cattivo di quello che \u00e8.<\/p>\n<p>I quattro anti-eroi si trovano nell&#8217;ascensore di un palazzo, senza sapere di essere diretti tutti nello stesso posto, ovvero dall&#8217;analista.<\/p>\n<p>\u00abOgni piano svela le difficolt\u00e0 e i problemi che si porta dietro ognuno di loro\u00bb spiega Dario Vergassola.<\/p>\n<p>\u00ab<strong>L\u2019amicizia<\/strong> che s&#8217;instaura <strong>diventa una terapia di gruppo<\/strong>. I miei amici di oggi sono gli stessi che venivano con me alle elementari e alle medie, perch\u00e9 con gli amici di vecchia data non si deve far finta di essere qualcun altro: \u00e8 una fatica in meno, che trovo terapeutica. Quando si diventa grandi, si ha voglia di capire quello che c&#8217;\u00e8 dietro le cose, anche dietro un comportamento strano, frutto magari di un disagio che non \u00e8 stato espresso e trattato, di qualcosa che non \u00e8 andato nel verso giusto. Probabilmente se fossero stati sorvegliati e guidati meglio, i cattivi delle fiabe sarebbero cresciuti bene e oggi vivrebbero anche loro felici e contenti\u00bb.<\/p>\n<p>Eppure nessuna etichetta \u00e8 per sempre e, in fin dei conti, non \u00e8 mai troppo tardi per interrogarsi, conoscersi, saltare dalla realt\u00e0 virtuale a quella concreta, salutare i social network e abbracciare gli amici, ed essere felici davvero.<\/p>\n<p>A firmare la locandina dello spettacolo \u00e8 <strong>Daniel Cuello<\/strong>, illustratore e fumettista della scuderia Bao Publishing (la stessa di Zerocalcare), con cui ha pubblicato l&#8217;ultimo libro di graphic novel \u201cLe buone maniere\u201d.<\/p>\n<p>Lo spettacolo \u00e8 prodotto da <strong>Associazione Atti, Fondazione Aida <\/strong>e il<strong> Centro Servizi Culturali Santa Chiara di Trento<\/strong>, in collaborazione con il\u00a0<strong>Coordinamento Teatrale Trentino<\/strong> e il sostegno della\u00a0<strong>Fondazione Caritro. <\/strong><\/p>\n<p>Interpreti sono <strong>I Muffins<\/strong>, quartetto artistico formato da: <strong>Stefano Colli<\/strong>, <strong>Maddalena Luppi, Giulia Mattarucco e Riccardo Sarti<\/strong>. La compagnia si \u00e8 formata nel 2015 e lavora stabilmente con Fondazione Aida.<\/p>\n","protected":false},"excerpt":{"rendered":"<p>A Trieste il musical per famiglie dedicato ai cattivi delle fiabe. Testo dell\u2019umorista Dario Vergassola<\/p>\n","protected":false},"author":28,"featured_media":53506,"comment_status":"closed","ping_status":"closed","template":"","tags":[261,826,1506,168,52,65],"mec_category":[48],"class_list":["post-53505","mec-events","type-mec-events","status-publish","has-post-thumbnail","hentry","tag-eventi","tag-eventi-fvg","tag-malefici","tag-rossetti","tag-teatro","tag-trieste","mec_category-classic-art"],"_links":{"self":[{"href":"https:\/\/imagazine.it\/home_desk\/wp-json\/wp\/v2\/mec-events\/53505","targetHints":{"allow":["GET"]}}],"collection":[{"href":"https:\/\/imagazine.it\/home_desk\/wp-json\/wp\/v2\/mec-events"}],"about":[{"href":"https:\/\/imagazine.it\/home_desk\/wp-json\/wp\/v2\/types\/mec-events"}],"author":[{"embeddable":true,"href":"https:\/\/imagazine.it\/home_desk\/wp-json\/wp\/v2\/users\/28"}],"replies":[{"embeddable":true,"href":"https:\/\/imagazine.it\/home_desk\/wp-json\/wp\/v2\/comments?post=53505"}],"wp:featuredmedia":[{"embeddable":true,"href":"https:\/\/imagazine.it\/home_desk\/wp-json\/wp\/v2\/media\/53506"}],"wp:attachment":[{"href":"https:\/\/imagazine.it\/home_desk\/wp-json\/wp\/v2\/media?parent=53505"}],"wp:term":[{"taxonomy":"post_tag","embeddable":true,"href":"https:\/\/imagazine.it\/home_desk\/wp-json\/wp\/v2\/tags?post=53505"},{"taxonomy":"mec_category","embeddable":true,"href":"https:\/\/imagazine.it\/home_desk\/wp-json\/wp\/v2\/mec_category?post=53505"}],"curies":[{"name":"wp","href":"https:\/\/api.w.org\/{rel}","templated":true}]}}

Malèfici

<p>Un <em>family show</em> che affascinerà i bambini e divertirà le loro famiglie è in programma domenica 7 aprile alle ore 18 al Politeama Rossetti: si tratta di “<strong><em>Malèfici</em></strong>” che è ospite della stagione del Teatro Stabile del Friuli Venezia Giulia.</p>
<p>Com’erano, da bambini, i cattivi delle fiabe? E perché sono diventati così?</p>
<p>Il comico, scrittore, attore e cantautore <strong>Dario Vergassola</strong> approda per la prima volta al teatro ragazzi, partendo proprio da queste domande: nasce così <strong>“Malefici”, </strong>musical per famiglie, adatto a bambini  dai 5 anni.</p>
<p>La <strong>regia è di Manuel Renga</strong>, già autore, regista e curatore di progetti didattici legati alle opere liriche, andate in scena su palcoscenici internazionali, come le Théâtre des Champs Elysées a Parigi, l&#8217;Opéra de Rouen e la Royal Opera House di Muscat. È sua anche l&#8217;elaborazione drammaturgica del testo, scritta a quattro mani con l&#8217;<strong>autrice teatrale Elisabetta Tulli</strong>.</p>
<p>Le <strong>musiche originali </strong>sono della pianista e <strong>compositrice Eleonora Beddini </strong>e le <strong>coreografie di Giuseppe Brancato</strong>.</p>
<p>Lo spettacolo non vuole giustificare i celebri antagonisti delle fiabe per le loro azioni, ma nemmeno darle per scontate. I protagonisti sono la <strong>Regina cattiva, il Gran visir, La strega del Mare e il Lupo delle fiabe</strong>.</p>
<p>Tutti personaggi che si rifanno all’immaginario collettivo dei cattivi più celebri. La Regina cattiva è ossessionata dall&#8217;idea di essere bella: se un tempo c&#8217;era lo specchio a testimoniare la sua bellezza, oggi si fa direttamente i selfie con lo smartphone.</p>
<p>Il Gran visir è il personaggio più antipatico e scorbutico di tutti, ma non c&#8217;è spigolo caratteriale che non possa essere smussato e accettato.</p>
<p>La strega del Mare finalmente può fare a meno di avere una voce potente, perché oggi ci sono i microfoni a darle manforte. Approfittando della sua presenza, si riflette anche sull&#8217;inquinamento dei mari, deturpati dalla plastica e dai rifiuti.</p>
<p>Infine c&#8217;è il Lupo delle fiabe, storicamente cattivo, che in realtà è vegano, ma si vergogna ad ammetterlo in pubblico. Ognuno racconta il suo disagio nel sentirsi cattivo o addirittura nel fingersi più cattivo di quello che è.</p>
<p>I quattro anti-eroi si trovano nell&#8217;ascensore di un palazzo, senza sapere di essere diretti tutti nello stesso posto, ovvero dall&#8217;analista.</p>
<p>«Ogni piano svela le difficoltà e i problemi che si porta dietro ognuno di loro» spiega Dario Vergassola.</p>
<p>«<strong>L’amicizia</strong> che s&#8217;instaura <strong>diventa una terapia di gruppo</strong>. I miei amici di oggi sono gli stessi che venivano con me alle elementari e alle medie, perché con gli amici di vecchia data non si deve far finta di essere qualcun altro: è una fatica in meno, che trovo terapeutica. Quando si diventa grandi, si ha voglia di capire quello che c&#8217;è dietro le cose, anche dietro un comportamento strano, frutto magari di un disagio che non è stato espresso e trattato, di qualcosa che non è andato nel verso giusto. Probabilmente se fossero stati sorvegliati e guidati meglio, i cattivi delle fiabe sarebbero cresciuti bene e oggi vivrebbero anche loro felici e contenti».</p>
<p>Eppure nessuna etichetta è per sempre e, in fin dei conti, non è mai troppo tardi per interrogarsi, conoscersi, saltare dalla realtà virtuale a quella concreta, salutare i social network e abbracciare gli amici, ed essere felici davvero.</p>
<p>A firmare la locandina dello spettacolo è <strong>Daniel Cuello</strong>, illustratore e fumettista della scuderia Bao Publishing (la stessa di Zerocalcare), con cui ha pubblicato l&#8217;ultimo libro di graphic novel “Le buone maniere”.</p>
<p>Lo spettacolo è prodotto da <strong>Associazione Atti, Fondazione Aida </strong>e il<strong> Centro Servizi Culturali Santa Chiara di Trento</strong>, in collaborazione con il <strong>Coordinamento Teatrale Trentino</strong> e il sostegno della <strong>Fondazione Caritro. </strong></p>
<p>Interpreti sono <strong>I Muffins</strong>, quartetto artistico formato da: <strong>Stefano Colli</strong>, <strong>Maddalena Luppi, Giulia Mattarucco e Riccardo Sarti</strong>. La compagnia si è formata nel 2015 e lavora stabilmente con Fondazione Aida.</p>
