{"id":53430,"date":"2024-04-03T17:27:11","date_gmt":"2024-04-03T15:27:11","guid":{"rendered":"https:\/\/imagazine.it\/home_desk\/?post_type=mec-events&#038;p=53430"},"modified":"2024-04-03T17:27:11","modified_gmt":"2024-04-03T15:27:11","slug":"salveremo-il-mondo-prima-dellalba","status":"publish","type":"mec-events","link":"https:\/\/imagazine.it\/home_desk\/events\/salveremo-il-mondo-prima-dellalba\/","title":{"rendered":"Salveremo il mondo prima dell\u2019alba"},"content":{"rendered":"<p><span style=\"font-size: 10pt;\"><em>(ph. Manuela Giusto)<\/em><\/span><\/p>\n<p>Protetti da una luminosa vetrata, coccolati da ogni comfort sulle sdraio di un giardino d\u2019inverno si muovono gli ospiti e lo staff di una lussuosa <em>rehab<\/em>: i ricchi, i vincenti asfissiati da responsabilit\u00e0, sensi di colpa, doveri castranti rappresentano il centro dell\u2019attenzione per gli artisti di Carrozzeria Orfeo in \u201c<em>Salveremo il mondo prima dell\u2019alba<\/em>\u201d.<\/p>\n<p>Si illuminano cos\u00ec alcuni fra i nodi pi\u00f9 sensibili di una contemporaneit\u00e0 che vive del fascino delle celebrit\u00e0, del culto delle immagini, del mito del successo psicofisico e del dominio dell\u2019altro. Un mondo &#8211; il nostro &#8211; che racconta sempre pi\u00f9 della felicit\u00e0 ma non sa affrontare il dolore; una societ\u00e0 sempre pi\u00f9 triste ma paradossalmente piena di foto felici\u2026<\/p>\n<p>Un\u2019umanit\u00e0 che non riesce pi\u00f9 essere tale e che per affrontare le impellenti grandi battaglie comuni, dovr\u00e0 ritrovare s\u00e9 stessa, il coraggio della lealt\u00e0 e il senso di solidariet\u00e0.<\/p>\n<p>\u00abQuando i politici stessi si espongono su <em>tik tok <\/em>per pubblicizzarsi e la vita politica, al pari di tutto il resto, diventa mera comunicazione, non pu\u00f2 esistere una classe dirigente in grado di sensibilizzare la cittadinanza sui grandi temi\u00bb commenta infatti Gabriele Di Luca.<\/p>\n<p>\u00abForse, allora, per poter combattere delle grandi battaglie comuni, dovremo prima essere in grado di ritrovare quel senso di reciprocit\u00e0 e solidariet\u00e0 che sembriamo aver smarrito. Potremo concentrarci sulle grandi battaglie collettive solo se riusciremo prima a riabituarci a guardare con occhi attenti ci\u00f2 che ci \u00e8 vicino. Potremo, forse, farcela solo se riusciremo ad arginare tutta quell\u2019invisibile, eppur feroce, violenza quotidiana tra uomo e uomo. Perch\u00e9 lo sappiamo tutti, ci troviamo di fronte a una pandemia, s\u00ec&#8230; di indifferenza ed egoismo. Ma se riusciremo in questo, se riusciremo a riavvicinarci attraverso un gesto e un pensiero sincero, un insignificante atto di cura gratuita; se riusciremo a ritagliare, in mezzo al caos, uno spazio per il pensiero semplice, familiare e umano, forse, come proveranno a fare i ricchi e delusi ospiti del nostro rehab&#8230; beh, forse (ma chi pu\u00f2 dirlo), potremo <strong>salvare il mondo prima dell<\/strong><strong>\u2019<\/strong><strong>alba<\/strong>\u00bb.<\/p>\n<p>\u00ab\u201cSalveremo il mondo prima dell\u2019alba\u201d \u00e8 la <em>Fatality <\/em>di Carrozzeria Orfeo\u00bb spiega <strong>Andrea Colamedici<\/strong> che ha collaborato con l\u2019autore sul piano della consulenza filosofica. \u00abFinisce lo spettatore togliendogli tutte le illusioni perbeniste, le certezze su buoni e cattivi e le aspettative sull&#8217;umano mal riposte, e lo obbliga a godersi notte oscura del nostro tempo, senza speranze a fare da lucine d\u2019emergenza e a rovinare il buio. In questo modo, per\u00f2, fa accadere l\u2019impossibile: la manifestazione di un senso della vita. Un senso forse tragico, senz\u2019altro ironico, ma comunque un senso capace di tenerci in piedi malgrado tutto. E di far vedere, con Nietzsche, \u201c<em>La vita come mezzo della conoscenza\u201d<\/em>: con questo principio nel cuore si pu\u00f2 non soltanto valorosamente, ma perfino \u201c<em>gioiosamente vivere e gioiosamente ridere\u201d<\/em>. Prima, per\u00f2, \u201cvi far\u00e0 molto incazzare\u201d\u00bb.<\/p>\n<p>A dare vita ai disperati e divertenti personaggi dello spettacolo, un\u2019ottima compagnia d\u2019interpreti in cui figurano <strong>Sebastiano Bronzato, Alice Giroldini, Sergio Romano, <\/strong><strong>Roberto Serpi, Massimiliano Setti, Ivan Zerbinati<\/strong>.<\/p>\n","protected":false},"excerpt":{"rendered":"<p>I ricchi, i vincenti asfissiati da responsabilit\u00e0, sensi di colpa, doveri castranti rappresentano il centro dell\u2019attenzione per gli artisti di Carrozzeria Orfeo<\/p>\n","protected":false},"author":28,"featured_media":53431,"comment_status":"closed","ping_status":"closed","template":"","tags":[1489,261,826,168,52,65],"mec_category":[48],"class_list":["post-53430","mec-events","type-mec-events","status-publish","has-post-thumbnail","hentry","tag-carrozzeria-orfeo","tag-eventi","tag-eventi-fvg","tag-rossetti","tag-teatro","tag-trieste","mec_category-classic-art"],"_links":{"self":[{"href":"https:\/\/imagazine.it\/home_desk\/wp-json\/wp\/v2\/mec-events\/53430","targetHints":{"allow":["GET"]}}],"collection":[{"href":"https:\/\/imagazine.it\/home_desk\/wp-json\/wp\/v2\/mec-events"}],"about":[{"href":"https:\/\/imagazine.it\/home_desk\/wp-json\/wp\/v2\/types\/mec-events"}],"author":[{"embeddable":true,"href":"https:\/\/imagazine.it\/home_desk\/wp-json\/wp\/v2\/users\/28"}],"replies":[{"embeddable":true,"href":"https:\/\/imagazine.it\/home_desk\/wp-json\/wp\/v2\/comments?post=53430"}],"wp:featuredmedia":[{"embeddable":true,"href":"https:\/\/imagazine.it\/home_desk\/wp-json\/wp\/v2\/media\/53431"}],"wp:attachment":[{"href":"https:\/\/imagazine.it\/home_desk\/wp-json\/wp\/v2\/media?parent=53430"}],"wp:term":[{"taxonomy":"post_tag","embeddable":true,"href":"https:\/\/imagazine.it\/home_desk\/wp-json\/wp\/v2\/tags?post=53430"},{"taxonomy":"mec_category","embeddable":true,"href":"https:\/\/imagazine.it\/home_desk\/wp-json\/wp\/v2\/mec_category?post=53430"}],"curies":[{"name":"wp","href":"https:\/\/api.w.org\/{rel}","templated":true}]}}

<p><span style="font-size: 10pt;"><em>(ph. Manuela Giusto)</em></span></p>
<p>Protetti da una luminosa vetrata, coccolati da ogni comfort sulle sdraio di un giardino d’inverno si muovono gli ospiti e lo staff di una lussuosa <em>rehab</em>: i ricchi, i vincenti asfissiati da responsabilità, sensi di colpa, doveri castranti rappresentano il centro dell’attenzione per gli artisti di Carrozzeria Orfeo in “<em>Salveremo il mondo prima dell’alba</em>”.</p>
<p>Si illuminano così alcuni fra i nodi più sensibili di una contemporaneità che vive del fascino delle celebrità, del culto delle immagini, del mito del successo psicofisico e del dominio dell’altro. Un mondo &#8211; il nostro &#8211; che racconta sempre più della felicità ma non sa affrontare il dolore; una società sempre più triste ma paradossalmente piena di foto felici…</p>
<p>Un’umanità che non riesce più essere tale e che per affrontare le impellenti grandi battaglie comuni, dovrà ritrovare sé stessa, il coraggio della lealtà e il senso di solidarietà.</p>
<p>«Quando i politici stessi si espongono su <em>tik tok </em>per pubblicizzarsi e la vita politica, al pari di tutto il resto, diventa mera comunicazione, non può esistere una classe dirigente in grado di sensibilizzare la cittadinanza sui grandi temi» commenta infatti Gabriele Di Luca.</p>
<p>«Forse, allora, per poter combattere delle grandi battaglie comuni, dovremo prima essere in grado di ritrovare quel senso di reciprocità e solidarietà che sembriamo aver smarrito. Potremo concentrarci sulle grandi battaglie collettive solo se riusciremo prima a riabituarci a guardare con occhi attenti ciò che ci è vicino. Potremo, forse, farcela solo se riusciremo ad arginare tutta quell’invisibile, eppur feroce, violenza quotidiana tra uomo e uomo. Perché lo sappiamo tutti, ci troviamo di fronte a una pandemia, sì&#8230; di indifferenza ed egoismo. Ma se riusciremo in questo, se riusciremo a riavvicinarci attraverso un gesto e un pensiero sincero, un insignificante atto di cura gratuita; se riusciremo a ritagliare, in mezzo al caos, uno spazio per il pensiero semplice, familiare e umano, forse, come proveranno a fare i ricchi e delusi ospiti del nostro rehab&#8230; beh, forse (ma chi può dirlo), potremo <strong>salvare il mondo prima dell</strong><strong>’</strong><strong>alba</strong>».</p>
<p>«“Salveremo il mondo prima dell’alba” è la <em>Fatality </em>di Carrozzeria Orfeo» spiega <strong>Andrea Colamedici</strong> che ha collaborato con l’autore sul piano della consulenza filosofica. «Finisce lo spettatore togliendogli tutte le illusioni perbeniste, le certezze su buoni e cattivi e le aspettative sull&#8217;umano mal riposte, e lo obbliga a godersi notte oscura del nostro tempo, senza speranze a fare da lucine d’emergenza e a rovinare il buio. In questo modo, però, fa accadere l’impossibile: la manifestazione di un senso della vita. Un senso forse tragico, senz’altro ironico, ma comunque un senso capace di tenerci in piedi malgrado tutto. E di far vedere, con Nietzsche, “<em>La vita come mezzo della conoscenza”</em>: con questo principio nel cuore si può non soltanto valorosamente, ma perfino “<em>gioiosamente vivere e gioiosamente ridere”</em>. Prima, però, “vi farà molto incazzare”».</p>
<p>A dare vita ai disperati e divertenti personaggi dello spettacolo, un’ottima compagnia d’interpreti in cui figurano <strong>Sebastiano Bronzato, Alice Giroldini, Sergio Romano, </strong><strong>Roberto Serpi, Massimiliano Setti, Ivan Zerbinati</strong>.</p>

<p>I ricchi, i vincenti asfissiati da responsabilità, sensi di colpa, doveri castranti rappresentano il centro dell’attenzione per gli artisti di Carrozzeria Orfeo</p>
