{"id":53407,"date":"2024-04-03T11:41:39","date_gmt":"2024-04-03T09:41:39","guid":{"rendered":"https:\/\/imagazine.it\/home_desk\/?post_type=mec-events&#038;p=53407"},"modified":"2024-04-03T11:41:39","modified_gmt":"2024-04-03T09:41:39","slug":"stenzl-piano-duo-inaugura-i-concerti-al-tartini","status":"publish","type":"mec-events","link":"https:\/\/imagazine.it\/home_desk\/events\/stenzl-piano-duo-inaugura-i-concerti-al-tartini\/","title":{"rendered":"Stenzl piano duo inaugura i concerti al Tartini"},"content":{"rendered":"<p><strong>Dodici serate concerto per salutare in musica la bella stagione<\/strong>\u00a0e scoprire o ritrovare, in una full immersion di atmosfere sonore, artisti noti e talenti emergenti che studiano o si stanno perfezionando al Conservatorio Tartini.<\/p>\n<p>Questa la proposta dei\u00a0<strong>Concerti Primavera 2024<\/strong>, il\u00a0<strong>nuovo cartellone di scena<\/strong>\u00a0<strong>dal 4 aprile al 16 giugno<\/strong>\u00a0nella Sala Tartini di via Ghega e in altre location, un percorso musicale<strong>\u00a0<\/strong>come sempre a cura del responsabile di produzione\u00a0<strong>Luca Trabucco\u00a0<\/strong>e del direttore del Conservatorio\u00a0<strong>Sandro Torlontano<\/strong>, aperto al pubblico liberamente, con il semplice consiglio di prenotare il proprio posto in sala.<\/p>\n<p><strong>Dodici concerti\u00a0<\/strong>che si apriranno nel segno del Pianoforte con un\u00a0<strong>Duo pianistico\u00a0di eccellenza internazionale<\/strong>,\u00a0<strong>Hans-Peter Stenzl<\/strong>\u00a0e\u00a0<strong>Volker Stenzl<\/strong>, al Conservatorio nel contesto del\u00a0<strong>Master pianistico di II livello<\/strong>\u00a0avviato con successo dal Tartini. E che\u00a0proseguiranno<strong>\u00a0<\/strong>con un grande omaggio a\u00a0<strong>Giuseppe Tartini<\/strong>, nume tutelare<strong>\u00a0<\/strong>del Conservatorio, proprio nel giorno della sua nascita, l\u20198 aprile.<\/p>\n<p>Il primo concerto,<strong> gioved\u00ec 4 aprile alle 20.30 in Sala Tartini<\/strong>,<strong>\u00a0<\/strong>con il<strong>\u00a0Stenzl piano duo<\/strong>, formato da\u00a0<strong>Hans-Peter Stenzl<\/strong>\u00a0e\u00a0<strong>Volker Stenzl<\/strong>.<\/p>\n<p>I due pianisti hanno da tempo stabilito un punto di riferimento per l&#8217;intelligenza musicale e l&#8217;esecuzione in duo pianistico ai massimi livelli. La critica si meraviglia della &#8220;liberta\u0300 di un solista a quattro mani&#8221; e della loro lettura sfumata delle partiture, spingendosi fino alle ramificazioni piu\u0300 sottili.<\/p>\n<p><strong>Il programma musicale per l\u2019appuntamento dei Concerti del Conservatorio<\/strong>\u00a0spazier\u00e0 da\u00a0Mazurka Elegiaca (in memoriam I. J. Paderewski) op. 23 n. 2 per 2 pianoforti di\u00a0Benjamin Britten, a\u00a0Wasserklavier per 2 pianoforti di Luciano Berio, dalla Fantasia in fa min. D 940 per pianoforte a 4 mani di Franz Schubert alla Sonata in fa min. op. 34b per 2 pianoforti di\u00a0Johannes Brahms.<\/p>\n<p><strong>Hans-Peter e Volker Stenzl hanno iniziato i loro studi a Stoccarda e Francoforte<\/strong>, proseguendo alla\u00a0<strong>Royal Academy of Music di Londra<\/strong>\u00a0con un corso biennale e con lezioni private di Alfred Brendel. Un&#8217;ulteriore e preziosa ispirazione artistica \u00e8 venuta da\u00a0<strong>Bruno Canino<\/strong>\u00a0e\u00a0<strong>Norbert Brainin<\/strong>.\u00a0<strong>Vincitori di 11 concorsi internazionali<\/strong>\u00a0(come ARD\/Monaco di Baviera 1986 e Dranoff\/Miami 1989), si sono esibiti ovunque in Europa e nel Nord e Sud America, Africa occidentale, Giappone, Cina e Hong Kong.<\/p>\n<p><strong>Nel 1991 hanno debuttato al Festival di Salisburgo, da allora si sono esibiti nelle principali sale da concerto di tutto il mondo<\/strong>: Royal Festival Hall di Londra, Wigmore Hall di Londra, Merkin Concert Hall di New York, Nichols Concert Hall di Chicago, Lincoln Theatre di Miami, Suntory Hall di Tokyo, Cultural Centre di Hong Kong, Philharmonic Hall di Guangzhou, Philharmonie di Berlino, Konzerthaus di Berlino, Frauenkirche di Dresda, Tonhalle di D\u00fcsseldorf, Alte Oper di Francoforte, Laeiszhalle di Amburgo, Philharmonie K\u00f6ln, Herkulessaal M\u00fcnchen, Gasteig M\u00fcnchen, Liederhalle Stuttgart, Salle Gaveau Paris, Philharmonic Hall Belgrade, International House of Music Moscow, Philharmonic Hall St. Pietroburgo, Teatro dell&#8217;Opera del Cairo e molti altri.<\/p>\n<p><strong>Hanno suonato come solisti sotto le bacchette di prestigiosi direttori e inciso moltissimi CD<\/strong>\u00a0che, insieme alle produzioni radiofoniche e televisive, testimoniano\u00a0<strong>la sontuosa gamma stilistica degli Stenzl su uno e due pianoforti.<\/strong><\/p>\n","protected":false},"excerpt":{"rendered":"<p>Al via la rassegna musicale che proporr\u00e0 dodici serate artisti noti e talenti emergenti che studiano o si stanno perfezionando al Conservatorio<\/p>\n","protected":false},"author":28,"featured_media":53408,"comment_status":"closed","ping_status":"closed","template":"","tags":[861,261,826,55,230,65],"mec_category":[99],"class_list":["post-53407","mec-events","type-mec-events","status-publish","has-post-thumbnail","hentry","tag-concerti","tag-eventi","tag-eventi-fvg","tag-musica","tag-tartini","tag-trieste","mec_category-music"],"_links":{"self":[{"href":"https:\/\/imagazine.it\/home_desk\/wp-json\/wp\/v2\/mec-events\/53407","targetHints":{"allow":["GET"]}}],"collection":[{"href":"https:\/\/imagazine.it\/home_desk\/wp-json\/wp\/v2\/mec-events"}],"about":[{"href":"https:\/\/imagazine.it\/home_desk\/wp-json\/wp\/v2\/types\/mec-events"}],"author":[{"embeddable":true,"href":"https:\/\/imagazine.it\/home_desk\/wp-json\/wp\/v2\/users\/28"}],"replies":[{"embeddable":true,"href":"https:\/\/imagazine.it\/home_desk\/wp-json\/wp\/v2\/comments?post=53407"}],"wp:featuredmedia":[{"embeddable":true,"href":"https:\/\/imagazine.it\/home_desk\/wp-json\/wp\/v2\/media\/53408"}],"wp:attachment":[{"href":"https:\/\/imagazine.it\/home_desk\/wp-json\/wp\/v2\/media?parent=53407"}],"wp:term":[{"taxonomy":"post_tag","embeddable":true,"href":"https:\/\/imagazine.it\/home_desk\/wp-json\/wp\/v2\/tags?post=53407"},{"taxonomy":"mec_category","embeddable":true,"href":"https:\/\/imagazine.it\/home_desk\/wp-json\/wp\/v2\/mec_category?post=53407"}],"curies":[{"name":"wp","href":"https:\/\/api.w.org\/{rel}","templated":true}]}}

<p><strong>Dodici serate concerto per salutare in musica la bella stagione</strong> e scoprire o ritrovare, in una full immersion di atmosfere sonore, artisti noti e talenti emergenti che studiano o si stanno perfezionando al Conservatorio Tartini.</p>
<p>Questa la proposta dei <strong>Concerti Primavera 2024</strong>, il <strong>nuovo cartellone di scena</strong> <strong>dal 4 aprile al 16 giugno</strong> nella Sala Tartini di via Ghega e in altre location, un percorso musicale<strong> </strong>come sempre a cura del responsabile di produzione <strong>Luca Trabucco </strong>e del direttore del Conservatorio <strong>Sandro Torlontano</strong>, aperto al pubblico liberamente, con il semplice consiglio di prenotare il proprio posto in sala.</p>
<p><strong>Dodici concerti </strong>che si apriranno nel segno del Pianoforte con un <strong>Duo pianistico di eccellenza internazionale</strong>, <strong>Hans-Peter Stenzl</strong> e <strong>Volker Stenzl</strong>, al Conservatorio nel contesto del <strong>Master pianistico di II livello</strong> avviato con successo dal Tartini. E che proseguiranno<strong> </strong>con un grande omaggio a <strong>Giuseppe Tartini</strong>, nume tutelare<strong> </strong>del Conservatorio, proprio nel giorno della sua nascita, l’8 aprile.</p>
<p>Il primo concerto,<strong> giovedì 4 aprile alle 20.30 in Sala Tartini</strong>,<strong> </strong>con il<strong> Stenzl piano duo</strong>, formato da <strong>Hans-Peter Stenzl</strong> e <strong>Volker Stenzl</strong>.</p>
<p>I due pianisti hanno da tempo stabilito un punto di riferimento per l&#8217;intelligenza musicale e l&#8217;esecuzione in duo pianistico ai massimi livelli. La critica si meraviglia della &#8220;libertà di un solista a quattro mani&#8221; e della loro lettura sfumata delle partiture, spingendosi fino alle ramificazioni più sottili.</p>
<p><strong>Il programma musicale per l’appuntamento dei Concerti del Conservatorio</strong> spazierà da Mazurka Elegiaca (in memoriam I. J. Paderewski) op. 23 n. 2 per 2 pianoforti di Benjamin Britten, a Wasserklavier per 2 pianoforti di Luciano Berio, dalla Fantasia in fa min. D 940 per pianoforte a 4 mani di Franz Schubert alla Sonata in fa min. op. 34b per 2 pianoforti di Johannes Brahms.</p>
<p><strong>Hans-Peter e Volker Stenzl hanno iniziato i loro studi a Stoccarda e Francoforte</strong>, proseguendo alla <strong>Royal Academy of Music di Londra</strong> con un corso biennale e con lezioni private di Alfred Brendel. Un&#8217;ulteriore e preziosa ispirazione artistica è venuta da <strong>Bruno Canino</strong> e <strong>Norbert Brainin</strong>. <strong>Vincitori di 11 concorsi internazionali</strong> (come ARD/Monaco di Baviera 1986 e Dranoff/Miami 1989), si sono esibiti ovunque in Europa e nel Nord e Sud America, Africa occidentale, Giappone, Cina e Hong Kong.</p>
<p><strong>Nel 1991 hanno debuttato al Festival di Salisburgo, da allora si sono esibiti nelle principali sale da concerto di tutto il mondo</strong>: Royal Festival Hall di Londra, Wigmore Hall di Londra, Merkin Concert Hall di New York, Nichols Concert Hall di Chicago, Lincoln Theatre di Miami, Suntory Hall di Tokyo, Cultural Centre di Hong Kong, Philharmonic Hall di Guangzhou, Philharmonie di Berlino, Konzerthaus di Berlino, Frauenkirche di Dresda, Tonhalle di Düsseldorf, Alte Oper di Francoforte, Laeiszhalle di Amburgo, Philharmonie Köln, Herkulessaal München, Gasteig München, Liederhalle Stuttgart, Salle Gaveau Paris, Philharmonic Hall Belgrade, International House of Music Moscow, Philharmonic Hall St. Pietroburgo, Teatro dell&#8217;Opera del Cairo e molti altri.</p>
<p><strong>Hanno suonato come solisti sotto le bacchette di prestigiosi direttori e inciso moltissimi CD</strong> che, insieme alle produzioni radiofoniche e televisive, testimoniano <strong>la sontuosa gamma stilistica degli Stenzl su uno e due pianoforti.</strong></p>

<p>Al via la rassegna musicale che proporrà dodici serate artisti noti e talenti emergenti che studiano o si stanno perfezionando al Conservatorio</p>
