{"id":53327,"date":"2024-03-29T16:40:41","date_gmt":"2024-03-29T15:40:41","guid":{"rendered":"https:\/\/imagazine.it\/home_desk\/?post_type=mec-events&#038;p=53327"},"modified":"2024-03-29T16:40:41","modified_gmt":"2024-03-29T15:40:41","slug":"dittico-fvg-art-booster","status":"publish","type":"mec-events","link":"https:\/\/imagazine.it\/home_desk\/events\/dittico-fvg-art-booster\/","title":{"rendered":"Dittico FVG &#8211; Art Booster"},"content":{"rendered":"<p><span style=\"font-size: 10pt;\"><em>Opera di Mattia Montanari<\/em><\/span><\/p>\n<p>Il Centro Iniziative Culturali Pordenone, con il patrocinio dell\u2019Universit\u00e0 degli Studi di Udine, ha inaugurato nei giorni scorsi il nuovo progetto triennale \u201cDittico FVG &#8211; Art booster\u201d, finalizzato alla valorizzazione dei giovani artisti under 35 che operano in regione per favorirne l\u2019inserimento nei maggiori circuiti espositivi e di mercato.<\/p>\n<p>\u00abUn\u2019iniziativa \u2013 spiega la presidente CICP <strong>Maria Francesca Vassallo<\/strong> \u2013 promossa con la consulenza scientifica dello storico dell\u2019arte Alessandro Del Puppo e con il suo gruppo di ricerca dell\u2019Universit\u00e0 di Udine. Con \u201c<em>Dittico FVG &#8211; Art Booster<\/em>\u201d alla Galleria Sagittaria guardiamo con decisione al futuro dell\u2019arte.<\/p>\n<p>Fino al 5 maggio, nella Galleria Sagittaria di Pordenone, sono in esposizione le due mostre curate da <strong>Magal\u00ec Cappellaro<\/strong> assieme ad <strong>Alberto Vidissoni<\/strong>, dedicate agli artisti <strong>Vittorio Franzolini<\/strong>, con la sua ricerca fotografica, e <strong>Mattia Montanari<\/strong> con la sua esperienza pittorica\u00bb.<\/p>\n<p>Allestite negli spazi della Sagittaria, presso la Casa dello Studente Antonio Zanussi, due sale sono dedicate agli artisti, con un\u2019accurata selezione dei loro lavori pi\u00f9 recenti: Vittorio Franzolini presenta una serie fotografica, composta da dodici scatti, attraverso cui si interroga sul concetto di corpo umano cercando risposte al di l\u00e0 dell\u2019individuo e della societ\u00e0 contemporanea; la sala dedicata a Mattia Montanari accoglie invece nove dipinti di grandi e medie dimensioni, frutto dell\u2019attenta indagine condotta sul labile confine tra astrazione e figurazione che ha portato l\u2019artista allo sviluppo di un personale discorso sulla decontrazione delle forme canoniche di rappresentazione.<\/p>\n<p>I due giovani artisti chiamati a inaugurare \u201cDittico FVG &#8211; Art booster\u201d hanno percorsi e modalit\u00e0 espressive profondamente diversi: se Vittorio Franzolini, udinese classe 2000, \u00e8 cresciuto al fianco del fotoartista e Premio Hemingway Guido Guidi, dopo un diploma in fotografia presso la scuola di formazione specializzata Cfp Bauer di Milano e con un perfezionamento in corso presso l&#8217;\u00c9CAL di Losanna, Mattia Montanari, nato nel 1991 a San Daniele del Friuli, ha frequentato a Venezia i corsi di Pittura all&#8217;Accademia di Belle Arti, e sempre a Venezia ha lavorato nell&#8217;atelier Oi Va Voi Studio tenendo corsi di stampa sperimentale sul monotipo.<\/p>\n<p>Osserva il curatore scientifico del progetto <strong>Alessandro Del Puppo<\/strong> che \u00abil destino di un mercato assai volatile come quello dell\u2019arte segnala una controtendenza e una crisi evidente, come dimostra la dolorosa chiusura di tante storiche gallerie d\u2019arte tra Pordenone, Udine e Trieste in questi anni.<\/p>\n<p><em>Dittico FVG. Art booster<\/em> intende concentrarsi sulla promozione di giovani e meritevoli artisti per offrire loro un\u2019opportunit\u00e0 di visibilit\u00e0 (la mostra), uno strumento atto alla pi\u00f9 efficace divulgazione del proprio lavoro (il catalogo) e l\u2019acquisizione di un\u2019opera in una delle pi\u00f9 significative collezioni regionali, quella della Fondazione Concordia Sette &#8211; Casa dello Studente A. Zanussi\u00bb.<\/p>\n<p>La mostra, la 497^ allestita nella storia della Galleria Sagittaria, rester\u00e0 visitabile fino al 5 maggio con ingresso libero tutti i giorni, in orario 15.00-19.00. Info <a href=\"http:\/\/www.centroculturapordenone.it\" target=\"_blank\" rel=\"noopener\">www.centroculturapordenone.it<\/a><\/p>\n","protected":false},"excerpt":{"rendered":"<p>In mostra a Pordenone le opere dei giovani artisti under 35: dalle fotografie di Vittorio Franzolini alla pittura di Mattia Montanari<\/p>\n","protected":false},"author":28,"featured_media":53328,"comment_status":"closed","ping_status":"closed","template":"","tags":[165,261,826,60,275],"mec_category":[59],"class_list":["post-53327","mec-events","type-mec-events","status-publish","has-post-thumbnail","hentry","tag-arte","tag-eventi","tag-eventi-fvg","tag-mostre","tag-pordenone","mec_category-meeting"],"_links":{"self":[{"href":"https:\/\/imagazine.it\/home_desk\/wp-json\/wp\/v2\/mec-events\/53327","targetHints":{"allow":["GET"]}}],"collection":[{"href":"https:\/\/imagazine.it\/home_desk\/wp-json\/wp\/v2\/mec-events"}],"about":[{"href":"https:\/\/imagazine.it\/home_desk\/wp-json\/wp\/v2\/types\/mec-events"}],"author":[{"embeddable":true,"href":"https:\/\/imagazine.it\/home_desk\/wp-json\/wp\/v2\/users\/28"}],"replies":[{"embeddable":true,"href":"https:\/\/imagazine.it\/home_desk\/wp-json\/wp\/v2\/comments?post=53327"}],"wp:featuredmedia":[{"embeddable":true,"href":"https:\/\/imagazine.it\/home_desk\/wp-json\/wp\/v2\/media\/53328"}],"wp:attachment":[{"href":"https:\/\/imagazine.it\/home_desk\/wp-json\/wp\/v2\/media?parent=53327"}],"wp:term":[{"taxonomy":"post_tag","embeddable":true,"href":"https:\/\/imagazine.it\/home_desk\/wp-json\/wp\/v2\/tags?post=53327"},{"taxonomy":"mec_category","embeddable":true,"href":"https:\/\/imagazine.it\/home_desk\/wp-json\/wp\/v2\/mec_category?post=53327"}],"curies":[{"name":"wp","href":"https:\/\/api.w.org\/{rel}","templated":true}]}}

<p><span style="font-size: 10pt;"><em>Opera di Mattia Montanari</em></span></p>
<p>Il Centro Iniziative Culturali Pordenone, con il patrocinio dell’Università degli Studi di Udine, ha inaugurato nei giorni scorsi il nuovo progetto triennale “Dittico FVG &#8211; Art booster”, finalizzato alla valorizzazione dei giovani artisti under 35 che operano in regione per favorirne l’inserimento nei maggiori circuiti espositivi e di mercato.</p>
<p>«Un’iniziativa – spiega la presidente CICP <strong>Maria Francesca Vassallo</strong> – promossa con la consulenza scientifica dello storico dell’arte Alessandro Del Puppo e con il suo gruppo di ricerca dell’Università di Udine. Con “<em>Dittico FVG &#8211; Art Booster</em>” alla Galleria Sagittaria guardiamo con decisione al futuro dell’arte.</p>
<p>Fino al 5 maggio, nella Galleria Sagittaria di Pordenone, sono in esposizione le due mostre curate da <strong>Magalì Cappellaro</strong> assieme ad <strong>Alberto Vidissoni</strong>, dedicate agli artisti <strong>Vittorio Franzolini</strong>, con la sua ricerca fotografica, e <strong>Mattia Montanari</strong> con la sua esperienza pittorica».</p>
<p>Allestite negli spazi della Sagittaria, presso la Casa dello Studente Antonio Zanussi, due sale sono dedicate agli artisti, con un’accurata selezione dei loro lavori più recenti: Vittorio Franzolini presenta una serie fotografica, composta da dodici scatti, attraverso cui si interroga sul concetto di corpo umano cercando risposte al di là dell’individuo e della società contemporanea; la sala dedicata a Mattia Montanari accoglie invece nove dipinti di grandi e medie dimensioni, frutto dell’attenta indagine condotta sul labile confine tra astrazione e figurazione che ha portato l’artista allo sviluppo di un personale discorso sulla decontrazione delle forme canoniche di rappresentazione.</p>
<p>I due giovani artisti chiamati a inaugurare “Dittico FVG &#8211; Art booster” hanno percorsi e modalità espressive profondamente diversi: se Vittorio Franzolini, udinese classe 2000, è cresciuto al fianco del fotoartista e Premio Hemingway Guido Guidi, dopo un diploma in fotografia presso la scuola di formazione specializzata Cfp Bauer di Milano e con un perfezionamento in corso presso l&#8217;ÉCAL di Losanna, Mattia Montanari, nato nel 1991 a San Daniele del Friuli, ha frequentato a Venezia i corsi di Pittura all&#8217;Accademia di Belle Arti, e sempre a Venezia ha lavorato nell&#8217;atelier Oi Va Voi Studio tenendo corsi di stampa sperimentale sul monotipo.</p>
<p>Osserva il curatore scientifico del progetto <strong>Alessandro Del Puppo</strong> che «il destino di un mercato assai volatile come quello dell’arte segnala una controtendenza e una crisi evidente, come dimostra la dolorosa chiusura di tante storiche gallerie d’arte tra Pordenone, Udine e Trieste in questi anni.</p>
<p><em>Dittico FVG. Art booster</em> intende concentrarsi sulla promozione di giovani e meritevoli artisti per offrire loro un’opportunità di visibilità (la mostra), uno strumento atto alla più efficace divulgazione del proprio lavoro (il catalogo) e l’acquisizione di un’opera in una delle più significative collezioni regionali, quella della Fondazione Concordia Sette &#8211; Casa dello Studente A. Zanussi».</p>
<p>La mostra, la 497^ allestita nella storia della Galleria Sagittaria, resterà visitabile fino al 5 maggio con ingresso libero tutti i giorni, in orario 15.00-19.00. Info <a href="http://www.centroculturapordenone.it" target="_blank" rel="noopener">www.centroculturapordenone.it</a></p>
