{"id":53288,"date":"2024-03-29T12:02:42","date_gmt":"2024-03-29T11:02:42","guid":{"rendered":"https:\/\/imagazine.it\/home_desk\/?post_type=mec-events&#038;p=53288"},"modified":"2024-03-29T12:02:42","modified_gmt":"2024-03-29T11:02:42","slug":"giuseppe-albanese-in-concerto-a-monfalcone","status":"publish","type":"mec-events","link":"https:\/\/imagazine.it\/home_desk\/events\/giuseppe-albanese-in-concerto-a-monfalcone\/","title":{"rendered":"Giuseppe Albanese in concerto a Monfalcone"},"content":{"rendered":"<p style=\"font-weight: 400;\">Dopo tre incisioni per la prestigiosa etichetta Deutsche Grammophon, il pianista <strong>Giuseppe\u00a0<\/strong>Albanese propone uno speciale programma dedicato agli autori mitteleuropei che festeggiano gli anniversari di nascita o scomparsa:\u00a0<strong>Ferruccio Busoni<\/strong>\u00a0(100),<strong>\u00a0Leo\u0161 Jan\u00e1\u010dek<\/strong>\u00a0(170) e\u00a0<strong>Arnold Sch\u00f6nberg<\/strong>\u00a0(150).<\/p>\n<p style=\"font-weight: 400;\">Il programma di\u00a0<strong>venerd\u00ec 5 aprile, ore 20.45<\/strong>\u00a0al Comunale \u201cMarlena Bonezzi\u201d di Monfalcone, esplora tre autori mitteleuropei interpreti del passaggio traumatico tra l\u2019Ottocento e il Secolo Breve, nel segno di sperimentazioni e nuovi linguaggi musicali.<\/p>\n<p style=\"font-weight: 400;\">Dall\u2019indefinita e misteriosa intimit\u00e0 del brano\u00a0<em>Nella nebbia<\/em>\u00a0di Jan\u00e1\u010dek, in cui la cultura popolare ceca diventa ispirazione per un linguaggio innovativo e del tutto personale, Albanese passa a\u00a0<em>Sei piccoli pezzi per pianoforte\u00a0<\/em>di Sch\u00f6nberg, sintesi di un pensiero musicale che porter\u00e0, attraverso dissonanze e atonalit\u00e0, a una delle pi\u00f9 dirompenti innovazioni musicali del Novecento.<\/p>\n<p style=\"font-weight: 400;\">Le\u00a0<em>Elegie<\/em>\u00a0e il\u00a0<em>taccuino indiano<\/em>, poi, sono esempi delle ambizioni rivoluzionarie di Busoni, formatosi essenzialmente con Bach e con lo studio approfondito della tecnica trascendentale lisztiana, pure presente nel programma con una delle sue pi\u00f9 pirotecniche fantasie operistiche.<\/p>\n<p style=\"font-weight: 400;\">Tra i pi\u00f9 richiesti pianisti della sua generazione, Albanese ottiene il Premio Venezia a soli 18 anni e pochi anni dopo il primo premio al Vend\u00f4me Prize, concorso pianistico pi\u00f9 prestigioso al mondo. Per l\u2019etichetta Deutsche Grammophon incide il concept album\u00a0<em>Fantasia<\/em>, con musiche di Beethoven, Schubert e Schumann,\u00a0<em>Apr\u00e8s une lecture de Liszt<\/em>, interamente dedicato al compositore ungherese, e\u00a0<em>Invitation to the Dance<\/em>, dedicato al balletto e contenente musiche di Weber, Delibes, Tchaikovsky, Stravinsky, Debussy e Ravel.<\/p>\n<p style=\"font-weight: 400;\">L\u2019incontro col pubblico\u00a0<strong>\u201cDietro le Quinte\u201d<\/strong>\u00a0sar\u00e0 presentato dal musicologo\u00a0<strong>Mauro Masiero<\/strong>, alle 20.00 nel foyer del Bar del Teatro.<\/p>\n","protected":false},"excerpt":{"rendered":"<p>Tra i pi\u00f9 richiesti pianisti della sua generazione, interpreta gli autori mitteleuropei che hanno incarnato il traumatico passaggio tra Otto e Novecento<\/p>\n","protected":false},"author":28,"featured_media":53291,"comment_status":"closed","ping_status":"closed","template":"","tags":[1456,102,261,826,51,55],"mec_category":[99],"class_list":["post-53288","mec-events","type-mec-events","status-publish","has-post-thumbnail","hentry","tag-albanese","tag-concerto","tag-eventi","tag-eventi-fvg","tag-monfalcone","tag-musica","mec_category-music"],"_links":{"self":[{"href":"https:\/\/imagazine.it\/home_desk\/wp-json\/wp\/v2\/mec-events\/53288","targetHints":{"allow":["GET"]}}],"collection":[{"href":"https:\/\/imagazine.it\/home_desk\/wp-json\/wp\/v2\/mec-events"}],"about":[{"href":"https:\/\/imagazine.it\/home_desk\/wp-json\/wp\/v2\/types\/mec-events"}],"author":[{"embeddable":true,"href":"https:\/\/imagazine.it\/home_desk\/wp-json\/wp\/v2\/users\/28"}],"replies":[{"embeddable":true,"href":"https:\/\/imagazine.it\/home_desk\/wp-json\/wp\/v2\/comments?post=53288"}],"wp:featuredmedia":[{"embeddable":true,"href":"https:\/\/imagazine.it\/home_desk\/wp-json\/wp\/v2\/media\/53291"}],"wp:attachment":[{"href":"https:\/\/imagazine.it\/home_desk\/wp-json\/wp\/v2\/media?parent=53288"}],"wp:term":[{"taxonomy":"post_tag","embeddable":true,"href":"https:\/\/imagazine.it\/home_desk\/wp-json\/wp\/v2\/tags?post=53288"},{"taxonomy":"mec_category","embeddable":true,"href":"https:\/\/imagazine.it\/home_desk\/wp-json\/wp\/v2\/mec_category?post=53288"}],"curies":[{"name":"wp","href":"https:\/\/api.w.org\/{rel}","templated":true}]}}

<p style="font-weight: 400;">Dopo tre incisioni per la prestigiosa etichetta Deutsche Grammophon, il pianista <strong>Giuseppe </strong>Albanese propone uno speciale programma dedicato agli autori mitteleuropei che festeggiano gli anniversari di nascita o scomparsa: <strong>Ferruccio Busoni</strong> (100),<strong> Leoš Janáček</strong> (170) e <strong>Arnold Schönberg</strong> (150).</p>
<p style="font-weight: 400;">Il programma di <strong>venerdì 5 aprile, ore 20.45</strong> al Comunale “Marlena Bonezzi” di Monfalcone, esplora tre autori mitteleuropei interpreti del passaggio traumatico tra l’Ottocento e il Secolo Breve, nel segno di sperimentazioni e nuovi linguaggi musicali.</p>
<p style="font-weight: 400;">Dall’indefinita e misteriosa intimità del brano <em>Nella nebbia</em> di Janáček, in cui la cultura popolare ceca diventa ispirazione per un linguaggio innovativo e del tutto personale, Albanese passa a <em>Sei piccoli pezzi per pianoforte </em>di Schönberg, sintesi di un pensiero musicale che porterà, attraverso dissonanze e atonalità, a una delle più dirompenti innovazioni musicali del Novecento.</p>
<p style="font-weight: 400;">Le <em>Elegie</em> e il <em>taccuino indiano</em>, poi, sono esempi delle ambizioni rivoluzionarie di Busoni, formatosi essenzialmente con Bach e con lo studio approfondito della tecnica trascendentale lisztiana, pure presente nel programma con una delle sue più pirotecniche fantasie operistiche.</p>
<p style="font-weight: 400;">Tra i più richiesti pianisti della sua generazione, Albanese ottiene il Premio Venezia a soli 18 anni e pochi anni dopo il primo premio al Vendôme Prize, concorso pianistico più prestigioso al mondo. Per l’etichetta Deutsche Grammophon incide il concept album <em>Fantasia</em>, con musiche di Beethoven, Schubert e Schumann, <em>Après une lecture de Liszt</em>, interamente dedicato al compositore ungherese, e <em>Invitation to the Dance</em>, dedicato al balletto e contenente musiche di Weber, Delibes, Tchaikovsky, Stravinsky, Debussy e Ravel.</p>
<p style="font-weight: 400;">L’incontro col pubblico <strong>“Dietro le Quinte”</strong> sarà presentato dal musicologo <strong>Mauro Masiero</strong>, alle 20.00 nel foyer del Bar del Teatro.</p>

<p>Tra i più richiesti pianisti della sua generazione, interpreta gli autori mitteleuropei che hanno incarnato il traumatico passaggio tra Otto e Novecento</p>
