{"id":53234,"date":"2024-03-28T15:53:34","date_gmt":"2024-03-28T14:53:34","guid":{"rendered":"https:\/\/imagazine.it\/home_desk\/?post_type=mec-events&#038;p=53234"},"modified":"2024-03-28T15:53:34","modified_gmt":"2024-03-28T14:53:34","slug":"il-punto-di-vista-dei-giovani-sul-benessere-sociale","status":"publish","type":"mec-events","link":"https:\/\/imagazine.it\/home_desk\/events\/il-punto-di-vista-dei-giovani-sul-benessere-sociale\/","title":{"rendered":"Il punto di vista dei giovani sul benessere sociale"},"content":{"rendered":"<p>Dopo Lignano, arriva a Gorizia \u201c<em>The Human Touch \u2013 prospettive a confronto sul benessere sociale\u201d<\/em>, mostra realizzata da ARTESS \u2013 Association for Research and Training on Emotional Support Skills con il finanziamento della Regione Friuli Venezia Giulia, in partnership con il Comune di Gorizia &#8211; Assessorato alle Politiche Giovanili e Politiche Universitarie, la collaborazione del Punto Giovani di Gorizia e del Polo Liceale di Gorizia.<\/p>\n<p>L\u2019esposizione sar\u00e0 visitabile alla sala espositiva dell\u2019<strong>Auditorium<\/strong> di via Roma 5 <strong>dal 4 al 14 aprile<\/strong>, <strong>da gioved\u00ec a domenica, dalle 10 alle 13 e dalle 16 alle 19, con ingresso libero<\/strong>.<\/p>\n<p>L\u2019inaugurazione si svolger\u00e0 gioved\u00ec 4 aprile alle 18, dopo la conferenza\/incontro con gli studenti, in programma alle 14.30 al liceo Slataper di Gorizia, sul tema \u201cCreativit\u00e0 e benessere\u201d.<\/p>\n<p>\u00ab<em>Oggi pi\u00f9 che mai si parla molto di benessere sociale, quindi fin dal momento in cui abbiamo ricevuto la richiesta di collaborazione da parte dell\u2019associazione ARTESS abbiamo creduto nel progetto. I giovani, grazie al percorso di PCTO (ex alternanza scuola lavoro), saranno i ciceroni dell\u2019esposizione, ma non solo. Assieme alla dirigente scolastica Petitti e alla stessa associazione abbiamo pensato a una conferenza di apertura proprio sul benessere emozionale che si terr\u00e0 allo Slataper, in cui saranno coinvolti non solo gli studenti ma anche le loro famiglie<\/em>\u00bb, ha spiegato l\u2019assessore alle Politiche giovanili del Comune di Gorizia, <strong>Chiara Gatta<\/strong>.<\/p>\n<p>\u00ab<em>Occuparsi della salute sociale oggi \u00e8 altrettanto importante che prendersi cura della propria salute fisica e mentale<\/em> \u2013 ha sottolineato <strong>Diana Rucli<\/strong>, presidente di ARTESS \u2013. <em>La capacit\u00e0 di stare nelle relazioni interpersonali in modo consapevole, rispettoso e gentile procura benessere a tutti i livelli e aiuta a gestire l\u2019ansia sociale, un fenomeno in aumento soprattutto tra i pi\u00f9 giovani. In questo senso, \u00e8 provato che esprimere la propria creativit\u00e0 e il proprio immaginario attraverso il linguaggio artistico, in tutte le sue forme, rappresenti un\u2019efficace e stimolante possibilit\u00e0 anche per aprirsi e comunicare con gli altri, condividere la bellezza e ricchezza che ognuno porta, rafforzare la socialit\u00e0 e promuovere il benessere. La mostra \u201cThe Human Touch\u201d prova a favorire questo dialogo e a coinvolgere anche i visitatori in questa prospettiva<\/em>\u00bb.<\/p>\n<p>Saranno esposti i lavori realizzati dagli studenti che hanno partecipato ai percorsi formativi \u201cTessere\u201d e \u201cSmile\u201d, dal collettivo Intuitive Painting di Telefonseelsorge Bonn \u2013 Progetto \u201cRooms of the Soul\u201d e dagli artisti <strong>Mattia Campo Dall\u2019Orto, Davide Marizza, Sofia Cappello, Nicole Coceancig, Rossella Damiani, Glauco Fanna, Eva Miola, Annalisa Nardin, Erika Zucchiatti<\/strong>.<\/p>\n<p>La mostra sar\u00e0 arricchita da un catalogo online multilingue <a href=\"https:\/\/thehumantouch.art-ess.org\" target=\"_blank\" rel=\"noopener\">https:\/\/thehumantouch.art-ess.org<\/a> in italiano, friulano, inglese, tedesco, francese e sloveno, grazie alle traduzioni degli studenti del <strong>Liceo Percoto<\/strong> e dell\u2019<strong>Educandato<\/strong> <strong>Statale Collegio Uccellis<\/strong> di Udine, con la supervisione di IFOTES &#8211; International Federation of Telephone Emergency Services, e dello Sportel pe lenghe furlane de ARLeF per il friulano.<\/p>\n<p>Gli studenti del Polo Liceale di Gorizia saranno presenti come ciceroni per illustrare i lavori in mostra alle classi e ai gruppi che prenoteranno le visite guidate (per info: whatsapp 320 9515134).<\/p>\n<h3><strong>THE HUMAN TOUCH<\/strong><\/h3>\n<p>Lo \u201cHuman Touch\u201d e\u0300 un modo gentile e amichevole di trattare le persone che permette loro di sentirsi bene. Il progetto nasce in un periodo in cui fare esperienza di questa caratteristica dell\u2019umano e ritrovare fiducia nelle relazioni sociali assume un significato sempre pi\u00f9 rilevante per le nostre vite. La finalit\u00e0 di \u201cThe Human Touch\u201d \u00e8 quella di favorire, attraverso una mostra dedicata al tema del benessere sociale, la comunicazione e il dialogo tra le nuove generazioni, gli adulti e i diversi segmenti della societ\u00e0, valorizzando creativit\u00e0, linguaggi e prospettive originali, variet\u00e0 linguistica e culturale, e promuovendo l\u2019opportunit\u00e0 \u2013 soprattutto per i pi\u00f9 giovani \u2013 di esprimersi in una modalit\u00e0 relazionale caratterizzata da attenzione, rispetto e gentilezza.<\/p>\n","protected":false},"excerpt":{"rendered":"<p>L&#8217;Auditorium di Gorizia ospiter\u00e0 \u201cThe human touch\u201d: esposti i lavori realizzati dagli studenti dei percorsi formativi \u201cTessere\u201d e \u201cSmile\u201d<\/p>\n","protected":false},"author":3,"featured_media":53236,"comment_status":"closed","ping_status":"closed","template":"","tags":[363,261,826,43,60,129,128],"mec_category":[59],"class_list":["post-53234","mec-events","type-mec-events","status-publish","has-post-thumbnail","hentry","tag-benessere","tag-eventi","tag-eventi-fvg","tag-gorizia","tag-mostre","tag-scuola","tag-studenti","mec_category-meeting"],"_links":{"self":[{"href":"https:\/\/imagazine.it\/home_desk\/wp-json\/wp\/v2\/mec-events\/53234","targetHints":{"allow":["GET"]}}],"collection":[{"href":"https:\/\/imagazine.it\/home_desk\/wp-json\/wp\/v2\/mec-events"}],"about":[{"href":"https:\/\/imagazine.it\/home_desk\/wp-json\/wp\/v2\/types\/mec-events"}],"author":[{"embeddable":true,"href":"https:\/\/imagazine.it\/home_desk\/wp-json\/wp\/v2\/users\/3"}],"replies":[{"embeddable":true,"href":"https:\/\/imagazine.it\/home_desk\/wp-json\/wp\/v2\/comments?post=53234"}],"wp:featuredmedia":[{"embeddable":true,"href":"https:\/\/imagazine.it\/home_desk\/wp-json\/wp\/v2\/media\/53236"}],"wp:attachment":[{"href":"https:\/\/imagazine.it\/home_desk\/wp-json\/wp\/v2\/media?parent=53234"}],"wp:term":[{"taxonomy":"post_tag","embeddable":true,"href":"https:\/\/imagazine.it\/home_desk\/wp-json\/wp\/v2\/tags?post=53234"},{"taxonomy":"mec_category","embeddable":true,"href":"https:\/\/imagazine.it\/home_desk\/wp-json\/wp\/v2\/mec_category?post=53234"}],"curies":[{"name":"wp","href":"https:\/\/api.w.org\/{rel}","templated":true}]}}

<p>Dopo Lignano, arriva a Gorizia “<em>The Human Touch – prospettive a confronto sul benessere sociale”</em>, mostra realizzata da ARTESS – Association for Research and Training on Emotional Support Skills con il finanziamento della Regione Friuli Venezia Giulia, in partnership con il Comune di Gorizia &#8211; Assessorato alle Politiche Giovanili e Politiche Universitarie, la collaborazione del Punto Giovani di Gorizia e del Polo Liceale di Gorizia.</p>
<p>L’esposizione sarà visitabile alla sala espositiva dell’<strong>Auditorium</strong> di via Roma 5 <strong>dal 4 al 14 aprile</strong>, <strong>da giovedì a domenica, dalle 10 alle 13 e dalle 16 alle 19, con ingresso libero</strong>.</p>
<p>L’inaugurazione si svolgerà giovedì 4 aprile alle 18, dopo la conferenza/incontro con gli studenti, in programma alle 14.30 al liceo Slataper di Gorizia, sul tema “Creatività e benessere”.</p>
<p>«<em>Oggi più che mai si parla molto di benessere sociale, quindi fin dal momento in cui abbiamo ricevuto la richiesta di collaborazione da parte dell’associazione ARTESS abbiamo creduto nel progetto. I giovani, grazie al percorso di PCTO (ex alternanza scuola lavoro), saranno i ciceroni dell’esposizione, ma non solo. Assieme alla dirigente scolastica Petitti e alla stessa associazione abbiamo pensato a una conferenza di apertura proprio sul benessere emozionale che si terrà allo Slataper, in cui saranno coinvolti non solo gli studenti ma anche le loro famiglie</em>», ha spiegato l’assessore alle Politiche giovanili del Comune di Gorizia, <strong>Chiara Gatta</strong>.</p>
<p>«<em>Occuparsi della salute sociale oggi è altrettanto importante che prendersi cura della propria salute fisica e mentale</em> – ha sottolineato <strong>Diana Rucli</strong>, presidente di ARTESS –. <em>La capacità di stare nelle relazioni interpersonali in modo consapevole, rispettoso e gentile procura benessere a tutti i livelli e aiuta a gestire l’ansia sociale, un fenomeno in aumento soprattutto tra i più giovani. In questo senso, è provato che esprimere la propria creatività e il proprio immaginario attraverso il linguaggio artistico, in tutte le sue forme, rappresenti un’efficace e stimolante possibilità anche per aprirsi e comunicare con gli altri, condividere la bellezza e ricchezza che ognuno porta, rafforzare la socialità e promuovere il benessere. La mostra “The Human Touch” prova a favorire questo dialogo e a coinvolgere anche i visitatori in questa prospettiva</em>».</p>
<p>Saranno esposti i lavori realizzati dagli studenti che hanno partecipato ai percorsi formativi “Tessere” e “Smile”, dal collettivo Intuitive Painting di Telefonseelsorge Bonn – Progetto “Rooms of the Soul” e dagli artisti <strong>Mattia Campo Dall’Orto, Davide Marizza, Sofia Cappello, Nicole Coceancig, Rossella Damiani, Glauco Fanna, Eva Miola, Annalisa Nardin, Erika Zucchiatti</strong>.</p>
<p>La mostra sarà arricchita da un catalogo online multilingue <a href="https://thehumantouch.art-ess.org" target="_blank" rel="noopener">https://thehumantouch.art-ess.org</a> in italiano, friulano, inglese, tedesco, francese e sloveno, grazie alle traduzioni degli studenti del <strong>Liceo Percoto</strong> e dell’<strong>Educandato</strong> <strong>Statale Collegio Uccellis</strong> di Udine, con la supervisione di IFOTES &#8211; International Federation of Telephone Emergency Services, e dello Sportel pe lenghe furlane de ARLeF per il friulano.</p>
<p>Gli studenti del Polo Liceale di Gorizia saranno presenti come ciceroni per illustrare i lavori in mostra alle classi e ai gruppi che prenoteranno le visite guidate (per info: whatsapp 320 9515134).</p>
<h3><strong>THE HUMAN TOUCH</strong></h3>
<p>Lo “Human Touch” è un modo gentile e amichevole di trattare le persone che permette loro di sentirsi bene. Il progetto nasce in un periodo in cui fare esperienza di questa caratteristica dell’umano e ritrovare fiducia nelle relazioni sociali assume un significato sempre più rilevante per le nostre vite. La finalità di “The Human Touch” è quella di favorire, attraverso una mostra dedicata al tema del benessere sociale, la comunicazione e il dialogo tra le nuove generazioni, gli adulti e i diversi segmenti della società, valorizzando creatività, linguaggi e prospettive originali, varietà linguistica e culturale, e promuovendo l’opportunità – soprattutto per i più giovani – di esprimersi in una modalità relazionale caratterizzata da attenzione, rispetto e gentilezza.</p>

<p>L&#8217;Auditorium di Gorizia ospiterà “The human touch”: esposti i lavori realizzati dagli studenti dei percorsi formativi “Tessere” e “Smile”</p>
