{"id":52971,"date":"2024-03-22T12:00:15","date_gmt":"2024-03-22T11:00:15","guid":{"rendered":"https:\/\/imagazine.it\/home_desk\/?post_type=mec-events&#038;p=52971"},"modified":"2024-08-22T16:18:48","modified_gmt":"2024-08-22T14:18:48","slug":"alfa-in-concerto-a-monfalcone","status":"publish","type":"mec-events","link":"https:\/\/imagazine.it\/home_desk\/events\/alfa-in-concerto-a-monfalcone\/","title":{"rendered":"Alfa in concerto a Monfalcone"},"content":{"rendered":"<p style=\"font-weight: 400;\">Torna a <strong>Monfalcone\u00a0<\/strong>il\u00a0<strong>Generation Young Festival<\/strong>.<\/p>\n<p style=\"font-weight: 400;\">Star dell\u2019edizione 2024 della rassegna sar\u00e0 il cantautore genovese\u00a0<strong>Alfa<\/strong>, rivelazione di Sanremo e idolo dei social, in concerto in <strong>Piazza della Repubblica<\/strong>\u00a0<strong>domenica 25 agosto<\/strong> (inizio alle ore 21.00).<\/p>\n<p>La serata sar\u00e0 aperta dai rapper locali <strong>Hotice e Raspa<\/strong>, selezionati ex aequo attraverso un contest presso il Centro Giovani Innovation Young che ha visto esibirsi nove finalisti, arrivati da tutto il Triveneto e selezionati da una commissione artistica composta da esperti provenienti da tutta la regione.<\/p>\n<h3>Il nuovo album<\/h3>\n<p style=\"font-weight: 400;\"><strong>Alfa\u00a0<\/strong>annuncia le prime date del nuovo tour estivo che partir\u00e0 a maggio. \u201c<em><strong>NON SO CHI HA CREATO IL MONDO MA SO CHE ERA INNAMORATO TOUR ESTIVO<\/strong><\/em>\u201d prende il nome dal suo nuovo lavoro uscito il 16 febbraio.<\/p>\n<p style=\"font-weight: 400;\">L&#8217;album, composto da dieci canzoni, contiene \u201c<em><strong>Vai!<\/strong><\/em>\u201d (certificato disco d&#8217;oro), il brano presentato al\u00a0\u00a0<strong>Festival di Sanremo<\/strong> con cui ha conquistato giovani e meno giovani, insieme all&#8217;emozionante duetto con Roberto Vecchioni,\u00a0 portandolo ad essere considerato la rivelazione del Festival.\u00a0 Alfa, con la sua musica, riesce a portare il suo immaginario e a trasmettere i valori e gli ideali in cui crede.<\/p>\n<h3>Il prologo<\/h3>\n<p style=\"font-weight: 400;\">Ad anticipare il concerto di Alfa ci sar\u00e0 l\u2019evento\u00a0<em><strong>Random \u2013 Una Festa a Caso<\/strong><\/em>, in programma sempre in\u00a0<strong>Piazza della Repubblica<\/strong>\u00a0il giorno precedente,\u00a0<strong>sabato 24 agosto<\/strong>\u00a0(ore 21.00).<\/p>\n<p style=\"font-weight: 400;\"><em>Random<\/em> ha una sola regola fondamentale: vestirsi a caso. La musica viene pescata a caso tra i pi\u00f9 grandi successi di tutti i tempi, spaziando a caso da un genere all\u2019altro. Il format da oltre 10 anni fa ballare migliaia di ragazzi nei principali locali, piazze e spiagge di tutta Italia. L\u2019evento \u00e8 a\u00a0<strong>ingresso libero<\/strong>.<\/p>\n<p style=\"font-weight: 400;\">Ma il <strong>Generation Young Festival<\/strong> non si ferma qui.<\/p>\n<p style=\"font-weight: 400;\">Oltre ai due eventi principali prodotti insieme a Zenit s.r.l., il centro urbano &#8211; in particolare piazza Cavour e piazza Unit\u00e0 d\u2019Italia &#8211; ospiter\u00e0 il Generation Village, un\u2019area dedicata ad artisti, cantanti, espositori, aziende e associazioni sportive, tutte composte da giovani tra i 14 e i 35 anni.<\/p>\n<p style=\"font-weight: 400;\">Piazza Cavour e Piazza Unit\u00e0 d\u2019Italia saranno il cuore pulsante di queste attivit\u00e0 collaterali, curate con passione dalle Associazioni World Music e Attic Aps. E proprio all\u2019interno del Village i giovani talenti che hanno partecipato al contest del Centro Giovani avranno l\u2019opportunit\u00e0 di esibirsi e di far conoscere la propria arte.<\/p>\n<p style=\"font-weight: 400;\">L\u2019inaugurazione ufficiale del festival e l\u2019apertura del Generation Village si terranno sabato 24 agosto alle ore 18:30, presso il palco allestito in Piazza Unit\u00e0 d\u2019Italia.<\/p>\n<p style=\"font-weight: 400;\">I varchi di accesso a piazza della Repubblica saranno posizionati in via Battisti e in via Sant\u2019Ambrogio.<\/p>\n<p style=\"font-weight: 400;\">Al fine di venire incontro alle esigenze delle attivit\u00e0 commerciali presenti in Piazza della Repubblica, i locali Caf\u00e9 La Dolce Vita, Osteria la Rocca, il Caff\u00e8 Municipio e la paninoteca Nina e Mim\u00ec sono stati inseriti all\u2019interno dell\u2019\u201dArea concerto\u201d e, come scelto dalle stesse attivit\u00e0 commerciali, per accedere ai quali, nella serata del concerto di Alfa, sar\u00e0 necessario essere muniti di biglietto.<\/p>\n","protected":false},"excerpt":{"rendered":"<p>La rivelazione dell&#8217;ultimo Festival di Sanremo sar\u00e0 la star del Generation Young Festival: esibizione in piazza della Repubblica<\/p>\n","protected":false},"author":28,"featured_media":52973,"comment_status":"closed","ping_status":"closed","template":"","tags":[1362,102,261,826,1363,51,55],"mec_category":[99],"class_list":["post-52971","mec-events","type-mec-events","status-publish","has-post-thumbnail","hentry","tag-alfa","tag-concerto","tag-eventi","tag-eventi-fvg","tag-generation-young-festival","tag-monfalcone","tag-musica","mec_category-music"],"_links":{"self":[{"href":"https:\/\/imagazine.it\/home_desk\/wp-json\/wp\/v2\/mec-events\/52971","targetHints":{"allow":["GET"]}}],"collection":[{"href":"https:\/\/imagazine.it\/home_desk\/wp-json\/wp\/v2\/mec-events"}],"about":[{"href":"https:\/\/imagazine.it\/home_desk\/wp-json\/wp\/v2\/types\/mec-events"}],"author":[{"embeddable":true,"href":"https:\/\/imagazine.it\/home_desk\/wp-json\/wp\/v2\/users\/28"}],"replies":[{"embeddable":true,"href":"https:\/\/imagazine.it\/home_desk\/wp-json\/wp\/v2\/comments?post=52971"}],"wp:featuredmedia":[{"embeddable":true,"href":"https:\/\/imagazine.it\/home_desk\/wp-json\/wp\/v2\/media\/52973"}],"wp:attachment":[{"href":"https:\/\/imagazine.it\/home_desk\/wp-json\/wp\/v2\/media?parent=52971"}],"wp:term":[{"taxonomy":"post_tag","embeddable":true,"href":"https:\/\/imagazine.it\/home_desk\/wp-json\/wp\/v2\/tags?post=52971"},{"taxonomy":"mec_category","embeddable":true,"href":"https:\/\/imagazine.it\/home_desk\/wp-json\/wp\/v2\/mec_category?post=52971"}],"curies":[{"name":"wp","href":"https:\/\/api.w.org\/{rel}","templated":true}]}}

<p style="font-weight: 400;">Torna a <strong>Monfalcone </strong>il <strong>Generation Young Festival</strong>.</p>
<p style="font-weight: 400;">Star dell’edizione 2024 della rassegna sarà il cantautore genovese <strong>Alfa</strong>, rivelazione di Sanremo e idolo dei social, in concerto in <strong>Piazza della Repubblica</strong> <strong>domenica 25 agosto</strong> (inizio alle ore 21.00).</p>
<p>La serata sarà aperta dai rapper locali <strong>Hotice e Raspa</strong>, selezionati ex aequo attraverso un contest presso il Centro Giovani Innovation Young che ha visto esibirsi nove finalisti, arrivati da tutto il Triveneto e selezionati da una commissione artistica composta da esperti provenienti da tutta la regione.</p>
<h3>Il nuovo album</h3>
<p style="font-weight: 400;"><strong>Alfa </strong>annuncia le prime date del nuovo tour estivo che partirà a maggio. “<em><strong>NON SO CHI HA CREATO IL MONDO MA SO CHE ERA INNAMORATO TOUR ESTIVO</strong></em>” prende il nome dal suo nuovo lavoro uscito il 16 febbraio.</p>
<p style="font-weight: 400;">L&#8217;album, composto da dieci canzoni, contiene “<em><strong>Vai!</strong></em>” (certificato disco d&#8217;oro), il brano presentato al  <strong>Festival di Sanremo</strong> con cui ha conquistato giovani e meno giovani, insieme all&#8217;emozionante duetto con Roberto Vecchioni,  portandolo ad essere considerato la rivelazione del Festival.  Alfa, con la sua musica, riesce a portare il suo immaginario e a trasmettere i valori e gli ideali in cui crede.</p>
<h3>Il prologo</h3>
<p style="font-weight: 400;">Ad anticipare il concerto di Alfa ci sarà l’evento <em><strong>Random – Una Festa a Caso</strong></em>, in programma sempre in <strong>Piazza della Repubblica</strong> il giorno precedente, <strong>sabato 24 agosto</strong> (ore 21.00).</p>
<p style="font-weight: 400;"><em>Random</em> ha una sola regola fondamentale: vestirsi a caso. La musica viene pescata a caso tra i più grandi successi di tutti i tempi, spaziando a caso da un genere all’altro. Il format da oltre 10 anni fa ballare migliaia di ragazzi nei principali locali, piazze e spiagge di tutta Italia. L’evento è a <strong>ingresso libero</strong>.</p>
<p style="font-weight: 400;">Ma il <strong>Generation Young Festival</strong> non si ferma qui.</p>
<p style="font-weight: 400;">Oltre ai due eventi principali prodotti insieme a Zenit s.r.l., il centro urbano &#8211; in particolare piazza Cavour e piazza Unità d’Italia &#8211; ospiterà il Generation Village, un’area dedicata ad artisti, cantanti, espositori, aziende e associazioni sportive, tutte composte da giovani tra i 14 e i 35 anni.</p>
<p style="font-weight: 400;">Piazza Cavour e Piazza Unità d’Italia saranno il cuore pulsante di queste attività collaterali, curate con passione dalle Associazioni World Music e Attic Aps. E proprio all’interno del Village i giovani talenti che hanno partecipato al contest del Centro Giovani avranno l’opportunità di esibirsi e di far conoscere la propria arte.</p>
<p style="font-weight: 400;">L’inaugurazione ufficiale del festival e l’apertura del Generation Village si terranno sabato 24 agosto alle ore 18:30, presso il palco allestito in Piazza Unità d’Italia.</p>
<p style="font-weight: 400;">I varchi di accesso a piazza della Repubblica saranno posizionati in via Battisti e in via Sant’Ambrogio.</p>
<p style="font-weight: 400;">Al fine di venire incontro alle esigenze delle attività commerciali presenti in Piazza della Repubblica, i locali Café La Dolce Vita, Osteria la Rocca, il Caffè Municipio e la paninoteca Nina e Mimì sono stati inseriti all’interno dell’”Area concerto” e, come scelto dalle stesse attività commerciali, per accedere ai quali, nella serata del concerto di Alfa, sarà necessario essere muniti di biglietto.</p>

<p>La rivelazione dell&#8217;ultimo Festival di Sanremo sarà la star del Generation Young Festival: esibizione in piazza della Repubblica</p>
