{"id":52949,"date":"2024-03-21T15:30:51","date_gmt":"2024-03-21T14:30:51","guid":{"rendered":"https:\/\/imagazine.it\/home_desk\/?post_type=mec-events&#038;p=52949"},"modified":"2024-03-21T15:30:51","modified_gmt":"2024-03-21T14:30:51","slug":"note-per-un-confronto-eretico","status":"publish","type":"mec-events","link":"https:\/\/imagazine.it\/home_desk\/events\/note-per-un-confronto-eretico\/","title":{"rendered":"Note per un confronto eretico"},"content":{"rendered":"<p>Sabato 23 marzo alle 17.30 la <strong>Biblioteca Guarneriana di San Daniele del Friuli<\/strong> ospiter\u00e0 un incontro extra-ordinario: l\u2019esposizione al pubblico della copia manoscritta del \u201c<em>De Civitate Dei<\/em>\u201d di Sant\u2019Agostino che sar\u00e0 lo spunto di riflessione nel segno di bellezza e fede, di misticismo e umanit\u00e0 dal titolo \u201c<em>Sant&#8217;Agostino e Primo\u017e Trubar note per un confronto eretico<\/em>&#8220;.<\/p>\n<p>Il dialogo sar\u00e0 fra <strong>Angelo Floramo<\/strong>, consulente scientifico della Biblioteca e raffinato intellettuale, il teologo e rettore della Basilica di Aquileia <strong>Andrea Bellavite<\/strong> e <strong>Igor Komel<\/strong>, direttore del Kulturni dom di Gorizia e artefice di dialogo fra culture.<\/p>\n<h3><strong>Una prima volta<\/strong><\/h3>\n<p>Per la prima volta saranno intrecciati i fili storici e culturali che collegarono l\u2019umanista sloveno, primo traduttore della Sacra Bibbia nella sua lingua madre, per questo accusato di eresia dalla Santa Inquisizione, con uno dei Padri della Chiesa pi\u00f9 letti e studiati in epoca Medievale e Rinascimentale. Umanit\u00e0 e fede, in un camino di ricerca e di incontro possibile fra bellezza e spiritualit\u00e0 cristiana.<\/p>\n<h3><strong>Guarniero d\u2019Artegna. Mecenate di San Daniele<\/strong><\/h3>\n<p>Tema questo caro a Guarnerio d&#8217;Artegna che nel XV secolo volle istituire varie officine librarie nella cittadina collinare chiamando a collaborare Michele Salvatico uno dei copisti pi\u00f9 celebrati del Patriarcato di Aquileia. Il codice, rilegato cucendo insieme 400 pergamene di straordinaria fattura e trascritto il 6 di dicembre del 1450, fu donato alla comunit\u00e0 nel 1466. Le pagine sono mirabilmente miniate in oro zecchino e in lamina d\u2019oro utilizzando una tavolozza di pigmenti pregiati. Un manoscritto opera d\u2019arte e cultura fra le pi\u00f9 preziose della Regione.<\/p>\n<h3><strong>Bellezza e sapienza nel \u2018400<\/strong><\/h3>\n<p>Bellezza e sapienza, intreccio e veicolo di fortissima seduzione, secondo i parametri della cultura nuova, che si impose nel Quattrocento proponendone l\u2019abbraccio sublime. Tra l\u2019altro il codice riporta in apertura dell\u2019opera il fregio dello stesso Guarnerio, emblema rarissimo a vedersi altrove rappresentante un cavallo rampante nero sulla torre di un castello che si suppone sia il castello d\u2019Artegna, probabile luogo d\u2019origine della famiglia del dotto umanista friulano.<\/p>\n<h3><strong>Propedeutico alla Settimana Santa<\/strong><\/h3>\n<p>Un\u2019occasione unica quella offerta dall\u2019incontro, promosso dalla Biblioteca in collaborazione con la basilica di Aquileia e il Kulturni dom di Gorizia per l\u2019inizio della Settimana Santa nel segno dell\u2019Umano e della Parola del vescovo d&#8217;Ippona santo che amava ripetere che l\u2019Uomo deve saper cercare Dio non nella magnificenza del Tempio, ma piuttosto nelle pi\u00f9 intime profondit\u00e0 della sua anima, con cuore inquieto e inesausta ricerca di Verit\u00e0.<\/p>\n<p><em>Margherita Reguitti<\/em><\/p>\n","protected":false},"excerpt":{"rendered":"<p>Riflessione sulle figure di Sant&#8217;Agostino e Primo\u017e Trubar, con l\u2019esposizione al pubblico della copia manoscritta del \u201cDe Civitate Dei\u201d  <\/p>\n","protected":false},"author":23,"featured_media":52950,"comment_status":"closed","ping_status":"closed","template":"","tags":[1354,261,826,1355,365,1353],"mec_category":[59],"class_list":["post-52949","mec-events","type-mec-events","status-publish","has-post-thumbnail","hentry","tag-bellavite","tag-eventi","tag-eventi-fvg","tag-komel","tag-san-daniele","tag-santagostino","mec_category-meeting"],"_links":{"self":[{"href":"https:\/\/imagazine.it\/home_desk\/wp-json\/wp\/v2\/mec-events\/52949","targetHints":{"allow":["GET"]}}],"collection":[{"href":"https:\/\/imagazine.it\/home_desk\/wp-json\/wp\/v2\/mec-events"}],"about":[{"href":"https:\/\/imagazine.it\/home_desk\/wp-json\/wp\/v2\/types\/mec-events"}],"author":[{"embeddable":true,"href":"https:\/\/imagazine.it\/home_desk\/wp-json\/wp\/v2\/users\/23"}],"replies":[{"embeddable":true,"href":"https:\/\/imagazine.it\/home_desk\/wp-json\/wp\/v2\/comments?post=52949"}],"wp:featuredmedia":[{"embeddable":true,"href":"https:\/\/imagazine.it\/home_desk\/wp-json\/wp\/v2\/media\/52950"}],"wp:attachment":[{"href":"https:\/\/imagazine.it\/home_desk\/wp-json\/wp\/v2\/media?parent=52949"}],"wp:term":[{"taxonomy":"post_tag","embeddable":true,"href":"https:\/\/imagazine.it\/home_desk\/wp-json\/wp\/v2\/tags?post=52949"},{"taxonomy":"mec_category","embeddable":true,"href":"https:\/\/imagazine.it\/home_desk\/wp-json\/wp\/v2\/mec_category?post=52949"}],"curies":[{"name":"wp","href":"https:\/\/api.w.org\/{rel}","templated":true}]}}

<p>Sabato 23 marzo alle 17.30 la <strong>Biblioteca Guarneriana di San Daniele del Friuli</strong> ospiterà un incontro extra-ordinario: l’esposizione al pubblico della copia manoscritta del “<em>De Civitate Dei</em>” di Sant’Agostino che sarà lo spunto di riflessione nel segno di bellezza e fede, di misticismo e umanità dal titolo “<em>Sant&#8217;Agostino e Primož Trubar note per un confronto eretico</em>&#8220;.</p>
<p>Il dialogo sarà fra <strong>Angelo Floramo</strong>, consulente scientifico della Biblioteca e raffinato intellettuale, il teologo e rettore della Basilica di Aquileia <strong>Andrea Bellavite</strong> e <strong>Igor Komel</strong>, direttore del Kulturni dom di Gorizia e artefice di dialogo fra culture.</p>
<h3><strong>Una prima volta</strong></h3>
<p>Per la prima volta saranno intrecciati i fili storici e culturali che collegarono l’umanista sloveno, primo traduttore della Sacra Bibbia nella sua lingua madre, per questo accusato di eresia dalla Santa Inquisizione, con uno dei Padri della Chiesa più letti e studiati in epoca Medievale e Rinascimentale. Umanità e fede, in un camino di ricerca e di incontro possibile fra bellezza e spiritualità cristiana.</p>
<h3><strong>Guarniero d’Artegna. Mecenate di San Daniele</strong></h3>
<p>Tema questo caro a Guarnerio d&#8217;Artegna che nel XV secolo volle istituire varie officine librarie nella cittadina collinare chiamando a collaborare Michele Salvatico uno dei copisti più celebrati del Patriarcato di Aquileia. Il codice, rilegato cucendo insieme 400 pergamene di straordinaria fattura e trascritto il 6 di dicembre del 1450, fu donato alla comunità nel 1466. Le pagine sono mirabilmente miniate in oro zecchino e in lamina d’oro utilizzando una tavolozza di pigmenti pregiati. Un manoscritto opera d’arte e cultura fra le più preziose della Regione.</p>
<h3><strong>Bellezza e sapienza nel ‘400</strong></h3>
<p>Bellezza e sapienza, intreccio e veicolo di fortissima seduzione, secondo i parametri della cultura nuova, che si impose nel Quattrocento proponendone l’abbraccio sublime. Tra l’altro il codice riporta in apertura dell’opera il fregio dello stesso Guarnerio, emblema rarissimo a vedersi altrove rappresentante un cavallo rampante nero sulla torre di un castello che si suppone sia il castello d’Artegna, probabile luogo d’origine della famiglia del dotto umanista friulano.</p>
<h3><strong>Propedeutico alla Settimana Santa</strong></h3>
<p>Un’occasione unica quella offerta dall’incontro, promosso dalla Biblioteca in collaborazione con la basilica di Aquileia e il Kulturni dom di Gorizia per l’inizio della Settimana Santa nel segno dell’Umano e della Parola del vescovo d&#8217;Ippona santo che amava ripetere che l’Uomo deve saper cercare Dio non nella magnificenza del Tempio, ma piuttosto nelle più intime profondità della sua anima, con cuore inquieto e inesausta ricerca di Verità.</p>
<p><em>Margherita Reguitti</em></p>

<p>Riflessione sulle figure di Sant&#8217;Agostino e Primož Trubar, con l’esposizione al pubblico della copia manoscritta del “De Civitate Dei”  </p>
