{"id":52886,"date":"2024-03-19T18:23:52","date_gmt":"2024-03-19T17:23:52","guid":{"rendered":"https:\/\/imagazine.it\/home_desk\/?post_type=mec-events&#038;p=52886"},"modified":"2024-03-19T18:23:52","modified_gmt":"2024-03-19T17:23:52","slug":"linferiorita-mentale-della-donna-176-882-193","status":"publish","type":"mec-events","link":"https:\/\/imagazine.it\/home_desk\/events\/linferiorita-mentale-della-donna-176-882-193\/","title":{"rendered":"L\u2019inferiorit\u00e0 mentale della donna"},"content":{"rendered":"<p>Conto alla rovescia per il debutto in regione de \u2018L\u2019inferiorit\u00e0 mentale della donna\u2019 un evergreen del pensiero reazionario tra musica e parole, liberamente ispirato al trattato \u201cL\u2019inferiorit\u00e0 mentale della donna\u201d di Paul Julius Moebius,\u00a0 di Giovanna Gra, con una straordinaria <strong>Veronica Pivetti<\/strong>, accompagnata dagli interventi musicali di <strong>Anselmo Luisi<\/strong>. La regia porta la firma di <strong>Gra&amp;Mramor<\/strong>, la colonna sonora e gli arrangiamenti quella di <strong>Alessandro Nidi<\/strong> e la produzione \u00e8 targata ArtistiAssociati Centro di Produzione Teatrale di Gorizia in collaborazione con Pigra srl.<\/p>\n<p>La prima regionale sar\u00e0 proposta al Teatro Comunale di Cormons gioved\u00ec 21 marzo, alle 21. Proseguir\u00e0 poi nel circuito Ert: venerd\u00ec 22 marzo, alle 20.45 al Teatro Plinio Clabassi di Sedegliano, sabato 23 marzo, alle 20.45, al Teatro Verdi di Maniago e domenica 24 marzo, alle 17.30 al Teatro comunale Gozzi di Pasiano di Pordenone.<\/p>\n<p>L\u2019idea che le donne siano state considerate, per secoli, fisiologicamente deficienti pu\u00f2 suggerirci qualcosa? Lo \u00a0spettacolo nasce da questa domanda e mette in scena testi che in pochi conoscono, fra i pi\u00f9 discriminanti, paradossali e, loro malgrado, esilaranti scritti razionali del secolo scorso. Veronica Pivetti, moderna Mary Shelley ci racconta, grazie a bizzarre teorie della scienza e della medicina, l\u2019unico, vero, orrorifico Frankenstein della storia moderna: la DONNA.<\/p>\n<p>\u201cCome stanno le cose riguardo ai sessi? Un vecchio proverbio ci suggerisce: capelli lunghi, cervello corto\u201d. Esordisce cos\u00ec Paul Julius Moebius &#8211; assistente nella sezione di neurologia di Lipsia &#8211; nel piccolo compendio \u201cL\u2019inferiorit\u00e0 mentale della donna\u201d scritto nel 1900, opportunamente definito un evergreen del pensiero reazionario. Donne dotate di crani piccoli, peso del cervello insufficiente\u2026 secondo Moebius le signore sono provviste di una totale mancanza di giudizi propri. \u201cPer giunta dopo poche gravidanze decadono e, come si dice molto volgarmente, rimbambiscono\u201d. Non solo. Le donne che pretendono di pensare sono moleste e \u201cla riflessione non fa che renderle peggiori\u201d.<\/p>\n<p>A queste dichiarazioni fa eco il medico, antropologo, giurista e criminologo italiano Cesare Lombroso: le donne mentono e spesso uccidono, lo dicono i proverbi di tutte le regioni. Fortunatamente, i cervelli delle donne sane pesano pi\u00f9 di quelli delle donne criminali. Ed ecco un rapido excursus su delitti eccellenti, per esempio quello compiuto da Agrippina, o da Leonarda Cianciulli, la saponificatrice di Correggio.<\/p>\n<p>\u201cLe donne hanno un solo nemico\u201d rilancia Moebius \u201cil tempo, a cui, per\u00f2, dopo qualche anno di matrimonio soccombono, sia diventando sciocche, sia disseccandosi sotto forma di vecchie zitelle stravaganti\u201d. Del resto, laddove si riscontra del talento, la psiche femminile manifesta un evidente ermafroditismo psichico. Sylvain Mar\u00e9chal scrittore, avvocato e sedicente rivoluzionario, con il suo \u201cProgetto di legge per vietare alle donne di leggere\u201d sostiene che \u201cimparare a leggere \u00e8 per le donne qualcosa di superfluo e nocivo al loro naturale ammaestramento\u201d, d\u2019altro canto \u201cla ragione vuole che le donne contino le uova nel cortile e non le stelle nel firmamento\u201d.<\/p>\n<p>Ad accompagnare Veronica sul palco, Anselmo Luisi un musicista che, insieme all\u2019attrice, eseguir\u00e0 canzoni vecchie e nuove ispirate alla figura femminile.<\/p>\n<p>Con questo spettacolo, impreziosito da deliranti misurazioni dell\u2019indice cefalico a cui Veronica si sottopone con la sua ironia, raggiungeremo l\u2019acme della cultura maschilista. Paziente lei stessa &#8211; causa una passata depressione &#8211; Pivetti non manca di raccontare al pubblico alcuni singolari episodi personali e di ricordare, con le parole di Lombroso, che\u2026 \u201cil maschio \u00e8 una femmina pi\u00f9 perfetta\u201d.<\/p>\n","protected":false},"excerpt":{"rendered":"<p>L\u2019idea che le donne siano state considerate, per secoli, fisiologicamente deficienti pu\u00f2 suggerirci qualcosa? Sul palco una strepitosa Veronica Pivetti<\/p>\n","protected":false},"author":28,"featured_media":52881,"comment_status":"closed","ping_status":"closed","template":"","tags":[517,387,261,826,1317,354,1315,1316,52],"mec_category":[48],"class_list":["post-52886","mec-events","type-mec-events","status-publish","has-post-thumbnail","hentry","tag-cormons","tag-donne","tag-eventi","tag-eventi-fvg","tag-maniago","tag-pasiano","tag-pivetti","tag-sedegliano","tag-teatro","mec_category-classic-art"],"_links":{"self":[{"href":"https:\/\/imagazine.it\/home_desk\/wp-json\/wp\/v2\/mec-events\/52886","targetHints":{"allow":["GET"]}}],"collection":[{"href":"https:\/\/imagazine.it\/home_desk\/wp-json\/wp\/v2\/mec-events"}],"about":[{"href":"https:\/\/imagazine.it\/home_desk\/wp-json\/wp\/v2\/types\/mec-events"}],"author":[{"embeddable":true,"href":"https:\/\/imagazine.it\/home_desk\/wp-json\/wp\/v2\/users\/28"}],"replies":[{"embeddable":true,"href":"https:\/\/imagazine.it\/home_desk\/wp-json\/wp\/v2\/comments?post=52886"}],"wp:featuredmedia":[{"embeddable":true,"href":"https:\/\/imagazine.it\/home_desk\/wp-json\/wp\/v2\/media\/52881"}],"wp:attachment":[{"href":"https:\/\/imagazine.it\/home_desk\/wp-json\/wp\/v2\/media?parent=52886"}],"wp:term":[{"taxonomy":"post_tag","embeddable":true,"href":"https:\/\/imagazine.it\/home_desk\/wp-json\/wp\/v2\/tags?post=52886"},{"taxonomy":"mec_category","embeddable":true,"href":"https:\/\/imagazine.it\/home_desk\/wp-json\/wp\/v2\/mec_category?post=52886"}],"curies":[{"name":"wp","href":"https:\/\/api.w.org\/{rel}","templated":true}]}}

L’inferiorità mentale della donna

<p>Conto alla rovescia per il debutto in regione de ‘L’inferiorità mentale della donna’ un evergreen del pensiero reazionario tra musica e parole, liberamente ispirato al trattato “L’inferiorità mentale della donna” di Paul Julius Moebius,  di Giovanna Gra, con una straordinaria <strong>Veronica Pivetti</strong>, accompagnata dagli interventi musicali di <strong>Anselmo Luisi</strong>. La regia porta la firma di <strong>Gra&amp;Mramor</strong>, la colonna sonora e gli arrangiamenti quella di <strong>Alessandro Nidi</strong> e la produzione è targata ArtistiAssociati Centro di Produzione Teatrale di Gorizia in collaborazione con Pigra srl.</p>
<p>La prima regionale sarà proposta al Teatro Comunale di Cormons giovedì 21 marzo, alle 21. Proseguirà poi nel circuito Ert: venerdì 22 marzo, alle 20.45 al Teatro Plinio Clabassi di Sedegliano, sabato 23 marzo, alle 20.45, al Teatro Verdi di Maniago e domenica 24 marzo, alle 17.30 al Teatro comunale Gozzi di Pasiano di Pordenone.</p>
<p>L’idea che le donne siano state considerate, per secoli, fisiologicamente deficienti può suggerirci qualcosa? Lo  spettacolo nasce da questa domanda e mette in scena testi che in pochi conoscono, fra i più discriminanti, paradossali e, loro malgrado, esilaranti scritti razionali del secolo scorso. Veronica Pivetti, moderna Mary Shelley ci racconta, grazie a bizzarre teorie della scienza e della medicina, l’unico, vero, orrorifico Frankenstein della storia moderna: la DONNA.</p>
<p>“Come stanno le cose riguardo ai sessi? Un vecchio proverbio ci suggerisce: capelli lunghi, cervello corto”. Esordisce così Paul Julius Moebius &#8211; assistente nella sezione di neurologia di Lipsia &#8211; nel piccolo compendio “L’inferiorità mentale della donna” scritto nel 1900, opportunamente definito un evergreen del pensiero reazionario. Donne dotate di crani piccoli, peso del cervello insufficiente… secondo Moebius le signore sono provviste di una totale mancanza di giudizi propri. “Per giunta dopo poche gravidanze decadono e, come si dice molto volgarmente, rimbambiscono”. Non solo. Le donne che pretendono di pensare sono moleste e “la riflessione non fa che renderle peggiori”.</p>
<p>A queste dichiarazioni fa eco il medico, antropologo, giurista e criminologo italiano Cesare Lombroso: le donne mentono e spesso uccidono, lo dicono i proverbi di tutte le regioni. Fortunatamente, i cervelli delle donne sane pesano più di quelli delle donne criminali. Ed ecco un rapido excursus su delitti eccellenti, per esempio quello compiuto da Agrippina, o da Leonarda Cianciulli, la saponificatrice di Correggio.</p>
<p>“Le donne hanno un solo nemico” rilancia Moebius “il tempo, a cui, però, dopo qualche anno di matrimonio soccombono, sia diventando sciocche, sia disseccandosi sotto forma di vecchie zitelle stravaganti”. Del resto, laddove si riscontra del talento, la psiche femminile manifesta un evidente ermafroditismo psichico. Sylvain Maréchal scrittore, avvocato e sedicente rivoluzionario, con il suo “Progetto di legge per vietare alle donne di leggere” sostiene che “imparare a leggere è per le donne qualcosa di superfluo e nocivo al loro naturale ammaestramento”, d’altro canto “la ragione vuole che le donne contino le uova nel cortile e non le stelle nel firmamento”.</p>
<p>Ad accompagnare Veronica sul palco, Anselmo Luisi un musicista che, insieme all’attrice, eseguirà canzoni vecchie e nuove ispirate alla figura femminile.</p>
<p>Con questo spettacolo, impreziosito da deliranti misurazioni dell’indice cefalico a cui Veronica si sottopone con la sua ironia, raggiungeremo l’acme della cultura maschilista. Paziente lei stessa &#8211; causa una passata depressione &#8211; Pivetti non manca di raccontare al pubblico alcuni singolari episodi personali e di ricordare, con le parole di Lombroso, che… “il maschio è una femmina più perfetta”.</p>

<p>L’idea che le donne siano state considerate, per secoli, fisiologicamente deficienti può suggerirci qualcosa? Sul palco una strepitosa Veronica Pivetti</p>
