{"id":52658,"date":"2024-03-14T16:34:41","date_gmt":"2024-03-14T15:34:41","guid":{"rendered":"https:\/\/imagazine.it\/home_desk\/?post_type=mec-events&#038;p=52658"},"modified":"2024-03-14T16:34:41","modified_gmt":"2024-03-14T15:34:41","slug":"medici-jazzisti-suonano-per-il-cro","status":"publish","type":"mec-events","link":"https:\/\/imagazine.it\/home_desk\/events\/medici-jazzisti-suonano-per-il-cro\/","title":{"rendered":"Medici jazzisti suonano per il CRO"},"content":{"rendered":"<p>\u00c8 un concerto straordinario per pi\u00f9 motivi quello atteso venerd\u00ec 15 marzo, a Pordenone, nel Teatro Verdi, 20.45, intitolato \u201c<strong><em>The Modern Jazz Doctors<\/em><\/strong>\u201d, perch\u00e9 sul palco salir\u00e0 una <strong>band formata da medici jazzisti<\/strong> e perch\u00e9 il <strong>ricavato della serata sar\u00e0 devoluto<\/strong> a una causa che mobilita sempre tutti con entusiasmo: la <strong>Scuola in ospedale del Cro di Aviano<\/strong> attiva nella struttura Area Giovani del centro.<\/p>\n<p>La serata \u00e8 infatti organizzata da chi ha ideato e da 15 anni gestisce questo progetto, il <strong>Soroptimist club di Pordenone<\/strong>.<\/p>\n<p>Alla sua realizzazione contribuiscono, oltre al Comune di Pordenone e al Cro di Aviano, numerose associazioni della citt\u00e0 e del territorio: Rotary, Inner Wheel, Il Capitello, Fondazione Pia Baschiera Tallon, Fidapa, Lions club, Associazione Panorama, Bcc Pordenonese e Monsile, Centro Design studio.<\/p>\n<p>The Modern Jazz Doctors \u00e8 un gruppo di medici veneti uniti dalla grande passione per la tradizione classica del jazz che si propone a supporto di importanti eventi di raccolta fondi per progetti di solidarieta\u0300.<\/p>\n<p>Il gruppo e\u0300 diretto da <strong>Giuliano Perin<\/strong>, medico chirurgo specialista in Odontostomatologia, pianista e vibrafonista, considerato uno fra i migliori jazzisti italiani; alla chitarra c\u2019\u00e8 <strong>Maurizio Marzaro<\/strong>, chirurgo pediatra; al contrabbasso <strong>Giuseppe Randazzo<\/strong>, anestesista rianimatore; alla batteria <strong>Riccardo Manconi<\/strong>, patologo e oncologo.<\/p>\n<p>In qualita\u0300 di ospiti speciali al concerto di Pordenone saliranno sul palco anche la cantante <strong>Marianna Sari<\/strong>, specialista in otorinolaringoiatria, e il clarinettista <strong>Massimo Ferrucci<\/strong>, chirurgo senologo.<\/p>\n<p>Il repertorio proposto attinger\u00e0 alla miglior tradizione jazz, nell\u2019arrangiamento di alcune fra le piu\u0300 note pagine dei grandi autori del \u2018900 come Duke Ellington, Count Basie, George Gershwin, Cole Porter e molti altri. Non saranno tralasciate, inoltre, alcune classiche pagine di autori italiani del repertorio tradizionale piu\u0300 o meno recente, proposte in chiave jazzistica.<\/p>\n","protected":false},"excerpt":{"rendered":"<p>Concerto benefico a Pordenone per raccogliere fondi in favore della &#8220;Scuola in ospedale&#8221; ad Aviano<\/p>\n","protected":false},"author":28,"featured_media":52659,"comment_status":"closed","ping_status":"closed","template":"","tags":[1251,1250,261,826,281,55,275,145],"mec_category":[99],"class_list":["post-52658","mec-events","type-mec-events","status-publish","has-post-thumbnail","hentry","tag-aviano","tag-cro","tag-eventi","tag-eventi-fvg","tag-jazz","tag-musica","tag-pordenone","tag-solidarieta","mec_category-music"],"_links":{"self":[{"href":"https:\/\/imagazine.it\/home_desk\/wp-json\/wp\/v2\/mec-events\/52658","targetHints":{"allow":["GET"]}}],"collection":[{"href":"https:\/\/imagazine.it\/home_desk\/wp-json\/wp\/v2\/mec-events"}],"about":[{"href":"https:\/\/imagazine.it\/home_desk\/wp-json\/wp\/v2\/types\/mec-events"}],"author":[{"embeddable":true,"href":"https:\/\/imagazine.it\/home_desk\/wp-json\/wp\/v2\/users\/28"}],"replies":[{"embeddable":true,"href":"https:\/\/imagazine.it\/home_desk\/wp-json\/wp\/v2\/comments?post=52658"}],"wp:featuredmedia":[{"embeddable":true,"href":"https:\/\/imagazine.it\/home_desk\/wp-json\/wp\/v2\/media\/52659"}],"wp:attachment":[{"href":"https:\/\/imagazine.it\/home_desk\/wp-json\/wp\/v2\/media?parent=52658"}],"wp:term":[{"taxonomy":"post_tag","embeddable":true,"href":"https:\/\/imagazine.it\/home_desk\/wp-json\/wp\/v2\/tags?post=52658"},{"taxonomy":"mec_category","embeddable":true,"href":"https:\/\/imagazine.it\/home_desk\/wp-json\/wp\/v2\/mec_category?post=52658"}],"curies":[{"name":"wp","href":"https:\/\/api.w.org\/{rel}","templated":true}]}}

<p>È un concerto straordinario per più motivi quello atteso venerdì 15 marzo, a Pordenone, nel Teatro Verdi, 20.45, intitolato “<strong><em>The Modern Jazz Doctors</em></strong>”, perché sul palco salirà una <strong>band formata da medici jazzisti</strong> e perché il <strong>ricavato della serata sarà devoluto</strong> a una causa che mobilita sempre tutti con entusiasmo: la <strong>Scuola in ospedale del Cro di Aviano</strong> attiva nella struttura Area Giovani del centro.</p>
<p>La serata è infatti organizzata da chi ha ideato e da 15 anni gestisce questo progetto, il <strong>Soroptimist club di Pordenone</strong>.</p>
<p>Alla sua realizzazione contribuiscono, oltre al Comune di Pordenone e al Cro di Aviano, numerose associazioni della città e del territorio: Rotary, Inner Wheel, Il Capitello, Fondazione Pia Baschiera Tallon, Fidapa, Lions club, Associazione Panorama, Bcc Pordenonese e Monsile, Centro Design studio.</p>
<p>The Modern Jazz Doctors è un gruppo di medici veneti uniti dalla grande passione per la tradizione classica del jazz che si propone a supporto di importanti eventi di raccolta fondi per progetti di solidarietà.</p>
<p>Il gruppo è diretto da <strong>Giuliano Perin</strong>, medico chirurgo specialista in Odontostomatologia, pianista e vibrafonista, considerato uno fra i migliori jazzisti italiani; alla chitarra c’è <strong>Maurizio Marzaro</strong>, chirurgo pediatra; al contrabbasso <strong>Giuseppe Randazzo</strong>, anestesista rianimatore; alla batteria <strong>Riccardo Manconi</strong>, patologo e oncologo.</p>
<p>In qualità di ospiti speciali al concerto di Pordenone saliranno sul palco anche la cantante <strong>Marianna Sari</strong>, specialista in otorinolaringoiatria, e il clarinettista <strong>Massimo Ferrucci</strong>, chirurgo senologo.</p>
<p>Il repertorio proposto attingerà alla miglior tradizione jazz, nell’arrangiamento di alcune fra le più note pagine dei grandi autori del ‘900 come Duke Ellington, Count Basie, George Gershwin, Cole Porter e molti altri. Non saranno tralasciate, inoltre, alcune classiche pagine di autori italiani del repertorio tradizionale più o meno recente, proposte in chiave jazzistica.</p>
