{"id":52649,"date":"2024-03-14T15:26:53","date_gmt":"2024-03-14T14:26:53","guid":{"rendered":"https:\/\/imagazine.it\/home_desk\/?post_type=mec-events&#038;p=52649"},"modified":"2024-07-16T12:00:42","modified_gmt":"2024-07-16T10:00:42","slug":"il-rap-di-mr-rain-a-pordenone","status":"publish","type":"mec-events","link":"https:\/\/imagazine.it\/home_desk\/events\/il-rap-di-mr-rain-a-pordenone\/","title":{"rendered":"Il rap di Mr.Rain a Pordenone"},"content":{"rendered":"<p class=\"v1MsoNormal\">Ad aprire il calendario di questa edizione di Pordenone Live sar\u00e0 il rapper, cantautore e produttore discografico <b>Mr. Rain<\/b>.<\/p>\n<p class=\"v1MsoNormal\">Fra gli artisti pi\u00f9 amati dal pubblico giovane, ma non solo, Mr. Rain sar\u00e0 protagonista sul palco del\u00a0<b>Parco San Valentino<\/b>\u00a0<b>gioved\u00ec 18 luglio<\/b>\u00a0per l\u2019unico concerto in Friuli Venezia Giulia del suo nuovo atteso tour estivo.<\/p>\n<p class=\"v1MsoNormal\">I\u00a0<b>biglietti<\/b>\u00a0per l\u2019evento, organizzato da\u00a0<b>Zenit srl<\/b>, in collaborazione con\u00a0<b>Comune di Pordenone<\/b>,\u00a0<b>Regione Friuli Venezia Giulia\u00a0<\/b>e\u00a0<b>PromoTurismo FVG<\/b>, sono in vendita sul circuito\u00a0<b>Ticketone<\/b>\u00a0e lo saranno anche alle biglietterie del concerto (raggiungibili da Via Interna) dalle\u00a0<b>18.30<\/b>. Porte aperte al pubblico dalle\u00a0<b>19.30<\/b>\u00a0e inizio concerto alle\u00a0<b>21.30<\/b>. Info e punti autorizzati su\u00a0<span style=\"text-decoration: underline;\"><a href=\"http:\/\/www.azalea.it\/\" target=\"_blank\" rel=\"noopener noreferrer\">www.azalea.it<\/a><\/span>\u00a0.<\/p>\n<p class=\"v1MsoNormal\"><span class=\"v1Nessuno\">Lo scorso 1\u00b0 marzo \u00e8 uscito il nuovo album di inediti di\u00a0<b>Mr.Rain\u00a0<\/b>dal titolo<b>\u00a0\u201cPianeta di Miller\u201d\u00a0<\/b>(Warner Music Italy), il quinto della sua carriera a distanza di quasi due anni da \u201c<b>Fragile<\/b>\u201d. L\u2019artista con all\u2019attivo\u00a0<b>18 dischi di platino<\/b>\u00a0e\u00a0<b>6 dischi d\u2019oro\u00a0<\/b>\u00e8 reduce dalla sua seconda partecipazione al Festival di Sanremo con il brano\u00a0<b>\u201cDue altalene\u201d<\/b>, apripista del nuovo album, scritto e interamente prodotto da\u00a0<b>Mr.Rain<\/b>. <\/span><\/p>\n<p class=\"v1MsoNormal\"><span class=\"v1Nessuno\">&#8220;<b>Pianeta di Miller&#8221;<\/b>\u00a0ha debuttato alla\u00a0<b>seconda posizione della classifica FIMI<\/b>.\u00a0<\/span><\/p>\n<p class=\"v1MsoNormal\"><span class=\"v1Nessuno\">L&#8217;album \u00e8 inoltre entrato anche nella<b>\u00a0Top Ten della Debut Global Chart di Spotify.<\/b>\u00a0<b>Mr.Rain<\/b>, all\u2019anagrafe Mattia Berardi, ha festeggiato lo scorso 18 novembre con un grande concerto al Mediolanum Forum di Assago completamente sold out, la fine del<b>\u00a0\u201cSupereroi Tour\u201d<\/b>, prodotto da\u00a0<b>Color Sound,\u00a0<\/b>che ha registrato ovunque il tutto esaurito con 33 date e oltre 100mila biglietti venduti, e un anno di grandissimi successi e certificazioni con il brano\u00a0<b>\u201cSupereroi\u201d<\/b>: il podio a Sanremo, 5 volte platino, terza canzone pi\u00f9 venduta del 2023 con pi\u00f9 di 300milioni tra stream e views,\u00a0ai vertici delle classifiche di Spotify e Shazam, su TikTok brano pi\u00f9 popolare e brano di Sanremo 2023 pi\u00f9 suonato, e ancora brano pi\u00f9 trasmesso dalle radio italiane e il video ha superato i 53 milioni di views.\u00a0In Spagna il brano<b>\u00a0\u201cSupereroi\u201d\u00a0<\/b>\u00e8 attualmente uno dei pezzi pi\u00f9 trasmessi dalle radio.<\/span><\/p>\n","protected":false},"excerpt":{"rendered":"<p>Il cantante di &#8220;Supereroi&#8221;, artista multiplatino, sar\u00e0 in concerto al Parco San Valentino, dopo la recente uscita di &#8220;Pianeta di Miller&#8221;<\/p>\n","protected":false},"author":28,"featured_media":52650,"comment_status":"closed","ping_status":"closed","template":"","tags":[261,826,1248,55,275,905,1247],"mec_category":[99],"class_list":["post-52649","mec-events","type-mec-events","status-publish","has-post-thumbnail","hentry","tag-eventi","tag-eventi-fvg","tag-mr-rain","tag-musica","tag-pordenone","tag-rap","tag-supereroi","mec_category-music"],"_links":{"self":[{"href":"https:\/\/imagazine.it\/home_desk\/wp-json\/wp\/v2\/mec-events\/52649","targetHints":{"allow":["GET"]}}],"collection":[{"href":"https:\/\/imagazine.it\/home_desk\/wp-json\/wp\/v2\/mec-events"}],"about":[{"href":"https:\/\/imagazine.it\/home_desk\/wp-json\/wp\/v2\/types\/mec-events"}],"author":[{"embeddable":true,"href":"https:\/\/imagazine.it\/home_desk\/wp-json\/wp\/v2\/users\/28"}],"replies":[{"embeddable":true,"href":"https:\/\/imagazine.it\/home_desk\/wp-json\/wp\/v2\/comments?post=52649"}],"wp:featuredmedia":[{"embeddable":true,"href":"https:\/\/imagazine.it\/home_desk\/wp-json\/wp\/v2\/media\/52650"}],"wp:attachment":[{"href":"https:\/\/imagazine.it\/home_desk\/wp-json\/wp\/v2\/media?parent=52649"}],"wp:term":[{"taxonomy":"post_tag","embeddable":true,"href":"https:\/\/imagazine.it\/home_desk\/wp-json\/wp\/v2\/tags?post=52649"},{"taxonomy":"mec_category","embeddable":true,"href":"https:\/\/imagazine.it\/home_desk\/wp-json\/wp\/v2\/mec_category?post=52649"}],"curies":[{"name":"wp","href":"https:\/\/api.w.org\/{rel}","templated":true}]}}

<p class="v1MsoNormal">Ad aprire il calendario di questa edizione di Pordenone Live sarà il rapper, cantautore e produttore discografico <b>Mr. Rain</b>.</p>
<p class="v1MsoNormal">Fra gli artisti più amati dal pubblico giovane, ma non solo, Mr. Rain sarà protagonista sul palco del <b>Parco San Valentino</b> <b>giovedì 18 luglio</b> per l’unico concerto in Friuli Venezia Giulia del suo nuovo atteso tour estivo.</p>
<p class="v1MsoNormal">I <b>biglietti</b> per l’evento, organizzato da <b>Zenit srl</b>, in collaborazione con <b>Comune di Pordenone</b>, <b>Regione Friuli Venezia Giulia </b>e <b>PromoTurismo FVG</b>, sono in vendita sul circuito <b>Ticketone</b> e lo saranno anche alle biglietterie del concerto (raggiungibili da Via Interna) dalle <b>18.30</b>. Porte aperte al pubblico dalle <b>19.30</b> e inizio concerto alle <b>21.30</b>. Info e punti autorizzati su <span style="text-decoration: underline;"><a href="http://www.azalea.it/" target="_blank" rel="noopener noreferrer">www.azalea.it</a></span> .</p>
<p class="v1MsoNormal"><span class="v1Nessuno">Lo scorso 1° marzo è uscito il nuovo album di inediti di <b>Mr.Rain </b>dal titolo<b> “Pianeta di Miller” </b>(Warner Music Italy), il quinto della sua carriera a distanza di quasi due anni da “<b>Fragile</b>”. L’artista con all’attivo <b>18 dischi di platino</b> e <b>6 dischi d’oro </b>è reduce dalla sua seconda partecipazione al Festival di Sanremo con il brano <b>“Due altalene”</b>, apripista del nuovo album, scritto e interamente prodotto da <b>Mr.Rain</b>. </span></p>
<p class="v1MsoNormal"><span class="v1Nessuno">&#8220;<b>Pianeta di Miller&#8221;</b> ha debuttato alla <b>seconda posizione della classifica FIMI</b>. </span></p>
<p class="v1MsoNormal"><span class="v1Nessuno">L&#8217;album è inoltre entrato anche nella<b> Top Ten della Debut Global Chart di Spotify.</b> <b>Mr.Rain</b>, all’anagrafe Mattia Berardi, ha festeggiato lo scorso 18 novembre con un grande concerto al Mediolanum Forum di Assago completamente sold out, la fine del<b> “Supereroi Tour”</b>, prodotto da <b>Color Sound, </b>che ha registrato ovunque il tutto esaurito con 33 date e oltre 100mila biglietti venduti, e un anno di grandissimi successi e certificazioni con il brano <b>“Supereroi”</b>: il podio a Sanremo, 5 volte platino, terza canzone più venduta del 2023 con più di 300milioni tra stream e views, ai vertici delle classifiche di Spotify e Shazam, su TikTok brano più popolare e brano di Sanremo 2023 più suonato, e ancora brano più trasmesso dalle radio italiane e il video ha superato i 53 milioni di views. In Spagna il brano<b> “Supereroi” </b>è attualmente uno dei pezzi più trasmessi dalle radio.</span></p>

<p>Il cantante di &#8220;Supereroi&#8221;, artista multiplatino, sarà in concerto al Parco San Valentino, dopo la recente uscita di &#8220;Pianeta di Miller&#8221;</p>
