{"id":52542,"date":"2024-03-12T10:53:52","date_gmt":"2024-03-12T09:53:52","guid":{"rendered":"https:\/\/imagazine.it\/home_desk\/?post_type=mec-events&#038;p=52542"},"modified":"2024-03-12T10:53:52","modified_gmt":"2024-03-12T09:53:52","slug":"kremerata-baltica-in-concerto-a-udine","status":"publish","type":"mec-events","link":"https:\/\/imagazine.it\/home_desk\/events\/kremerata-baltica-in-concerto-a-udine\/","title":{"rendered":"Kremerata Baltica in concerto a Udine"},"content":{"rendered":"<p><em><span style=\"font-size: 10pt;\">Georgijs Osokins<\/span><\/em><\/p>\n<p>Tourn\u00e9e e concerti in tutto il mondo, partecipazioni a festival internazionali, incisioni e collaborazioni con i migliori direttori e solisti: il successo della <strong>Kremerata Baltica<\/strong>, fondata nel 1997 dal celebre violinista Gidon Kremer, non conosce soste.<\/p>\n<p>\u00c8 quindi particolarmente atteso il suo debutto al <strong>Teatro Nuovo Giovanni da Udine<\/strong>, in programma <strong>gioved\u00ec 14 marzo alle 20.30<\/strong> nell\u2019ambito della 27ma Stagione di Musica e Danza realizzata con il sostegno di Fondazione Friuli.<\/p>\n<p>L\u2019orchestra d\u2019archi composta da 24 giovani elementi provenienti da Lettonia, Lituania ed Estonia \u00e8 apprezzata per la vitalit\u00e0 delle sue interpretazioni che in questo concerto si intreccer\u00e0 con il talento \u2013 definito dalla critica, fin dagli esordi, &#8220;eccezionale e imprevedibile&#8221; \u2013 del giovane pianista lettone <strong>Georgijs Osokins<\/strong>, considerato fra gli interpreti pi\u00f9 interessanti della sua generazione.<\/p>\n<p>Il programma spazier\u00e0 dai due Concerti per pianoforte di Fryderyk Chopin, nella trascrizione per orchestra d\u2019archi e strumento solista, all\u2019esecuzione di altrettanti brani contemporanei: un omaggio del compositore polacco Krzysztof Penderecki al Papa suo conterraneo, <em>Chaconne in memoriam Giovanni Paolo II<\/em>, e\u00a0<em>Lignum\u00a0<\/em>di J\u0113kabs Jan\u010devskis, brano commissionato al giovane musicista lettone dalla stessa Kremerata.<\/p>\n","protected":false},"excerpt":{"rendered":"<p>La celebre orchestra d&#8217;archi sar\u00e0 accompagnata dal pianista lettone di fama internazionale Georgijs Osokins<\/p>\n","protected":false},"author":28,"featured_media":52543,"comment_status":"closed","ping_status":"closed","template":"","tags":[102,261,826,1191,55,1192,101],"mec_category":[99],"class_list":["post-52542","mec-events","type-mec-events","status-publish","has-post-thumbnail","hentry","tag-concerto","tag-eventi","tag-eventi-fvg","tag-kremerata-baltica","tag-musica","tag-osokins","tag-udine","mec_category-music"],"_links":{"self":[{"href":"https:\/\/imagazine.it\/home_desk\/wp-json\/wp\/v2\/mec-events\/52542","targetHints":{"allow":["GET"]}}],"collection":[{"href":"https:\/\/imagazine.it\/home_desk\/wp-json\/wp\/v2\/mec-events"}],"about":[{"href":"https:\/\/imagazine.it\/home_desk\/wp-json\/wp\/v2\/types\/mec-events"}],"author":[{"embeddable":true,"href":"https:\/\/imagazine.it\/home_desk\/wp-json\/wp\/v2\/users\/28"}],"replies":[{"embeddable":true,"href":"https:\/\/imagazine.it\/home_desk\/wp-json\/wp\/v2\/comments?post=52542"}],"wp:featuredmedia":[{"embeddable":true,"href":"https:\/\/imagazine.it\/home_desk\/wp-json\/wp\/v2\/media\/52543"}],"wp:attachment":[{"href":"https:\/\/imagazine.it\/home_desk\/wp-json\/wp\/v2\/media?parent=52542"}],"wp:term":[{"taxonomy":"post_tag","embeddable":true,"href":"https:\/\/imagazine.it\/home_desk\/wp-json\/wp\/v2\/tags?post=52542"},{"taxonomy":"mec_category","embeddable":true,"href":"https:\/\/imagazine.it\/home_desk\/wp-json\/wp\/v2\/mec_category?post=52542"}],"curies":[{"name":"wp","href":"https:\/\/api.w.org\/{rel}","templated":true}]}}

<p><em><span style="font-size: 10pt;">Georgijs Osokins</span></em></p>
<p>Tournée e concerti in tutto il mondo, partecipazioni a festival internazionali, incisioni e collaborazioni con i migliori direttori e solisti: il successo della <strong>Kremerata Baltica</strong>, fondata nel 1997 dal celebre violinista Gidon Kremer, non conosce soste.</p>
<p>È quindi particolarmente atteso il suo debutto al <strong>Teatro Nuovo Giovanni da Udine</strong>, in programma <strong>giovedì 14 marzo alle 20.30</strong> nell’ambito della 27ma Stagione di Musica e Danza realizzata con il sostegno di Fondazione Friuli.</p>
<p>L’orchestra d’archi composta da 24 giovani elementi provenienti da Lettonia, Lituania ed Estonia è apprezzata per la vitalità delle sue interpretazioni che in questo concerto si intreccerà con il talento – definito dalla critica, fin dagli esordi, &#8220;eccezionale e imprevedibile&#8221; – del giovane pianista lettone <strong>Georgijs Osokins</strong>, considerato fra gli interpreti più interessanti della sua generazione.</p>
<p>Il programma spazierà dai due Concerti per pianoforte di Fryderyk Chopin, nella trascrizione per orchestra d’archi e strumento solista, all’esecuzione di altrettanti brani contemporanei: un omaggio del compositore polacco Krzysztof Penderecki al Papa suo conterraneo, <em>Chaconne in memoriam Giovanni Paolo II</em>, e <em>Lignum </em>di Jēkabs Jančevskis, brano commissionato al giovane musicista lettone dalla stessa Kremerata.</p>

<p>La celebre orchestra d&#8217;archi sarà accompagnata dal pianista lettone di fama internazionale Georgijs Osokins</p>
