{"id":52522,"date":"2024-03-11T17:23:35","date_gmt":"2024-03-11T16:23:35","guid":{"rendered":"https:\/\/imagazine.it\/home_desk\/?post_type=mec-events&#038;p=52522"},"modified":"2024-03-11T17:23:35","modified_gmt":"2024-03-11T16:23:35","slug":"a-cavallo-del-muro-i-miei-giorni-nelleuropa-dellest","status":"publish","type":"mec-events","link":"https:\/\/imagazine.it\/home_desk\/events\/a-cavallo-del-muro-i-miei-giorni-nelleuropa-dellest\/","title":{"rendered":"A cavallo del muro. I miei giorni nell\u2019Europa dell\u2019Est"},"content":{"rendered":"<p style=\"font-weight: 400;\">La terza edizione di <strong>\u201cAppuntamento con la Politica\u201d <\/strong>promosso dall&#8217;Associazione Leali delle Notizie\u00a0organizza il 15 marzo 2024\u00a0\u00a0alle 20.30 a Fogliano Redipuglia (Go) Sala della Biblioteca Comunale in via Madonnina 4, incontro dedicato a Demetrio Volcic. Un omaggio al giornalista prendendo spunto dal libro postumo &#8220;<em>A cavallo del muro. I miei giorni nell\u2019Europa dell\u2019Est<\/em>&#8221; (Sellerio Editore Palermo).<\/p>\n<p style=\"font-weight: 400;\">Ospiti dell\u2019incontro, condotto dalla giornalista culturale <strong>Margherita Reguitti<\/strong>, saranno <strong>Paolo Possamai<\/strong>, scrittore e direttore editoriale Gruppo NEM, e <strong>Livio Semoli\u010d<\/strong>, membro del Monitoring Committee Interreg Italia Slovenia e storico collaboratore di del giornalista e politico.<\/p>\n<p style=\"font-weight: 400;\">Volcic \u00e8 stato un giornalista e politico di levatura internazionale di grande cultura e capacit\u00e0 di andare oltre i muri, fisici e mentali e oltre i pregiudizi. Uomo ironico e rigoroso dallo sguardo acuto e\u00a0\u00a0disincantato ha raccontato la politica estera dai paesi del centro Europa e dalla Russia in fasi storiche importanti e difficili con obiettivit\u00e0 e capacit\u00e0 di leggere in profondit\u00e0 gli eventi nel momento del loro accadere.<\/p>\n<p style=\"font-weight: 400;\">L\u2019appuntamento dar\u00e0 diritto all\u2019ottenimento di crediti formativi da parte dell\u2019Ordine dei Giornalisti. Sar\u00e0 possibile registrarsi sul sito\u00a0<a href=\"http:\/\/www.formazionegiornalisti.it\/\" data-saferedirecturl=\"https:\/\/www.google.com\/url?q=http:\/\/www.formazionegiornalisti.it&amp;source=gmail&amp;ust=1710257140724000&amp;usg=AOvVaw2MQFqwHcB1W896RMr1MFCT\" target=\"_blank\" rel=\"noopener\">www.formazionegiornalisti.it<\/a>\u00a0o in loco.<\/p>\n","protected":false},"excerpt":{"rendered":"<p>A Fogliano Redipuglia la presentazione del libro postumo di Demetrio Volcic. Conduce Margherita Reguitti<\/p>\n","protected":false},"author":28,"featured_media":52523,"comment_status":"closed","ping_status":"closed","template":"","tags":[261,826,1061,1059,1172],"mec_category":[59],"class_list":["post-52522","mec-events","type-mec-events","status-publish","has-post-thumbnail","hentry","tag-eventi","tag-eventi-fvg","tag-fogliano","tag-politica","tag-volcic","mec_category-meeting"],"_links":{"self":[{"href":"https:\/\/imagazine.it\/home_desk\/wp-json\/wp\/v2\/mec-events\/52522","targetHints":{"allow":["GET"]}}],"collection":[{"href":"https:\/\/imagazine.it\/home_desk\/wp-json\/wp\/v2\/mec-events"}],"about":[{"href":"https:\/\/imagazine.it\/home_desk\/wp-json\/wp\/v2\/types\/mec-events"}],"author":[{"embeddable":true,"href":"https:\/\/imagazine.it\/home_desk\/wp-json\/wp\/v2\/users\/28"}],"replies":[{"embeddable":true,"href":"https:\/\/imagazine.it\/home_desk\/wp-json\/wp\/v2\/comments?post=52522"}],"wp:featuredmedia":[{"embeddable":true,"href":"https:\/\/imagazine.it\/home_desk\/wp-json\/wp\/v2\/media\/52523"}],"wp:attachment":[{"href":"https:\/\/imagazine.it\/home_desk\/wp-json\/wp\/v2\/media?parent=52522"}],"wp:term":[{"taxonomy":"post_tag","embeddable":true,"href":"https:\/\/imagazine.it\/home_desk\/wp-json\/wp\/v2\/tags?post=52522"},{"taxonomy":"mec_category","embeddable":true,"href":"https:\/\/imagazine.it\/home_desk\/wp-json\/wp\/v2\/mec_category?post=52522"}],"curies":[{"name":"wp","href":"https:\/\/api.w.org\/{rel}","templated":true}]}}

<p style="font-weight: 400;">La terza edizione di <strong>“Appuntamento con la Politica” </strong>promosso dall&#8217;Associazione Leali delle Notizie organizza il 15 marzo 2024  alle 20.30 a Fogliano Redipuglia (Go) Sala della Biblioteca Comunale in via Madonnina 4, incontro dedicato a Demetrio Volcic. Un omaggio al giornalista prendendo spunto dal libro postumo &#8220;<em>A cavallo del muro. I miei giorni nell’Europa dell’Est</em>&#8221; (Sellerio Editore Palermo).</p>
<p style="font-weight: 400;">Ospiti dell’incontro, condotto dalla giornalista culturale <strong>Margherita Reguitti</strong>, saranno <strong>Paolo Possamai</strong>, scrittore e direttore editoriale Gruppo NEM, e <strong>Livio Semolič</strong>, membro del Monitoring Committee Interreg Italia Slovenia e storico collaboratore di del giornalista e politico.</p>
<p style="font-weight: 400;">Volcic è stato un giornalista e politico di levatura internazionale di grande cultura e capacità di andare oltre i muri, fisici e mentali e oltre i pregiudizi. Uomo ironico e rigoroso dallo sguardo acuto e  disincantato ha raccontato la politica estera dai paesi del centro Europa e dalla Russia in fasi storiche importanti e difficili con obiettività e capacità di leggere in profondità gli eventi nel momento del loro accadere.</p>
<p style="font-weight: 400;">L’appuntamento darà diritto all’ottenimento di crediti formativi da parte dell’Ordine dei Giornalisti. Sarà possibile registrarsi sul sito <a href="http://www.formazionegiornalisti.it/" data-saferedirecturl="https://www.google.com/url?q=http://www.formazionegiornalisti.it&amp;source=gmail&amp;ust=1710257140724000&amp;usg=AOvVaw2MQFqwHcB1W896RMr1MFCT" target="_blank" rel="noopener">www.formazionegiornalisti.it</a> o in loco.</p>
