{"id":52517,"date":"2024-03-11T16:21:28","date_gmt":"2024-03-11T15:21:28","guid":{"rendered":"https:\/\/imagazine.it\/home_desk\/?post_type=mec-events&#038;p=52517"},"modified":"2024-03-11T16:21:28","modified_gmt":"2024-03-11T15:21:28","slug":"4-5-6-in-prima-regionale-a-gradisca","status":"publish","type":"mec-events","link":"https:\/\/imagazine.it\/home_desk\/events\/4-5-6-in-prima-regionale-a-gradisca\/","title":{"rendered":"4 5 6 in prima regionale a Gradisca"},"content":{"rendered":"<p><em><span style=\"font-size: 10pt;\">(ph. Giansalvo Cannizzo)<\/span><\/em><\/p>\n<p>\u2018<em>4 5 6<\/em>\u2019 scritto e diretto da mattia Torre, sar\u00e0 il prossimo appuntamento <strong>in prima regionale<\/strong> al Nuovo Teatro Comunale di Gradisca d\u2019Isonzo, mercoled\u00ec 13 marzo, alle 21 (venerd\u00ec 15 sar\u00e0 poi in scena al Teatro Giovanni da Udine).<\/p>\n<p>In scena <strong>Massimo De Lorenzo, Carlo De Ruggieri, Cristina Pellegrino <em>e<\/em>\u00a0Giordano Agrusta<\/strong>. Produzione Marche Teatro\/ Nutrimenti Terrestri \/ Walsh.<\/p>\n<p><em>4 5 6<\/em> \u00e8 la storia comica e violenta di una famiglia che, isolata e chiusa, vive in mezzo a una valle oltre la quale sente l\u2019ignoto. Padre, madre e figlio sono ignoranti, diffidenti, nervosi. Si lanciano accuse, rabboccano un sugo di pomodoro lasciato dalla nonna morta anni prima, litigano, pregano, si odiano. Ognuno dei tre rappresenta per gli altri quanto di pi\u00f9 detestabile ci sia al mondo. E tuttavia occorre una tregua, perch\u00e9 sta arrivando un ospite atteso da tempo, che pu\u00f2 e deve cambiare il loro futuro. Tutto \u00e8 pronto, tutto \u00e8 perfetto. Ma la tregua non durer\u00e0.<\/p>\n<p><em>4 5 6 <\/em>nasce dall\u2019idea che l\u2019Italia non \u00e8 un paese, ma una convenzione. Che non avendo un\u2019unit\u00e0 culturale, morale, politica, l\u2019Italia rappresenti oggi una comunit\u00e0 di individui che sono semplicemente gli uni contro gli altri: per precariet\u00e0, incertezza, diffidenza e paura; per mancanza di comuni aspirazioni.<\/p>\n<p><em>4 5 6 <\/em>\u00e8 una commedia che racconta come proprio all\u2019interno della famiglia \u2013 che pure dovrebbe essere il nucleo aggregante, di difesa dell\u2019individuo \u2013 nascano i germi di questo conflitto: la famiglia sente ostile la societ\u00e0 che gli sta intorno ma finisce per incarnarne i valori pi\u00f9 deteriori, incoraggiando la diffidenza, l\u2019ostilit\u00e0, il cinismo, la paura.<\/p>\n<p><em>4 5 6 <\/em>racconta la famiglia come avamposto della nostra arretratezza culturale.<\/p>\n<p>Dallo spettacolo \u00e8 stato tratto l\u2019omonimo sequel televisivo, prodotto da Inteatro e andato in onda su La7 all\u2019interno del programma<em> \u201cThe show must go off\u201d <\/em>di Serena Dandini (attualmente disponibile su YouTube), e il libro<em> \u201c4 5 6 \u2013 Morte alla famiglia\u201d, <\/em>edito da Dalai.<\/p>\n<p>Le prevendite saranno aperte anche un\u2019ora prima dell\u2019inizio dello spettacolo.<\/p>\n","protected":false},"excerpt":{"rendered":"<p>L\u2019Italia non \u00e8 un paese, ma una convenzione. Che non avendo un\u2019unit\u00e0 culturale, morale, politica, l\u2019Italia rappresenti oggi una comunit\u00e0 di individui che sono semplicemente gli uni contro gli altri<\/p>\n","protected":false},"author":28,"featured_media":52518,"comment_status":"closed","ping_status":"closed","template":"","tags":[261,826,254,52],"mec_category":[48],"class_list":["post-52517","mec-events","type-mec-events","status-publish","has-post-thumbnail","hentry","tag-eventi","tag-eventi-fvg","tag-gradisca","tag-teatro","mec_category-classic-art"],"_links":{"self":[{"href":"https:\/\/imagazine.it\/home_desk\/wp-json\/wp\/v2\/mec-events\/52517","targetHints":{"allow":["GET"]}}],"collection":[{"href":"https:\/\/imagazine.it\/home_desk\/wp-json\/wp\/v2\/mec-events"}],"about":[{"href":"https:\/\/imagazine.it\/home_desk\/wp-json\/wp\/v2\/types\/mec-events"}],"author":[{"embeddable":true,"href":"https:\/\/imagazine.it\/home_desk\/wp-json\/wp\/v2\/users\/28"}],"replies":[{"embeddable":true,"href":"https:\/\/imagazine.it\/home_desk\/wp-json\/wp\/v2\/comments?post=52517"}],"wp:featuredmedia":[{"embeddable":true,"href":"https:\/\/imagazine.it\/home_desk\/wp-json\/wp\/v2\/media\/52518"}],"wp:attachment":[{"href":"https:\/\/imagazine.it\/home_desk\/wp-json\/wp\/v2\/media?parent=52517"}],"wp:term":[{"taxonomy":"post_tag","embeddable":true,"href":"https:\/\/imagazine.it\/home_desk\/wp-json\/wp\/v2\/tags?post=52517"},{"taxonomy":"mec_category","embeddable":true,"href":"https:\/\/imagazine.it\/home_desk\/wp-json\/wp\/v2\/mec_category?post=52517"}],"curies":[{"name":"wp","href":"https:\/\/api.w.org\/{rel}","templated":true}]}}

<p><em><span style="font-size: 10pt;">(ph. Giansalvo Cannizzo)</span></em></p>
<p>‘<em>4 5 6</em>’ scritto e diretto da mattia Torre, sarà il prossimo appuntamento <strong>in prima regionale</strong> al Nuovo Teatro Comunale di Gradisca d’Isonzo, mercoledì 13 marzo, alle 21 (venerdì 15 sarà poi in scena al Teatro Giovanni da Udine).</p>
<p>In scena <strong>Massimo De Lorenzo, Carlo De Ruggieri, Cristina Pellegrino <em>e</em> Giordano Agrusta</strong>. Produzione Marche Teatro/ Nutrimenti Terrestri / Walsh.</p>
<p><em>4 5 6</em> è la storia comica e violenta di una famiglia che, isolata e chiusa, vive in mezzo a una valle oltre la quale sente l’ignoto. Padre, madre e figlio sono ignoranti, diffidenti, nervosi. Si lanciano accuse, rabboccano un sugo di pomodoro lasciato dalla nonna morta anni prima, litigano, pregano, si odiano. Ognuno dei tre rappresenta per gli altri quanto di più detestabile ci sia al mondo. E tuttavia occorre una tregua, perché sta arrivando un ospite atteso da tempo, che può e deve cambiare il loro futuro. Tutto è pronto, tutto è perfetto. Ma la tregua non durerà.</p>
<p><em>4 5 6 </em>nasce dall’idea che l’Italia non è un paese, ma una convenzione. Che non avendo un’unità culturale, morale, politica, l’Italia rappresenti oggi una comunità di individui che sono semplicemente gli uni contro gli altri: per precarietà, incertezza, diffidenza e paura; per mancanza di comuni aspirazioni.</p>
<p><em>4 5 6 </em>è una commedia che racconta come proprio all’interno della famiglia – che pure dovrebbe essere il nucleo aggregante, di difesa dell’individuo – nascano i germi di questo conflitto: la famiglia sente ostile la società che gli sta intorno ma finisce per incarnarne i valori più deteriori, incoraggiando la diffidenza, l’ostilità, il cinismo, la paura.</p>
<p><em>4 5 6 </em>racconta la famiglia come avamposto della nostra arretratezza culturale.</p>
<p>Dallo spettacolo è stato tratto l’omonimo sequel televisivo, prodotto da Inteatro e andato in onda su La7 all’interno del programma<em> “The show must go off” </em>di Serena Dandini (attualmente disponibile su YouTube), e il libro<em> “4 5 6 – Morte alla famiglia”, </em>edito da Dalai.</p>
<p>Le prevendite saranno aperte anche un’ora prima dell’inizio dello spettacolo.</p>

<p>L’Italia non è un paese, ma una convenzione. Che non avendo un’unità culturale, morale, politica, l’Italia rappresenti oggi una comunità di individui che sono semplicemente gli uni contro gli altri</p>
