{"id":52486,"date":"2024-03-11T11:19:31","date_gmt":"2024-03-11T10:19:31","guid":{"rendered":"https:\/\/imagazine.it\/home_desk\/?post_type=mec-events&#038;p=52486"},"modified":"2024-03-11T11:52:28","modified_gmt":"2024-03-11T10:52:28","slug":"a-gorizia-il-food-thriller-di-andrea-segre","status":"publish","type":"mec-events","link":"https:\/\/imagazine.it\/home_desk\/events\/a-gorizia-il-food-thriller-di-andrea-segre\/","title":{"rendered":"A Gorizia il food thriller di Andrea Segr\u00e8"},"content":{"rendered":"<p><em><span style=\"font-size: 10pt;\">Andrea Segr\u00e8 (ph. Roberto Serra\/ Iguana)<\/span><\/em><\/p>\n<p>Si presenta a Gorizia,\u00a0<strong>sabato 16 marzo alle 17.30 <\/strong>negli spazi della Mediateca Ugo Casiraghi con ingresso libero, <strong><em>Globesity. La fame del potere<\/em><\/strong>\u00a0(Edizioni Minerva 2024, 149 pagg. \u20ac 16,90), il\u00a0<strong>primo romanzo di Andrea Segr\u00e8<\/strong>, professore di economia circolare e divulgatore scientifico, fondatore del movimento \u201cspreco zero\u201d in Italia e in Europa, noto per il lungo impegno sui temi dello spreco alimentare e dello sviluppo sostenibile.<\/p>\n<p><strong><em>Globesity<\/em><\/strong>\u00a0\u00e8 il suo primo cimento nella scrittura narrativa, un\u00a0<em>food thriller<\/em>\u00a0proiettato in un intrico di trame internazionali sospese fra immaginazione e realt\u00e0.<\/p>\n<p>Con l\u2019autore dialogher\u00e0 la giornalista<strong> Patrizia Artico<\/strong>, assessore a GO 2025 per il Comune di Gorizia.<strong>\u00a0<\/strong><\/p>\n<p>Costruito in\u00a0<strong>uno scenario attuale<\/strong>\u00a0\u2013 il pianeta dei paradossi \u00abdove met\u00e0 del mondo lotta contro obesit\u00e0 e sovrappeso, e l\u2019altra met\u00e0 contro la sottoalimentazione\u00bb, spiega Andrea Segr\u00e8 \u2013\u00a0<strong><em>Globesity<\/em>\u00a0mixa realt\u00e0 scientifica e pura invenzione letteraria.<\/strong>\u00a0In pochi attimi la prospettiva cambia totalmente: si rovescia il confine fra bene e male, fra scienza buona e cattiva, fra fame e saziet\u00e0. Tutto, nelle pagine del libro come nella realt\u00e0, pu\u00f2 succedere. E\u00a0<strong>se il \u201ccontagio\u201d arriva dal cibo, lo spettro della pandemia da obesit\u00e0 diventa il peggiore degli incubi<\/strong>.<\/p>\n<p><strong><em>Globesity<\/em><\/strong>\u00a0schiude una consapevolezza:\u00a0<strong>l\u2019insidia della \u201cbomba calorica\u201d \u00e8 gi\u00e0 fra noi, <\/strong>con il suo grave portato sociale.\u00a0<strong>La maggior parte della popolazione mondiale <\/strong>(51%, oltre 4 miliardi di persone)<strong> vivr\u00e0 in sovrappeso o con obesit\u00e0 entro il 2035<\/strong>, se si confermeranno le tendenze attuali, e l\u2019impatto economico globale del sovrappeso e dell\u2019obesit\u00e0 potr\u00e0 superare i 4 trilioni di dollari annui, quasi il 3% del PIL globale.<\/p>\n<p><strong>Pi\u00f9 o meno l\u2019impatto prodotto dal COVID-19 nel 2020<\/strong>, come sottolinea il\u00a0rapporto\u00a0World Obesity Atlas 2023\u00a0(World Obesity Federation).<\/p>\n","protected":false},"excerpt":{"rendered":"<p>Il fondatore del movimento \u201cspreco zero\u201d in Italia e in Europa presenta &#8220;Globesity. La fame del potere&#8221;<\/p>\n","protected":false},"author":28,"featured_media":52487,"comment_status":"closed","ping_status":"closed","template":"","tags":[417,43,273,1152,1151,1153],"mec_category":[59],"class_list":["post-52486","mec-events","type-mec-events","status-publish","has-post-thumbnail","hentry","tag-food","tag-gorizia","tag-libri","tag-obesita","tag-segre","tag-thriller","mec_category-meeting"],"_links":{"self":[{"href":"https:\/\/imagazine.it\/home_desk\/wp-json\/wp\/v2\/mec-events\/52486","targetHints":{"allow":["GET"]}}],"collection":[{"href":"https:\/\/imagazine.it\/home_desk\/wp-json\/wp\/v2\/mec-events"}],"about":[{"href":"https:\/\/imagazine.it\/home_desk\/wp-json\/wp\/v2\/types\/mec-events"}],"author":[{"embeddable":true,"href":"https:\/\/imagazine.it\/home_desk\/wp-json\/wp\/v2\/users\/28"}],"replies":[{"embeddable":true,"href":"https:\/\/imagazine.it\/home_desk\/wp-json\/wp\/v2\/comments?post=52486"}],"wp:featuredmedia":[{"embeddable":true,"href":"https:\/\/imagazine.it\/home_desk\/wp-json\/wp\/v2\/media\/52487"}],"wp:attachment":[{"href":"https:\/\/imagazine.it\/home_desk\/wp-json\/wp\/v2\/media?parent=52486"}],"wp:term":[{"taxonomy":"post_tag","embeddable":true,"href":"https:\/\/imagazine.it\/home_desk\/wp-json\/wp\/v2\/tags?post=52486"},{"taxonomy":"mec_category","embeddable":true,"href":"https:\/\/imagazine.it\/home_desk\/wp-json\/wp\/v2\/mec_category?post=52486"}],"curies":[{"name":"wp","href":"https:\/\/api.w.org\/{rel}","templated":true}]}}

A Gorizia il food thriller di Andrea Segrè

<p><em><span style="font-size: 10pt;">Andrea Segrè (ph. Roberto Serra/ Iguana)</span></em></p>
<p>Si presenta a Gorizia, <strong>sabato 16 marzo alle 17.30 </strong>negli spazi della Mediateca Ugo Casiraghi con ingresso libero, <strong><em>Globesity. La fame del potere</em></strong> (Edizioni Minerva 2024, 149 pagg. € 16,90), il <strong>primo romanzo di Andrea Segrè</strong>, professore di economia circolare e divulgatore scientifico, fondatore del movimento “spreco zero” in Italia e in Europa, noto per il lungo impegno sui temi dello spreco alimentare e dello sviluppo sostenibile.</p>
<p><strong><em>Globesity</em></strong> è il suo primo cimento nella scrittura narrativa, un <em>food thriller</em> proiettato in un intrico di trame internazionali sospese fra immaginazione e realtà.</p>
<p>Con l’autore dialogherà la giornalista<strong> Patrizia Artico</strong>, assessore a GO 2025 per il Comune di Gorizia.<strong> </strong></p>
<p>Costruito in <strong>uno scenario attuale</strong> – il pianeta dei paradossi «dove metà del mondo lotta contro obesità e sovrappeso, e l’altra metà contro la sottoalimentazione», spiega Andrea Segrè – <strong><em>Globesity</em> mixa realtà scientifica e pura invenzione letteraria.</strong> In pochi attimi la prospettiva cambia totalmente: si rovescia il confine fra bene e male, fra scienza buona e cattiva, fra fame e sazietà. Tutto, nelle pagine del libro come nella realtà, può succedere. E <strong>se il “contagio” arriva dal cibo, lo spettro della pandemia da obesità diventa il peggiore degli incubi</strong>.</p>
<p><strong><em>Globesity</em></strong> schiude una consapevolezza: <strong>l’insidia della “bomba calorica” è già fra noi, </strong>con il suo grave portato sociale. <strong>La maggior parte della popolazione mondiale </strong>(51%, oltre 4 miliardi di persone)<strong> vivrà in sovrappeso o con obesità entro il 2035</strong>, se si confermeranno le tendenze attuali, e l’impatto economico globale del sovrappeso e dell’obesità potrà superare i 4 trilioni di dollari annui, quasi il 3% del PIL globale.</p>
<p><strong>Più o meno l’impatto prodotto dal COVID-19 nel 2020</strong>, come sottolinea il rapporto World Obesity Atlas 2023 (World Obesity Federation).</p>
