{"id":52445,"date":"2024-03-11T10:08:35","date_gmt":"2024-03-11T09:08:35","guid":{"rendered":"https:\/\/imagazine.it\/home_desk\/?post_type=mec-events&#038;p=52445"},"modified":"2024-03-11T10:08:35","modified_gmt":"2024-03-11T09:08:35","slug":"dal-mare-ai-monti-le-sfumature-autunnali","status":"publish","type":"mec-events","link":"https:\/\/imagazine.it\/home_desk\/events\/dal-mare-ai-monti-le-sfumature-autunnali\/","title":{"rendered":"Dal mare ai monti le sfumature autunnali"},"content":{"rendered":"<p>\u201c<em>Dal mare ai monti le sfumature autunnali<\/em>\u201d \u00e8 il tema della mostra fotografica di <strong>Elena Cocianni<\/strong> che sar\u00e0 inaugurata venerd\u00ec 15 marzo alle ore 18, presso la <strong>sala esposizioni Conte Eugenio Valentinis<\/strong>, nella sede della Societ\u00e0 Monfalconese di Mutuo Soccorso di via Barbarigo 26.<\/p>\n<p>Elena Cocianni \u00e8 un\u2019appassionata di fotografia che esercita in modo amatoriale ormai da diversi anni, \u00e8 entrata in questo mondo espressivo e artistico usando sin dagli anni 80 macchine analogiche che le hanno permesso di sviluppare un approccio selettivo dell&#8217;immagine, usando sia il colore che il monocromatico, con gli anni \u00e8 passata al mondo digitale che l\u2019ha messa davanti a nuove sfide e svariati modi di esprimersi.<\/p>\n<p>Le opere che saranno esposte fanno parte al genere al quale \u00e8 particolarmente legata, in quanto ama fotografare la natura di paesaggi montani e marini, la flora nella quale cerca di cogliere aspetti inusuali come la texture e figure fantasiose che da subito catturano la sua fantasia, e la tecnica ravvicinata della macro fotografia.<\/p>\n<p>La mostra fotografica sar\u00e0 uno degli ultimi eventi organizzati dal direttivo attualmente in carica della Societ\u00e0 Associazione Monfalconese di Mutuo Soccorso aps, prima delle nuove elezioni, e sar\u00e0 aperta <strong>dal 15 al 30 marzo<\/strong> con i seguenti orari: <strong>dal luned\u00ec al sabato dalle ore 9 alle ore 13 e dalle 16 alle 20 (domenica chiuso)<\/strong>.<\/p>\n<p><em>Livio Nonis<\/em><\/p>\n","protected":false},"excerpt":{"rendered":"<p>La natura di paesaggi montani e marini: a Monfalcone mostra fotografica di Elena Cocianni<\/p>\n","protected":false},"author":22,"featured_media":52446,"comment_status":"closed","ping_status":"closed","template":"","tags":[1147,261,826,293,51,60,570],"mec_category":[59],"class_list":["post-52445","mec-events","type-mec-events","status-publish","has-post-thumbnail","hentry","tag-cocianni","tag-eventi","tag-eventi-fvg","tag-fotografia","tag-monfalcone","tag-mostre","tag-mutuo-soccorso","mec_category-meeting"],"_links":{"self":[{"href":"https:\/\/imagazine.it\/home_desk\/wp-json\/wp\/v2\/mec-events\/52445","targetHints":{"allow":["GET"]}}],"collection":[{"href":"https:\/\/imagazine.it\/home_desk\/wp-json\/wp\/v2\/mec-events"}],"about":[{"href":"https:\/\/imagazine.it\/home_desk\/wp-json\/wp\/v2\/types\/mec-events"}],"author":[{"embeddable":true,"href":"https:\/\/imagazine.it\/home_desk\/wp-json\/wp\/v2\/users\/22"}],"replies":[{"embeddable":true,"href":"https:\/\/imagazine.it\/home_desk\/wp-json\/wp\/v2\/comments?post=52445"}],"wp:featuredmedia":[{"embeddable":true,"href":"https:\/\/imagazine.it\/home_desk\/wp-json\/wp\/v2\/media\/52446"}],"wp:attachment":[{"href":"https:\/\/imagazine.it\/home_desk\/wp-json\/wp\/v2\/media?parent=52445"}],"wp:term":[{"taxonomy":"post_tag","embeddable":true,"href":"https:\/\/imagazine.it\/home_desk\/wp-json\/wp\/v2\/tags?post=52445"},{"taxonomy":"mec_category","embeddable":true,"href":"https:\/\/imagazine.it\/home_desk\/wp-json\/wp\/v2\/mec_category?post=52445"}],"curies":[{"name":"wp","href":"https:\/\/api.w.org\/{rel}","templated":true}]}}

<p>“<em>Dal mare ai monti le sfumature autunnali</em>” è il tema della mostra fotografica di <strong>Elena Cocianni</strong> che sarà inaugurata venerdì 15 marzo alle ore 18, presso la <strong>sala esposizioni Conte Eugenio Valentinis</strong>, nella sede della Società Monfalconese di Mutuo Soccorso di via Barbarigo 26.</p>
<p>Elena Cocianni è un’appassionata di fotografia che esercita in modo amatoriale ormai da diversi anni, è entrata in questo mondo espressivo e artistico usando sin dagli anni 80 macchine analogiche che le hanno permesso di sviluppare un approccio selettivo dell&#8217;immagine, usando sia il colore che il monocromatico, con gli anni è passata al mondo digitale che l’ha messa davanti a nuove sfide e svariati modi di esprimersi.</p>
<p>Le opere che saranno esposte fanno parte al genere al quale è particolarmente legata, in quanto ama fotografare la natura di paesaggi montani e marini, la flora nella quale cerca di cogliere aspetti inusuali come la texture e figure fantasiose che da subito catturano la sua fantasia, e la tecnica ravvicinata della macro fotografia.</p>
<p>La mostra fotografica sarà uno degli ultimi eventi organizzati dal direttivo attualmente in carica della Società Associazione Monfalconese di Mutuo Soccorso aps, prima delle nuove elezioni, e sarà aperta <strong>dal 15 al 30 marzo</strong> con i seguenti orari: <strong>dal lunedì al sabato dalle ore 9 alle ore 13 e dalle 16 alle 20 (domenica chiuso)</strong>.</p>
<p><em>Livio Nonis</em></p>
