{"id":52409,"date":"2024-03-08T15:19:23","date_gmt":"2024-03-08T14:19:23","guid":{"rendered":"https:\/\/imagazine.it\/home_desk\/?post_type=mec-events&#038;p=52409"},"modified":"2024-07-20T10:24:37","modified_gmt":"2024-07-20T08:24:37","slug":"francesco-de-gregori-in-concerto-a-udine","status":"publish","type":"mec-events","link":"https:\/\/imagazine.it\/home_desk\/events\/francesco-de-gregori-in-concerto-a-udine\/","title":{"rendered":"Maltempo: rinviato il concerto di De Gregori a Udine"},"content":{"rendered":"<p><span style=\"font-size: 10pt;\"><em>Francesco De Gregori (\u00a9 Daniele Barraco)<\/em><\/span><\/p>\n<p>A causa del maltempo, il concerto di <strong>Francesco De Gregori<\/strong>, in programma al <strong>Castello di Udine<\/strong> venerd\u00ec 19 luglio, \u00e8 rinviato alla nuova data di <strong>marted\u00ec 23 luglio<\/strong>.<\/p>\n<p>I biglietti precedentemente acquistati rimangono validi per la nuova data. Chi fosse impossibilitato a partecipare potr\u00e0 chiedere il rimborso sul circuito <strong>Ticketone<\/strong> (<span style=\"text-decoration: underline;\"><a href=\"https:\/\/www.rimborsi-ticketone.it\/\" data-saferedirecturl=\"https:\/\/www.google.com\/url?q=https:\/\/www.rimborsi-ticketone.it\/&amp;source=gmail&amp;ust=1721549578872000&amp;usg=AOvVaw2ojByl6NHTFHc-H7dzxOon\" target=\"_blank\" rel=\"noopener\">https:\/\/www.rimborsi-ticketone.it\/<\/a><\/span>) entro le ore <strong>12.00<\/strong> di <strong>luned\u00ec 22 luglio<\/strong>. Info su <a href=\"http:\/\/www.azalea.it\" data-saferedirecturl=\"https:\/\/www.google.com\/url?q=http:\/\/www.azalea.it&amp;source=gmail&amp;ust=1721549578872000&amp;usg=AOvVaw0T8XOaDePUoTHtBqyKR-N6\" target=\"_blank\" rel=\"noopener\"><span style=\"text-decoration: underline;\">www.azalea.it<\/span><\/a>.<\/p>\n<p>A distanza di oltre due anni dall\u2019ultimo tour solista, il cantautore <strong>Francesco De Gregori<\/strong>, artista fra i pi\u00f9 amati di sempre, torna live in questa estate 2024. Francesco De Gregori sar\u00e0 accompagnato dalla sua band, formata da <strong>Guido Guglielminetti<\/strong> (basso e contrabasso), <strong>Carlo Gaudiello<\/strong> (tastiere), <strong>Primiano Di Biase<\/strong> (hammond), <strong>Paolo Giovenchi<\/strong> (chitarre), <strong>Alessandro Valle<\/strong> (pedal steel guitar e mandolino) e <strong>Simone Talone<\/strong> (percussioni). Corista: <strong>Francesca La Colla<\/strong>.<\/p>\n<p>Le biglietterie del concerto apriranno alle <strong>19.00<\/strong>, mentre le porte al pubblico alle <strong>20.00<\/strong>. Aprir\u00e0 la serata, alle <strong>21.00<\/strong>, l\u2019esibizione della cantante <strong>Angela Baraldi<\/strong>, a seguire il live di <strong>Francesco De Gregori<\/strong>.<\/p>\n","protected":false},"excerpt":{"rendered":"<p>Il &#8220;principe&#8221; della musica italiana torna in tour con la sua band. Unica data in Friuli Venezia Giulia<\/p>\n","protected":false},"author":28,"featured_media":52412,"comment_status":"closed","ping_status":"closed","template":"","tags":[102,1135,261,826,55,101],"mec_category":[99],"class_list":["post-52409","mec-events","type-mec-events","status-publish","has-post-thumbnail","hentry","tag-concerto","tag-de-gregori","tag-eventi","tag-eventi-fvg","tag-musica","tag-udine","mec_category-music"],"_links":{"self":[{"href":"https:\/\/imagazine.it\/home_desk\/wp-json\/wp\/v2\/mec-events\/52409","targetHints":{"allow":["GET"]}}],"collection":[{"href":"https:\/\/imagazine.it\/home_desk\/wp-json\/wp\/v2\/mec-events"}],"about":[{"href":"https:\/\/imagazine.it\/home_desk\/wp-json\/wp\/v2\/types\/mec-events"}],"author":[{"embeddable":true,"href":"https:\/\/imagazine.it\/home_desk\/wp-json\/wp\/v2\/users\/28"}],"replies":[{"embeddable":true,"href":"https:\/\/imagazine.it\/home_desk\/wp-json\/wp\/v2\/comments?post=52409"}],"wp:featuredmedia":[{"embeddable":true,"href":"https:\/\/imagazine.it\/home_desk\/wp-json\/wp\/v2\/media\/52412"}],"wp:attachment":[{"href":"https:\/\/imagazine.it\/home_desk\/wp-json\/wp\/v2\/media?parent=52409"}],"wp:term":[{"taxonomy":"post_tag","embeddable":true,"href":"https:\/\/imagazine.it\/home_desk\/wp-json\/wp\/v2\/tags?post=52409"},{"taxonomy":"mec_category","embeddable":true,"href":"https:\/\/imagazine.it\/home_desk\/wp-json\/wp\/v2\/mec_category?post=52409"}],"curies":[{"name":"wp","href":"https:\/\/api.w.org\/{rel}","templated":true}]}}

<p><span style="font-size: 10pt;"><em>Francesco De Gregori (© Daniele Barraco)</em></span></p>
<p>A causa del maltempo, il concerto di <strong>Francesco De Gregori</strong>, in programma al <strong>Castello di Udine</strong> venerdì 19 luglio, è rinviato alla nuova data di <strong>martedì 23 luglio</strong>.</p>
<p>I biglietti precedentemente acquistati rimangono validi per la nuova data. Chi fosse impossibilitato a partecipare potrà chiedere il rimborso sul circuito <strong>Ticketone</strong> (<span style="text-decoration: underline;"><a href="https://www.rimborsi-ticketone.it/" data-saferedirecturl="https://www.google.com/url?q=https://www.rimborsi-ticketone.it/&amp;source=gmail&amp;ust=1721549578872000&amp;usg=AOvVaw2ojByl6NHTFHc-H7dzxOon" target="_blank" rel="noopener">https://www.rimborsi-ticketone.it/</a></span>) entro le ore <strong>12.00</strong> di <strong>lunedì 22 luglio</strong>. Info su <a href="http://www.azalea.it" data-saferedirecturl="https://www.google.com/url?q=http://www.azalea.it&amp;source=gmail&amp;ust=1721549578872000&amp;usg=AOvVaw0T8XOaDePUoTHtBqyKR-N6" target="_blank" rel="noopener"><span style="text-decoration: underline;">www.azalea.it</span></a>.</p>
<p>A distanza di oltre due anni dall’ultimo tour solista, il cantautore <strong>Francesco De Gregori</strong>, artista fra i più amati di sempre, torna live in questa estate 2024. Francesco De Gregori sarà accompagnato dalla sua band, formata da <strong>Guido Guglielminetti</strong> (basso e contrabasso), <strong>Carlo Gaudiello</strong> (tastiere), <strong>Primiano Di Biase</strong> (hammond), <strong>Paolo Giovenchi</strong> (chitarre), <strong>Alessandro Valle</strong> (pedal steel guitar e mandolino) e <strong>Simone Talone</strong> (percussioni). Corista: <strong>Francesca La Colla</strong>.</p>
<p>Le biglietterie del concerto apriranno alle <strong>19.00</strong>, mentre le porte al pubblico alle <strong>20.00</strong>. Aprirà la serata, alle <strong>21.00</strong>, l’esibizione della cantante <strong>Angela Baraldi</strong>, a seguire il live di <strong>Francesco De Gregori</strong>.</p>
