{"id":52270,"date":"2024-03-06T17:25:12","date_gmt":"2024-03-06T16:25:12","guid":{"rendered":"https:\/\/imagazine.it\/home_desk\/?post_type=mec-events&#038;p=52270"},"modified":"2024-03-06T17:25:31","modified_gmt":"2024-03-06T16:25:31","slug":"dal-messico-a-monfalcone-tribute-to-the-americas","status":"publish","type":"mec-events","link":"https:\/\/imagazine.it\/home_desk\/events\/dal-messico-a-monfalcone-tribute-to-the-americas\/","title":{"rendered":"Dal Messico a Monfalcone: &#8220;Tribute to the Americas&#8221;"},"content":{"rendered":"<p style=\"font-weight: 400;\">Dal Messico al Teatro Comunale di Monfalcone, il\u00a0<strong>Cuarteto Latinoamericano<\/strong>\u00a0celebra i compositori Villa-Lobos, Barber, Piazzolla, Gershwin e Ginastera con un viaggio musicale attraverso le Americhe, dal Brasile agli Stati Uniti. I tre fratelli Bitr\u00e1n, Sa\u00fal e Ar\u00f3n al violino, Alvaro al violoncello e Javier Montiel alla viola sono ospiti al Comunale di Monfalcone con\u00a0<strong><em>Tribute to the Americas<\/em><\/strong>,\u00a0<strong>venerd\u00ec 8 marzo, alle 20.45<\/strong>.<\/p>\n<p style=\"font-weight: 400;\"><em>Tribute to the Americas<\/em>\u00a0\u00e8 un concerto romantico dalle sonorit\u00e0 vibranti, melodie affascinanti e ritmi coinvolgenti reso attraverso un programma musicale che unisce la passione del tango, l\u2019energia brasiliana e l\u2019eclettismo della musica americana. Il Cuarteto Latinoamericano rappresenta una voce unica in campo internazionale per la diffusione della creazione musicale latinoamericana contemporanea, e non solo. The Washington Post ne ha scritto come di un ensemble \u00abImpareggiabile per ampiezza tonale, fluidit\u00e0 armonica e concentrazione nel lavoro di squadra\u00bb.<\/p>\n<p style=\"font-weight: 400;\">Il direttore artistico <strong>Simone D\u2019Eusanio<\/strong>\u00a0introduce lo spettacolo nel corso dell\u2019incontro col pubblico \u201cDietro le Quinte\u201d, alle 20.00, nel foyer del Bar del Teatro.<\/p>\n","protected":false},"excerpt":{"rendered":"<p>Il Cuarteto Latinoamericano celebra i compositori Villa-Lobos, Barber, Piazzolla, Gershwin e Ginastera con un viaggio musicale attraverso le Americhe, dal Brasile agli Stati Uniti<\/p>\n","protected":false},"author":28,"featured_media":52272,"comment_status":"closed","ping_status":"closed","template":"","tags":[102,1105,261,826,51,55],"mec_category":[99],"class_list":["post-52270","mec-events","type-mec-events","status-publish","has-post-thumbnail","hentry","tag-concerto","tag-cuarteto-latinoamericano","tag-eventi","tag-eventi-fvg","tag-monfalcone","tag-musica","mec_category-music"],"_links":{"self":[{"href":"https:\/\/imagazine.it\/home_desk\/wp-json\/wp\/v2\/mec-events\/52270","targetHints":{"allow":["GET"]}}],"collection":[{"href":"https:\/\/imagazine.it\/home_desk\/wp-json\/wp\/v2\/mec-events"}],"about":[{"href":"https:\/\/imagazine.it\/home_desk\/wp-json\/wp\/v2\/types\/mec-events"}],"author":[{"embeddable":true,"href":"https:\/\/imagazine.it\/home_desk\/wp-json\/wp\/v2\/users\/28"}],"replies":[{"embeddable":true,"href":"https:\/\/imagazine.it\/home_desk\/wp-json\/wp\/v2\/comments?post=52270"}],"wp:featuredmedia":[{"embeddable":true,"href":"https:\/\/imagazine.it\/home_desk\/wp-json\/wp\/v2\/media\/52272"}],"wp:attachment":[{"href":"https:\/\/imagazine.it\/home_desk\/wp-json\/wp\/v2\/media?parent=52270"}],"wp:term":[{"taxonomy":"post_tag","embeddable":true,"href":"https:\/\/imagazine.it\/home_desk\/wp-json\/wp\/v2\/tags?post=52270"},{"taxonomy":"mec_category","embeddable":true,"href":"https:\/\/imagazine.it\/home_desk\/wp-json\/wp\/v2\/mec_category?post=52270"}],"curies":[{"name":"wp","href":"https:\/\/api.w.org\/{rel}","templated":true}]}}

<p style="font-weight: 400;">Dal Messico al Teatro Comunale di Monfalcone, il <strong>Cuarteto Latinoamericano</strong> celebra i compositori Villa-Lobos, Barber, Piazzolla, Gershwin e Ginastera con un viaggio musicale attraverso le Americhe, dal Brasile agli Stati Uniti. I tre fratelli Bitrán, Saúl e Arón al violino, Alvaro al violoncello e Javier Montiel alla viola sono ospiti al Comunale di Monfalcone con <strong><em>Tribute to the Americas</em></strong>, <strong>venerdì 8 marzo, alle 20.45</strong>.</p>
<p style="font-weight: 400;"><em>Tribute to the Americas</em> è un concerto romantico dalle sonorità vibranti, melodie affascinanti e ritmi coinvolgenti reso attraverso un programma musicale che unisce la passione del tango, l’energia brasiliana e l’eclettismo della musica americana. Il Cuarteto Latinoamericano rappresenta una voce unica in campo internazionale per la diffusione della creazione musicale latinoamericana contemporanea, e non solo. The Washington Post ne ha scritto come di un ensemble «Impareggiabile per ampiezza tonale, fluidità armonica e concentrazione nel lavoro di squadra».</p>
<p style="font-weight: 400;">Il direttore artistico <strong>Simone D’Eusanio</strong> introduce lo spettacolo nel corso dell’incontro col pubblico “Dietro le Quinte”, alle 20.00, nel foyer del Bar del Teatro.</p>
