{"id":51954,"date":"2024-02-29T12:02:42","date_gmt":"2024-02-29T11:02:42","guid":{"rendered":"https:\/\/imagazine.it\/home_desk\/?post_type=mec-events&#038;p=51954"},"modified":"2024-02-29T12:02:42","modified_gmt":"2024-02-29T11:02:42","slug":"dalla-e-battisti-si-rincontrano-a-trieste","status":"publish","type":"mec-events","link":"https:\/\/imagazine.it\/home_desk\/events\/dalla-e-battisti-si-rincontrano-a-trieste\/","title":{"rendered":"Dalla e Battisti si rincontrano a Trieste"},"content":{"rendered":"<p><em><span style=\"font-size: 10pt;\">Sebastiano Somma in &#8220;Lucio incontra Lucio&#8221;<\/span><\/em><\/p>\n<p><span style=\"font-size: 12pt;\">\u201c<em>Lucio Incontra Lucio<\/em>\u201d, lo spettacolo scritto da <strong>Liberato Santarpino<\/strong> e firmato alla regia da <strong>Sebastiano Somma<\/strong>, <\/span><span style=\"font-size: 12pt;\">s\u2019ispira a uno dei capitoli pi\u00f9 belli della storia cantautorale italiana, la vita di Lucio Dalla e Lucio Battisti, mettendo in scena un\u2019originale lettura dei due grandi cantautori italiani.\u00a0<\/span><\/p>\n<p><span style=\"font-size: 12pt;\">Sebastiano Somma racconter\u00e0 sul palco insieme alle musiche cantate da\u00a0<strong>Alfina Scorza, Elsa Baldini, Paola Forleo, Francesco Curcio<\/strong> ed eseguite\u00a0da\u00a0<strong>Marco De Gennaro,\u00a0Gianmarco Santarpino, Aldo Vigorito,\u00a0Giuseppe La Pusata e Lorenzo Guastaferro<\/strong>, la storia di due uomini accomunati dalla stessa passione per la musica, <strong>due uomini nati a distanza di dodici ore<\/strong> &#8211; 4 marzo 1943 Lucio Dalla e 5 marzo 1943 Lucio Battisti \u2013 e che oggi rappresentano un\u2019icona tutta italiana.\u00a0<\/span><\/p>\n<p><span style=\"font-size: 12pt;\">La regia di Sebastiano Somma mette insieme, in maniera attenta,\u00a0un\u2019originale lettura della vita dei due grandi cantautori italiani.\u00a0<strong>Uno spettacolo fatto di musica, suggestioni, immagini e parola<\/strong>, attingendo al suo amore verso i due grandi cantautori, cercando di ricostruire e consegnare al pubblico un\u2019ora e 35 minuti di spettacolo in atto unico, raffinato ed elegante, denso di emozioni e colori, \u00a0atto a ricordare ai giovani e ai meno giovani la grande arte che i due hanno prodotto e lasciato in dote a tutti noi.\u00a0<\/span><\/p>\n<p><span style=\"font-size: 12pt;\">Entrambi, con le differenze geografiche di provenienza e di stile musicale, hanno dato lustro al panorama della musica italiana introducendo elementi di assoluta innovazione nella canzone italiana.\u00a0\u00a0<\/span><\/p>\n<p><span style=\"font-size: 12pt;\">Due musicisti che hanno rinnovato profondamente la canzone italiana, influenzando inevitabilmente tutti coloro che sono venuti dopo. Battisti lo ha fatto in modo pi\u00f9 personale, scegliendo di non apparire sulle scene per diversi anni, evitando i concerti e formando con Mogol (autore dei testi di gran parte delle sue canzoni) un sodalizio che rester\u00e0 nella storia della musica italiana; Dalla, autore estroso capace di scrivere testi eccezionali, \u00e8 stato meno solitario, ha duettato con i pi\u00f9 grandi cantanti italiani e internazionali ed ha fatto conoscere (insieme a Morandi, Guccini ed altri) la sua Bologna nel mondo, dando vita ad un filone cantautorale che oggi rivive in artisti come Cesare Cremonini e Samuele Bersani.<\/span><\/p>\n<p><span style=\"font-size: 12pt;\">Erano gli inizi degli anni Ottanta quando Dalla parl\u00f2 a Battisti di un suo grande progetto da fare insieme: una grande tourn\u00e8e e poi un disco da incidere. Battisti rifiut\u00f2 l\u2019invito, perch\u00e9 ormai immerso in una nuova sperimentazione musicale con quella decisione devastante di sparire dalle scene.<\/span><\/p>\n<p><span style=\"font-size: 12pt;\">Lucio incontra Lucio quindi, prova a figurare quell\u2019incontro artistico mai avvenuto, anche se solo immaginario, raccontandolo attraverso le loro canzoni. Durante lo spettacolo verranno eseguiti brani di Lucio Dalla e Lucio Battisti: <em>4 marzo 1943<\/em>, <em>Pensieri e parole<\/em>, <em>Mi ritorni in mente<\/em>, <em>La casa in riva al mare<\/em>, <em>Il mio canto libero<\/em>, <em>Il gigante e la bambina<\/em>, <em>Acqua azzurra acqua chiara<\/em>, <em>Piazza Grande<\/em>, <em>Emozioni<\/em>, <em>Come \u00e8 profondo il mare<\/em>, <em>La canzone del sole<\/em>, <em>L\u2019anno che verr\u00e0<\/em>, <em>Amarsi un po\u2019<\/em>, <em>Futura<\/em>, <em>Con il nastro rosa<\/em>, <em>Caruso<\/em>, <em>L\u2019arcobaleno<\/em>.<\/span><\/p>\n","protected":false},"excerpt":{"rendered":"<p>Sebastiano Somma porta al Bobbio lo spettacolo \u201cLucio Incontra Lucio\u201d: ispirato a uno dei capitoli pi\u00f9 belli della storia cantautorale italiana<\/p>\n","protected":false},"author":28,"featured_media":51955,"comment_status":"closed","ping_status":"closed","template":"","tags":[983,492,984,261,826,985,55,52,65],"mec_category":[48],"class_list":["post-51954","mec-events","type-mec-events","status-publish","has-post-thumbnail","hentry","tag-battisti","tag-contrada","tag-dalla","tag-eventi","tag-eventi-fvg","tag-lucio-incontro-lucio","tag-musica","tag-teatro","tag-trieste","mec_category-classic-art"],"_links":{"self":[{"href":"https:\/\/imagazine.it\/home_desk\/wp-json\/wp\/v2\/mec-events\/51954","targetHints":{"allow":["GET"]}}],"collection":[{"href":"https:\/\/imagazine.it\/home_desk\/wp-json\/wp\/v2\/mec-events"}],"about":[{"href":"https:\/\/imagazine.it\/home_desk\/wp-json\/wp\/v2\/types\/mec-events"}],"author":[{"embeddable":true,"href":"https:\/\/imagazine.it\/home_desk\/wp-json\/wp\/v2\/users\/28"}],"replies":[{"embeddable":true,"href":"https:\/\/imagazine.it\/home_desk\/wp-json\/wp\/v2\/comments?post=51954"}],"wp:featuredmedia":[{"embeddable":true,"href":"https:\/\/imagazine.it\/home_desk\/wp-json\/wp\/v2\/media\/51955"}],"wp:attachment":[{"href":"https:\/\/imagazine.it\/home_desk\/wp-json\/wp\/v2\/media?parent=51954"}],"wp:term":[{"taxonomy":"post_tag","embeddable":true,"href":"https:\/\/imagazine.it\/home_desk\/wp-json\/wp\/v2\/tags?post=51954"},{"taxonomy":"mec_category","embeddable":true,"href":"https:\/\/imagazine.it\/home_desk\/wp-json\/wp\/v2\/mec_category?post=51954"}],"curies":[{"name":"wp","href":"https:\/\/api.w.org\/{rel}","templated":true}]}}

<p><em><span style="font-size: 10pt;">Sebastiano Somma in &#8220;Lucio incontra Lucio&#8221;</span></em></p>
<p><span style="font-size: 12pt;">“<em>Lucio Incontra Lucio</em>”, lo spettacolo scritto da <strong>Liberato Santarpino</strong> e firmato alla regia da <strong>Sebastiano Somma</strong>, </span><span style="font-size: 12pt;">s’ispira a uno dei capitoli più belli della storia cantautorale italiana, la vita di Lucio Dalla e Lucio Battisti, mettendo in scena un’originale lettura dei due grandi cantautori italiani. </span></p>
<p><span style="font-size: 12pt;">Sebastiano Somma racconterà sul palco insieme alle musiche cantate da <strong>Alfina Scorza, Elsa Baldini, Paola Forleo, Francesco Curcio</strong> ed eseguite da <strong>Marco De Gennaro, Gianmarco Santarpino, Aldo Vigorito, Giuseppe La Pusata e Lorenzo Guastaferro</strong>, la storia di due uomini accomunati dalla stessa passione per la musica, <strong>due uomini nati a distanza di dodici ore</strong> &#8211; 4 marzo 1943 Lucio Dalla e 5 marzo 1943 Lucio Battisti – e che oggi rappresentano un’icona tutta italiana. </span></p>
<p><span style="font-size: 12pt;">La regia di Sebastiano Somma mette insieme, in maniera attenta, un’originale lettura della vita dei due grandi cantautori italiani. <strong>Uno spettacolo fatto di musica, suggestioni, immagini e parola</strong>, attingendo al suo amore verso i due grandi cantautori, cercando di ricostruire e consegnare al pubblico un’ora e 35 minuti di spettacolo in atto unico, raffinato ed elegante, denso di emozioni e colori,  atto a ricordare ai giovani e ai meno giovani la grande arte che i due hanno prodotto e lasciato in dote a tutti noi. </span></p>
<p><span style="font-size: 12pt;">Entrambi, con le differenze geografiche di provenienza e di stile musicale, hanno dato lustro al panorama della musica italiana introducendo elementi di assoluta innovazione nella canzone italiana.  </span></p>
<p><span style="font-size: 12pt;">Due musicisti che hanno rinnovato profondamente la canzone italiana, influenzando inevitabilmente tutti coloro che sono venuti dopo. Battisti lo ha fatto in modo più personale, scegliendo di non apparire sulle scene per diversi anni, evitando i concerti e formando con Mogol (autore dei testi di gran parte delle sue canzoni) un sodalizio che resterà nella storia della musica italiana; Dalla, autore estroso capace di scrivere testi eccezionali, è stato meno solitario, ha duettato con i più grandi cantanti italiani e internazionali ed ha fatto conoscere (insieme a Morandi, Guccini ed altri) la sua Bologna nel mondo, dando vita ad un filone cantautorale che oggi rivive in artisti come Cesare Cremonini e Samuele Bersani.</span></p>
<p><span style="font-size: 12pt;">Erano gli inizi degli anni Ottanta quando Dalla parlò a Battisti di un suo grande progetto da fare insieme: una grande tournèe e poi un disco da incidere. Battisti rifiutò l’invito, perché ormai immerso in una nuova sperimentazione musicale con quella decisione devastante di sparire dalle scene.</span></p>
<p><span style="font-size: 12pt;">Lucio incontra Lucio quindi, prova a figurare quell’incontro artistico mai avvenuto, anche se solo immaginario, raccontandolo attraverso le loro canzoni. Durante lo spettacolo verranno eseguiti brani di Lucio Dalla e Lucio Battisti: <em>4 marzo 1943</em>, <em>Pensieri e parole</em>, <em>Mi ritorni in mente</em>, <em>La casa in riva al mare</em>, <em>Il mio canto libero</em>, <em>Il gigante e la bambina</em>, <em>Acqua azzurra acqua chiara</em>, <em>Piazza Grande</em>, <em>Emozioni</em>, <em>Come è profondo il mare</em>, <em>La canzone del sole</em>, <em>L’anno che verrà</em>, <em>Amarsi un po’</em>, <em>Futura</em>, <em>Con il nastro rosa</em>, <em>Caruso</em>, <em>L’arcobaleno</em>.</span></p>

<p>Sebastiano Somma porta al Bobbio lo spettacolo “Lucio Incontra Lucio”: ispirato a uno dei capitoli più belli della storia cantautorale italiana</p>
