{"id":51887,"date":"2024-02-27T17:03:49","date_gmt":"2024-02-27T16:03:49","guid":{"rendered":"https:\/\/imagazine.it\/home_desk\/?post_type=mec-events&#038;p=51887"},"modified":"2024-02-27T17:03:49","modified_gmt":"2024-02-27T16:03:49","slug":"storia-di-un-oblio","status":"publish","type":"mec-events","link":"https:\/\/imagazine.it\/home_desk\/events\/storia-di-un-oblio\/","title":{"rendered":"Storia di un oblio"},"content":{"rendered":"<p>Sar\u00e0 <strong>Vincenzo Pirrotta<\/strong>, diretto da Roberto And\u00f2, il prossimo protagonista della rassegna \u2018Innesti \u2013 Connessioni teatrali affatto prevedibili\u2019 ideata da ArtistiAssociati Centro di Produzione Teatrale, con il monologo <em>Storia di un oblio<\/em> di Laurent Mauvignier \u00a9 Les editions de Minuit, traduzione Yasmina Melaouah (Casa Editrice Feltrinelli).<\/p>\n<p>Lo spettacolo, prodotto da Societ\u00e0 per Attori, sar\u00e0 di scena alla Sala Bergamas di Gradisca d\u2019Isonzo, gioved\u00ec 29 febbraio, venerd\u00ec 1 e sabato 2 marzo, alle 20.30.<\/p>\n<p>Un uomo entra in un supermercato all\u2019interno di un grande centro commerciale di una citt\u00e0 francese. Ruba una lattina di birra e viene bloccato da quattro addetti alla sicurezza che lo trascinano nel magazzino e lo ammazzano di botte.<\/p>\n<p>Questo scarno fatto di cronaca \u00e8 raccontato la Laurent Mauvignier in un lungo racconto, una sola frase che ricostruisce la mezz\u2019ora in cui \u00e8 insensatamente raccolta la tragica fine di un uomo.<\/p>\n<p>Teso quasi allo spasimo nel resoconto minuzioso di una morte assurda, il flusso di parole raduna impercettibilmente tutti i temi cari a Mauvignier. E torna cos\u00ec il suo sguardo purissimo su un universo di \u2018umili\u2019 che la scrittura rigorosissima accoglie senza una briciola di retorica, senza un\u2019ombra di furbizia. Raro, oggi, nel trionfo dei format narrativi nei quali la realt\u00e0 diventa un reality, uno stile cos\u00ec impeccabilmente morale, una prosa cos\u00ec pudica e vera. \u2018Quel che io chiamo oblio\u2019 \u00e8 il titolo originale di questo monologo, scritto in un\u2019unica frase, senza un vero inizio, senza una vera fine, senza punteggiatura ma con una prosa perfetta che in un crescendo emozionante risveglia in noi sentimenti di piet\u00e0 e indignazione. Pirrotta intona un canto di sofferenza e solitudine che scuote la coscienza dello spettatore.<\/p>\n<p>Messo in scena nel 2012 al teatro della Com\u00e9die-Fran\u00e7aise, \u2018Quel che io chiamo oblio\u2019 diviene spettacolo anche in Italia. A dare voce al testo un attore di rara sensibilit\u00e0 e potenza come Vincenzo Pirrotta, guidato dalla regia di un maestro del teatro e del cinema, Roberto And\u00f2.<\/p>\n<p>Prevendite un\u2019ora prima dell\u2019inizio dello spettacolo.<\/p>\n","protected":false},"excerpt":{"rendered":"<p>A Gradisca la tragica vicenda di ladro di birra ammazzato di botte da quattro addetti alla sicurezza<\/p>\n","protected":false},"author":28,"featured_media":51888,"comment_status":"closed","ping_status":"closed","template":"","tags":[261,826,254,928,52,835],"mec_category":[48],"class_list":["post-51887","mec-events","type-mec-events","status-publish","has-post-thumbnail","hentry","tag-eventi","tag-eventi-fvg","tag-gradisca","tag-pirrotta","tag-teatro","tag-violenza","mec_category-classic-art"],"_links":{"self":[{"href":"https:\/\/imagazine.it\/home_desk\/wp-json\/wp\/v2\/mec-events\/51887","targetHints":{"allow":["GET"]}}],"collection":[{"href":"https:\/\/imagazine.it\/home_desk\/wp-json\/wp\/v2\/mec-events"}],"about":[{"href":"https:\/\/imagazine.it\/home_desk\/wp-json\/wp\/v2\/types\/mec-events"}],"author":[{"embeddable":true,"href":"https:\/\/imagazine.it\/home_desk\/wp-json\/wp\/v2\/users\/28"}],"replies":[{"embeddable":true,"href":"https:\/\/imagazine.it\/home_desk\/wp-json\/wp\/v2\/comments?post=51887"}],"wp:featuredmedia":[{"embeddable":true,"href":"https:\/\/imagazine.it\/home_desk\/wp-json\/wp\/v2\/media\/51888"}],"wp:attachment":[{"href":"https:\/\/imagazine.it\/home_desk\/wp-json\/wp\/v2\/media?parent=51887"}],"wp:term":[{"taxonomy":"post_tag","embeddable":true,"href":"https:\/\/imagazine.it\/home_desk\/wp-json\/wp\/v2\/tags?post=51887"},{"taxonomy":"mec_category","embeddable":true,"href":"https:\/\/imagazine.it\/home_desk\/wp-json\/wp\/v2\/mec_category?post=51887"}],"curies":[{"name":"wp","href":"https:\/\/api.w.org\/{rel}","templated":true}]}}

<p>Sarà <strong>Vincenzo Pirrotta</strong>, diretto da Roberto Andò, il prossimo protagonista della rassegna ‘Innesti – Connessioni teatrali affatto prevedibili’ ideata da ArtistiAssociati Centro di Produzione Teatrale, con il monologo <em>Storia di un oblio</em> di Laurent Mauvignier © Les editions de Minuit, traduzione Yasmina Melaouah (Casa Editrice Feltrinelli).</p>
<p>Lo spettacolo, prodotto da Società per Attori, sarà di scena alla Sala Bergamas di Gradisca d’Isonzo, giovedì 29 febbraio, venerdì 1 e sabato 2 marzo, alle 20.30.</p>
<p>Un uomo entra in un supermercato all’interno di un grande centro commerciale di una città francese. Ruba una lattina di birra e viene bloccato da quattro addetti alla sicurezza che lo trascinano nel magazzino e lo ammazzano di botte.</p>
<p>Questo scarno fatto di cronaca è raccontato la Laurent Mauvignier in un lungo racconto, una sola frase che ricostruisce la mezz’ora in cui è insensatamente raccolta la tragica fine di un uomo.</p>
<p>Teso quasi allo spasimo nel resoconto minuzioso di una morte assurda, il flusso di parole raduna impercettibilmente tutti i temi cari a Mauvignier. E torna così il suo sguardo purissimo su un universo di ‘umili’ che la scrittura rigorosissima accoglie senza una briciola di retorica, senza un’ombra di furbizia. Raro, oggi, nel trionfo dei format narrativi nei quali la realtà diventa un reality, uno stile così impeccabilmente morale, una prosa così pudica e vera. ‘Quel che io chiamo oblio’ è il titolo originale di questo monologo, scritto in un’unica frase, senza un vero inizio, senza una vera fine, senza punteggiatura ma con una prosa perfetta che in un crescendo emozionante risveglia in noi sentimenti di pietà e indignazione. Pirrotta intona un canto di sofferenza e solitudine che scuote la coscienza dello spettatore.</p>
<p>Messo in scena nel 2012 al teatro della Comédie-Française, ‘Quel che io chiamo oblio’ diviene spettacolo anche in Italia. A dare voce al testo un attore di rara sensibilità e potenza come Vincenzo Pirrotta, guidato dalla regia di un maestro del teatro e del cinema, Roberto Andò.</p>
<p>Prevendite un’ora prima dell’inizio dello spettacolo.</p>
