{"id":51606,"date":"2024-02-16T15:27:33","date_gmt":"2024-02-16T14:27:33","guid":{"rendered":"https:\/\/imagazine.it\/home_desk\/?post_type=mec-events&#038;p=51606"},"modified":"2024-02-16T15:37:58","modified_gmt":"2024-02-16T14:37:58","slug":"la-magia-del-klemen-quartet-a-trieste","status":"publish","type":"mec-events","link":"https:\/\/imagazine.it\/home_desk\/events\/la-magia-del-klemen-quartet-a-trieste\/","title":{"rendered":"La magia del Klemen Quartet a Trieste"},"content":{"rendered":"<p>Luned\u00ec 26 febbraio alle 20.30 sar\u00e0 ospite della Societ\u00e0 dei Concerti di Trieste uno tra i pi\u00f9 emozionanti gruppi di musica da camera, il <strong>Kelemen Quartet<\/strong>, fondato a Budapest nel 2009 e formato da musicisti di altissimo livello: Barnab\u00e1s Kelemen, noto violinista e direttore d\u2019orchestra, Jonian Ilias Kadesha al violino, Katalin Kokas alla viola e Vashti Hunter al violoncello. Saranno a Trieste, al <strong>Teatri Verdi<\/strong>, con i quartetti di Bela Bartok che li hanno resi famosi nel mondo.<\/p>\n<p>La formazione, elogiata per la sua virtuosit\u00e0 e la sua profonda musicalit\u00e0, si esibisce regolarmente in tutto il mondo in luoghi di prestigio, come il Carnegie Hall di New York, il Wigmore Hall di Londra e il Concertgebouw di Amsterdam, e suona in tourn\u00e9e che la portano in Estremo Oriente, Stati Uniti ed Australia, con un repertorio che spazia dal Barocco al contemporaneo.<\/p>\n<p>Il Quartetto Kelemen ha acquisito una fama internazionale, vincendo numerosi premi in concorsi prestigiosi come il Premio Borciani (2014) e il Melbourne International Chamber Music Competition (2014), inoltre ha pubblicato diversi album discografici per etichette prestigiose come Naxos e BIS Records. Le sue incisioni hanno ricevuto elogi dalla critica per la loro qualit\u00e0 e interpretazione.<\/p>\n<p>I fondatori Barnabas e Kokas sono entrambi devoti a Bart\u00f3k e vedono nella sua musica la base per lo sviluppo di un nuovo linguaggio musicale cromatico-modale, internazionale eppure radicato nella tradizione ungherese. Il programma di luned\u00ec \u00e8 un omaggio a questo straordinario compositore ungherese di fama mondiale, che ha lasciato un&#8217;eredit\u00e0 musicale ricca e innovativa. Tra le sue opere pi\u00f9 importanti, i sei Quartetti per archi occupano un posto di rilievo. Composti tra il 1908 e il 1939, questi quartetti offrono un&#8217;affascinante esplorazione del linguaggio musicale di Bart\u00f3k, caratterizzato da una complessit\u00e0 ritmica, originalit\u00e0 e bellezza espressiva che li rendono un punto di riferimento per musicisti e compositori di tutto il mondo.<\/p>\n<p>Alle 19.15 al Teatro Ridotto del Verdi ci sar\u00e0 inoltre l&#8217;opportunit\u00e0 di ascoltare dal vivo la storia della formazione dalla voce degli stessi musicisti che dialogheranno insieme al direttore artistico della Societ\u00e0 dei Concerti Trieste, Marco Seco.<\/p>\n","protected":false},"excerpt":{"rendered":"<p>Uno tra i pi\u00f9 famosi ed emozionanti gruppi di musica da camera dei nostri tempi in concerto al Verdi<\/p>\n","protected":false},"author":28,"featured_media":51607,"comment_status":"closed","ping_status":"closed","template":"","tags":[548,55,65],"mec_category":[99],"class_list":["post-51606","mec-events","type-mec-events","status-publish","has-post-thumbnail","hentry","tag-klemen-quartet","tag-musica","tag-trieste","mec_category-music"],"_links":{"self":[{"href":"https:\/\/imagazine.it\/home_desk\/wp-json\/wp\/v2\/mec-events\/51606","targetHints":{"allow":["GET"]}}],"collection":[{"href":"https:\/\/imagazine.it\/home_desk\/wp-json\/wp\/v2\/mec-events"}],"about":[{"href":"https:\/\/imagazine.it\/home_desk\/wp-json\/wp\/v2\/types\/mec-events"}],"author":[{"embeddable":true,"href":"https:\/\/imagazine.it\/home_desk\/wp-json\/wp\/v2\/users\/28"}],"replies":[{"embeddable":true,"href":"https:\/\/imagazine.it\/home_desk\/wp-json\/wp\/v2\/comments?post=51606"}],"wp:featuredmedia":[{"embeddable":true,"href":"https:\/\/imagazine.it\/home_desk\/wp-json\/wp\/v2\/media\/51607"}],"wp:attachment":[{"href":"https:\/\/imagazine.it\/home_desk\/wp-json\/wp\/v2\/media?parent=51606"}],"wp:term":[{"taxonomy":"post_tag","embeddable":true,"href":"https:\/\/imagazine.it\/home_desk\/wp-json\/wp\/v2\/tags?post=51606"},{"taxonomy":"mec_category","embeddable":true,"href":"https:\/\/imagazine.it\/home_desk\/wp-json\/wp\/v2\/mec_category?post=51606"}],"curies":[{"name":"wp","href":"https:\/\/api.w.org\/{rel}","templated":true}]}}

<p>Lunedì 26 febbraio alle 20.30 sarà ospite della Società dei Concerti di Trieste uno tra i più emozionanti gruppi di musica da camera, il <strong>Kelemen Quartet</strong>, fondato a Budapest nel 2009 e formato da musicisti di altissimo livello: Barnabás Kelemen, noto violinista e direttore d’orchestra, Jonian Ilias Kadesha al violino, Katalin Kokas alla viola e Vashti Hunter al violoncello. Saranno a Trieste, al <strong>Teatri Verdi</strong>, con i quartetti di Bela Bartok che li hanno resi famosi nel mondo.</p>
<p>La formazione, elogiata per la sua virtuosità e la sua profonda musicalità, si esibisce regolarmente in tutto il mondo in luoghi di prestigio, come il Carnegie Hall di New York, il Wigmore Hall di Londra e il Concertgebouw di Amsterdam, e suona in tournée che la portano in Estremo Oriente, Stati Uniti ed Australia, con un repertorio che spazia dal Barocco al contemporaneo.</p>
<p>Il Quartetto Kelemen ha acquisito una fama internazionale, vincendo numerosi premi in concorsi prestigiosi come il Premio Borciani (2014) e il Melbourne International Chamber Music Competition (2014), inoltre ha pubblicato diversi album discografici per etichette prestigiose come Naxos e BIS Records. Le sue incisioni hanno ricevuto elogi dalla critica per la loro qualità e interpretazione.</p>
<p>I fondatori Barnabas e Kokas sono entrambi devoti a Bartók e vedono nella sua musica la base per lo sviluppo di un nuovo linguaggio musicale cromatico-modale, internazionale eppure radicato nella tradizione ungherese. Il programma di lunedì è un omaggio a questo straordinario compositore ungherese di fama mondiale, che ha lasciato un&#8217;eredità musicale ricca e innovativa. Tra le sue opere più importanti, i sei Quartetti per archi occupano un posto di rilievo. Composti tra il 1908 e il 1939, questi quartetti offrono un&#8217;affascinante esplorazione del linguaggio musicale di Bartók, caratterizzato da una complessità ritmica, originalità e bellezza espressiva che li rendono un punto di riferimento per musicisti e compositori di tutto il mondo.</p>
<p>Alle 19.15 al Teatro Ridotto del Verdi ci sarà inoltre l&#8217;opportunità di ascoltare dal vivo la storia della formazione dalla voce degli stessi musicisti che dialogheranno insieme al direttore artistico della Società dei Concerti Trieste, Marco Seco.</p>

<p>Uno tra i più famosi ed emozionanti gruppi di musica da camera dei nostri tempi in concerto al Verdi</p>
