{"id":51581,"date":"2024-02-15T17:31:43","date_gmt":"2024-02-15T16:31:43","guid":{"rendered":"https:\/\/imagazine.it\/home_desk\/?post_type=mec-events&#038;p=51581"},"modified":"2024-02-15T17:31:43","modified_gmt":"2024-02-15T16:31:43","slug":"il-plasticocene-in-mostra-a-cividale","status":"publish","type":"mec-events","link":"https:\/\/imagazine.it\/home_desk\/events\/il-plasticocene-in-mostra-a-cividale\/","title":{"rendered":"Il Plasticocene in mostra a Cividale"},"content":{"rendered":"<p>La mostra sar\u00e0 aperta al pubblico dal 17 febbraio al 17 marzo con questi orari: <strong>da luned\u00ec a venerd\u00ec 10-13 e 14-17; sabato e domenica 10-17<\/strong>. Per Info: Informacitt\u00e0 0432 710460. Alla mostra si accede pagando il biglietto d\u2019ingresso per la Collezione De Martiis.<\/p>\n<p>&nbsp;<\/p>\n<p><strong><em>Plasticocene<\/em><\/strong>. Questo \u00e8 il titolo della mostra che l\u2019Amministrazione Comunale ospiter\u00e0 nelle prossime settimane a Cividale del Friuli, presso <strong>Palazzo de Nordis<\/strong>, quale progetto artistico innovativo che potr\u00e0 stimolare il dibattito su tematiche di grande attualit\u00e0 e dialogare con l\u2019arte della Collezione De Martiis.<\/p>\n<p>La mostra sar\u00e0 <strong>inaugurata<\/strong> <strong>venerd\u00ec 16 febbraio alle ore 17<\/strong> <strong>e potr\u00e0 essere visitata fino al 17 marzo, ogni giorno,<\/strong> negli orari di apertura di Palazzo de Nordis.<\/p>\n<p>Il percorso <em>Plasticocene<\/em> \u00e8 stato ideato da Elisabetta Milan, artista divulgatrice, guida d\u2019arte e snorkeling di WWF AMP Miramare, fondatrice dell\u2019omonimo progetto, con il supporto scientifico di WWF Area Marina Protetta di Miramare (Ts).<\/p>\n<p>L\u2019iniziativa \u00e8 stata proposta in collaborazione tra il Club Rotary di Cividale e il Club Rotary Gemona Friuli Collinare, in quanto tale iniziativa risponde all\u2019obiettivo del service del Distretto 2060, per l\u2019anno 2024, ovvero: promuovere attivit\u00e0 di sensibilizzazione su temi ambientali con particolare attenzione all\u2019inquinamento da plastiche e microplastiche. Tra i partner scientifici di <em>Plasticocene<\/em>, oltre a WWF Area Marina Protetta Miramare, si annoverano: OGS Istituto Nazionale di Oceanografia e Geofisica Sperimentale, Marevivo Delegazione FVG e Mumble Design.<\/p>\n<h3>Arte e ambiente<\/h3>\n<p>\u201cIl Comune di Cividale del Friuli \u2013 spiega l\u2019assessore alla Cultura <strong>Angela Zappulla<\/strong> \u2013ha accolto con grande entusiasmo e partecipazione l\u2019iniziativa riservandone uno spazio d\u2019eccellenza in quanto il tema proposto \u00e8 di grande interesse. Oltre all\u2019esposizione, fra le opere della Collezione famiglia De Martiis, delle installazioni di Elisabetta Milan, ci saranno delle <strong>visite guidate<\/strong> con la curatrice e dei <strong>laboratori<\/strong> \u00a0con gli operatori dell\u2019Area Marina Protetta di Miramare <strong>rivolti alle scuole<\/strong>, sostenute anche <strong>dall\u2019Assessorato all\u2019Ambiente rappresentato da Rita Cozzi<\/strong>. A conclusione della visita a tutti gli studenti verr\u00e0 lasciato un vademecum in carta riciclata con 12 suggerimenti da poter concretizzare nelle proprie abitudini quotidiane per ridurre l\u2019impatto della plastica nelle proprie vite\u201d.<\/p>\n<p>La curatrice <strong>Elisabetta Milan<\/strong> spiega che \u201cil termine <strong><em>Plasticocene<\/em> identifica l\u2019epoca che stiamo vivendo, <\/strong>in cui la plastica ha caratterizzato ogni ambiente naturale ed ogni attivit\u00e0 umana. Il progetto, fondato nel 2020 ed ospitato gi\u00e0 in prestigiose sedi istituzionali, si propone di <strong>divulgare e di sensibilizzare attraverso l\u2019arte le problematiche ambientali che infliggono i mari<\/strong>, relative soprattutto all\u2019inquinamento da plastiche e microplastiche. Il percorso rientra pienamente nel Decennio per gli Oceani 2020\/2030, indetto dall\u2019Onu\u201d.<\/p>\n<h3>Opere e orari<\/h3>\n<p>\u201cA supporto delle installazioni artistiche \u2013 aggiunge Milan \u2013 realizzate con svariati materiali, tra cui reti fantasma, boe e plastiche vi sono i pannelli informativi scritti con il contributo scientifico dei biologi di WWF AMP Miramare. Gli argomenti trattati del percorso sono: la nascita e la differenziazione della plastica, con particolare riferimento alla micro e alla nano plastica, la corretta raccolta, il riuso ed il riciclo della stessa (3R), la formazione delle isole di plastica e della plastisfera, la tropicalizzazione in particolare del Mare Mediterraneo causata dai cambiamenti climatici, dall\u2019innalzamento di temperatura, dalla sovrapesca, dall\u2019inquinamento e dall\u2019arrivo di specie aliene. Un messaggio primario che vuole essere veicolato dall\u2019esposizione \u00e8 \u00ab<strong><em>Il mare inizia dalle nostre abitudini quotidiane, inizia gi\u00e0 in citt\u00e0, dalla campagna, dal fuori citt\u00e0, non inizia solamente sulle coste e spiagge<\/em><\/strong><strong>\u00bb<\/strong>\u201d.<\/p>\n<p>\u201cA tale proposito \u2013 conclude Zappulla \u2013 abbiamo accolto anche la proposta di collocare simbolicamente <strong>delle targhe su alcuni tombini<\/strong> della citt\u00e0 ad indicare che tutto ci\u00f2 che viene gettato erroneamente o volontariamente in questi ultimi finisce in mare ed entra nella catena alimentare dei pesci e dell\u2019uomo stesso. Si \u00e8 pensato di creare un apposito pannello dedicato al fiume Natisone ed alla sua storia, per far capire ai visitatori quanto sia importante salvaguardare da rifiuti questo importante corso d\u2019acqua\u201d.<\/p>\n<p>&nbsp;<\/p>\n","protected":false},"excerpt":{"rendered":"<p>L\u2019arte contemporanea dal messaggio ambientalista entra a Palazzo de Nordis<\/p>\n","protected":false},"author":28,"featured_media":51582,"comment_status":"closed","ping_status":"closed","template":"","tags":[66,165,170,251,535],"mec_category":[59],"class_list":["post-51581","mec-events","type-mec-events","status-publish","has-post-thumbnail","hentry","tag-ambiente","tag-arte","tag-cividale","tag-mostra","tag-plasticocene","mec_category-meeting"],"_links":{"self":[{"href":"https:\/\/imagazine.it\/home_desk\/wp-json\/wp\/v2\/mec-events\/51581","targetHints":{"allow":["GET"]}}],"collection":[{"href":"https:\/\/imagazine.it\/home_desk\/wp-json\/wp\/v2\/mec-events"}],"about":[{"href":"https:\/\/imagazine.it\/home_desk\/wp-json\/wp\/v2\/types\/mec-events"}],"author":[{"embeddable":true,"href":"https:\/\/imagazine.it\/home_desk\/wp-json\/wp\/v2\/users\/28"}],"replies":[{"embeddable":true,"href":"https:\/\/imagazine.it\/home_desk\/wp-json\/wp\/v2\/comments?post=51581"}],"wp:featuredmedia":[{"embeddable":true,"href":"https:\/\/imagazine.it\/home_desk\/wp-json\/wp\/v2\/media\/51582"}],"wp:attachment":[{"href":"https:\/\/imagazine.it\/home_desk\/wp-json\/wp\/v2\/media?parent=51581"}],"wp:term":[{"taxonomy":"post_tag","embeddable":true,"href":"https:\/\/imagazine.it\/home_desk\/wp-json\/wp\/v2\/tags?post=51581"},{"taxonomy":"mec_category","embeddable":true,"href":"https:\/\/imagazine.it\/home_desk\/wp-json\/wp\/v2\/mec_category?post=51581"}],"curies":[{"name":"wp","href":"https:\/\/api.w.org\/{rel}","templated":true}]}}

<p>La mostra sarà aperta al pubblico dal 17 febbraio al 17 marzo con questi orari: <strong>da lunedì a venerdì 10-13 e 14-17; sabato e domenica 10-17</strong>. Per Info: Informacittà 0432 710460. Alla mostra si accede pagando il biglietto d’ingresso per la Collezione De Martiis.</p>
<p>&nbsp;</p>
<p><strong><em>Plasticocene</em></strong>. Questo è il titolo della mostra che l’Amministrazione Comunale ospiterà nelle prossime settimane a Cividale del Friuli, presso <strong>Palazzo de Nordis</strong>, quale progetto artistico innovativo che potrà stimolare il dibattito su tematiche di grande attualità e dialogare con l’arte della Collezione De Martiis.</p>
<p>La mostra sarà <strong>inaugurata</strong> <strong>venerdì 16 febbraio alle ore 17</strong> <strong>e potrà essere visitata fino al 17 marzo, ogni giorno,</strong> negli orari di apertura di Palazzo de Nordis.</p>
<p>Il percorso <em>Plasticocene</em> è stato ideato da Elisabetta Milan, artista divulgatrice, guida d’arte e snorkeling di WWF AMP Miramare, fondatrice dell’omonimo progetto, con il supporto scientifico di WWF Area Marina Protetta di Miramare (Ts).</p>
<p>L’iniziativa è stata proposta in collaborazione tra il Club Rotary di Cividale e il Club Rotary Gemona Friuli Collinare, in quanto tale iniziativa risponde all’obiettivo del service del Distretto 2060, per l’anno 2024, ovvero: promuovere attività di sensibilizzazione su temi ambientali con particolare attenzione all’inquinamento da plastiche e microplastiche. Tra i partner scientifici di <em>Plasticocene</em>, oltre a WWF Area Marina Protetta Miramare, si annoverano: OGS Istituto Nazionale di Oceanografia e Geofisica Sperimentale, Marevivo Delegazione FVG e Mumble Design.</p>
<h3>Arte e ambiente</h3>
<p>“Il Comune di Cividale del Friuli – spiega l’assessore alla Cultura <strong>Angela Zappulla</strong> –ha accolto con grande entusiasmo e partecipazione l’iniziativa riservandone uno spazio d’eccellenza in quanto il tema proposto è di grande interesse. Oltre all’esposizione, fra le opere della Collezione famiglia De Martiis, delle installazioni di Elisabetta Milan, ci saranno delle <strong>visite guidate</strong> con la curatrice e dei <strong>laboratori</strong>  con gli operatori dell’Area Marina Protetta di Miramare <strong>rivolti alle scuole</strong>, sostenute anche <strong>dall’Assessorato all’Ambiente rappresentato da Rita Cozzi</strong>. A conclusione della visita a tutti gli studenti verrà lasciato un vademecum in carta riciclata con 12 suggerimenti da poter concretizzare nelle proprie abitudini quotidiane per ridurre l’impatto della plastica nelle proprie vite”.</p>
<p>La curatrice <strong>Elisabetta Milan</strong> spiega che “il termine <strong><em>Plasticocene</em> identifica l’epoca che stiamo vivendo, </strong>in cui la plastica ha caratterizzato ogni ambiente naturale ed ogni attività umana. Il progetto, fondato nel 2020 ed ospitato già in prestigiose sedi istituzionali, si propone di <strong>divulgare e di sensibilizzare attraverso l’arte le problematiche ambientali che infliggono i mari</strong>, relative soprattutto all’inquinamento da plastiche e microplastiche. Il percorso rientra pienamente nel Decennio per gli Oceani 2020/2030, indetto dall’Onu”.</p>
<h3>Opere e orari</h3>
<p>“A supporto delle installazioni artistiche – aggiunge Milan – realizzate con svariati materiali, tra cui reti fantasma, boe e plastiche vi sono i pannelli informativi scritti con il contributo scientifico dei biologi di WWF AMP Miramare. Gli argomenti trattati del percorso sono: la nascita e la differenziazione della plastica, con particolare riferimento alla micro e alla nano plastica, la corretta raccolta, il riuso ed il riciclo della stessa (3R), la formazione delle isole di plastica e della plastisfera, la tropicalizzazione in particolare del Mare Mediterraneo causata dai cambiamenti climatici, dall’innalzamento di temperatura, dalla sovrapesca, dall’inquinamento e dall’arrivo di specie aliene. Un messaggio primario che vuole essere veicolato dall’esposizione è «<strong><em>Il mare inizia dalle nostre abitudini quotidiane, inizia già in città, dalla campagna, dal fuori città, non inizia solamente sulle coste e spiagge</em></strong><strong>»</strong>”.</p>
<p>“A tale proposito – conclude Zappulla – abbiamo accolto anche la proposta di collocare simbolicamente <strong>delle targhe su alcuni tombini</strong> della città ad indicare che tutto ciò che viene gettato erroneamente o volontariamente in questi ultimi finisce in mare ed entra nella catena alimentare dei pesci e dell’uomo stesso. Si è pensato di creare un apposito pannello dedicato al fiume Natisone ed alla sua storia, per far capire ai visitatori quanto sia importante salvaguardare da rifiuti questo importante corso d’acqua”.</p>
<p>&nbsp;</p>
