{"id":51485,"date":"2024-02-14T10:45:21","date_gmt":"2024-02-14T09:45:21","guid":{"rendered":"https:\/\/imagazine.it\/home_desk\/?post_type=mec-events&#038;p=51485"},"modified":"2024-07-22T13:26:30","modified_gmt":"2024-07-22T11:26:30","slug":"loreena-mckennitt-in-concerto-a-udine","status":"publish","type":"mec-events","link":"https:\/\/imagazine.it\/home_desk\/events\/loreena-mckennitt-in-concerto-a-udine\/","title":{"rendered":"Loreena McKennitt in concerto a Udine"},"content":{"rendered":"<p style=\"font-weight: 400;\">Mercoled\u00ec 24 luglio sar\u00e0 <strong>Loreena McKennitt<\/strong>, cantautrice e polistrumentista canadese, icona mondiale della musica celtica, artista capace di vendere oltre\u00a0<strong>14 milioni di dischi in carriera<\/strong>, la protagonista della nona edizione di \u201c<strong>Udine Vola<\/strong>\u201d.<strong>\u00a0<\/strong><\/p>\n<p style=\"font-weight: 400;\">Quella di Udine sar\u00e0 una delle sole cinque date dell\u2019artista nel nostro paese, inserite nel suo \u201c<em><strong>The Mask and Mirror \u2013 30th Anniversary Tour<\/strong><\/em>\u201d, progetto live che celebra il trentennale dall\u2019uscita dell\u2019omonimo fortunato album \u201c<strong>The Mask and Mirror<\/strong>\u201d.<\/p>\n<p style=\"font-weight: 400;\">I\u00a0<strong>biglietti<\/strong>\u00a0per l\u2019evento, organizzato da\u00a0<strong>Zenit srl<\/strong>, in collaborazione con\u00a0<strong>Regione Friuli Venezia Giulia<\/strong>,\u00a0<strong>PromoTurismoFVG<\/strong>,\u00a0<strong>Comune di Udine<\/strong>, inserito nel calendario di\u00a0<strong>UdinEstate<\/strong>, saranno in sul circuito\u00a0<strong>Ticketone<\/strong>\u00a0e lo saranno anche alla biglietteria mercoled\u00ec dalle\u00a0<strong>19.00<\/strong>. Porte aperte al pubblico alle\u00a0<strong>20.00<\/strong>\u00a0e inizio concerto alle\u00a0<strong>21.30<\/strong>. Tutte le info su\u00a0<a href=\"http:\/\/www.azalea.it\/\" data-saferedirecturl=\"https:\/\/www.google.com\/url?q=http:\/\/www.azalea.it&amp;source=gmail&amp;ust=1721727001681000&amp;usg=AOvVaw2Cv-amWjZh2pxkO8dSwM4z\" target=\"_blank\" rel=\"noopener\">www.azalea.it<\/a><\/p>\n<h3>L&#8217;album<\/h3>\n<p style=\"font-weight: 400;\">Pubblicato nel 1994, \u201c<strong>The Mask and Mirror<\/strong>\u201d \u00e8 stato definito \u201csenza tempo e trascendente\u201d e lodato per la sua contaminazione interculturale di influenze celtiche, spagnole e marocchine, ed \u00e8 senza dubbio uno dei lavori pi\u00f9 amati della McKennitt che ne parla cos\u00ec: \u00ab<em>Questo album \u00e8 stato per me un pellegrinaggio storico e musicale e sono entusiasta di riportarlo in scena durante il tour estivo in Europa. Questo \u00e8 un anniversario fondamentale nella mia carriera e non vedo l\u2019ora di festeggiarlo<\/em>\u00bb.<\/p>\n<p style=\"font-weight: 400;\">Nel comporlo, Loreena afferma di aver seguito diverse ispirazioni e aver preso in considerazione alcune domande che risuonano nella storia: \u00ab<em>Chi era Dio? Cosa sono religione e spiritualit\u00e0? Cos\u2019\u00e8 stato rivelato e cosa nascosto, cos\u2019era la maschera e cos\u2019era lo specchio?<\/em>\u00bb.<\/p>\n<p style=\"font-weight: 400;\">Il mix di musica celtica eclettica, pop, folk e world music di\u00a0<strong>Loreena McKennitt<\/strong>\u00a0ha conquistato la critica e il pubblico di tutto il mondo. L\u2019artista \u00e8 stata capace di vendere oltre 14 milioni di album in carriera, che gli sono valsi dischi d\u2019oro, platino e multi-platino in ben 15 paesi in 4 continenti.<\/p>\n<h3>Non solo musica<\/h3>\n<p style=\"font-weight: 400;\">Ms. McKennitt \u00e8 stata nominata due volte ai Grammy Awards e ha vinto due Juno Award e il premio alla carriera della Billboard International. Si \u00e8 esibita nelle location pi\u00f9 ambite, dalla Carnegie Hall di New York City, al famoso Palazzo Ahambra di Granada in Spagna, fino alle performance per la Regina Elisabetta II e diversi capi di stato.<\/p>\n<p style=\"font-weight: 400;\">Non solo musica per Loreena McKennitt, che \u00e8 anche portavoce di numerose iniziative filantropiche, tra le quali \u201cThe Cook-Rees Memorial Fund for Water Search and Safety\u201d, \u201cFalstaff Family Centre\u201d, \u201cHonorary Colonel of the Royal Canadian Air Force\u201d. Nel 2004 \u00e8 stata nominata Membro dell\u2019Ordine di Canada e nel 2013 Cavaliere dell\u2019Ordine Nazionale delle Arti e delle Lettere della Repubblica Francese.<\/p>\n","protected":false},"excerpt":{"rendered":"<p>L&#8217;icona mondiale della musica celtica in Castello per il concerto in occasione dei trent&#8217;anni di &#8220;The Mask and the Mirror&#8221;<\/p>\n","protected":false},"author":28,"featured_media":51486,"comment_status":"closed","ping_status":"closed","template":"","tags":[506,55,507,101,508],"mec_category":[99],"class_list":["post-51485","mec-events","type-mec-events","status-publish","has-post-thumbnail","hentry","tag-mckennitt","tag-musica","tag-musica-celtica","tag-udine","tag-udine-vola","mec_category-music"],"_links":{"self":[{"href":"https:\/\/imagazine.it\/home_desk\/wp-json\/wp\/v2\/mec-events\/51485","targetHints":{"allow":["GET"]}}],"collection":[{"href":"https:\/\/imagazine.it\/home_desk\/wp-json\/wp\/v2\/mec-events"}],"about":[{"href":"https:\/\/imagazine.it\/home_desk\/wp-json\/wp\/v2\/types\/mec-events"}],"author":[{"embeddable":true,"href":"https:\/\/imagazine.it\/home_desk\/wp-json\/wp\/v2\/users\/28"}],"replies":[{"embeddable":true,"href":"https:\/\/imagazine.it\/home_desk\/wp-json\/wp\/v2\/comments?post=51485"}],"wp:featuredmedia":[{"embeddable":true,"href":"https:\/\/imagazine.it\/home_desk\/wp-json\/wp\/v2\/media\/51486"}],"wp:attachment":[{"href":"https:\/\/imagazine.it\/home_desk\/wp-json\/wp\/v2\/media?parent=51485"}],"wp:term":[{"taxonomy":"post_tag","embeddable":true,"href":"https:\/\/imagazine.it\/home_desk\/wp-json\/wp\/v2\/tags?post=51485"},{"taxonomy":"mec_category","embeddable":true,"href":"https:\/\/imagazine.it\/home_desk\/wp-json\/wp\/v2\/mec_category?post=51485"}],"curies":[{"name":"wp","href":"https:\/\/api.w.org\/{rel}","templated":true}]}}

<p style="font-weight: 400;">Mercoledì 24 luglio sarà <strong>Loreena McKennitt</strong>, cantautrice e polistrumentista canadese, icona mondiale della musica celtica, artista capace di vendere oltre <strong>14 milioni di dischi in carriera</strong>, la protagonista della nona edizione di “<strong>Udine Vola</strong>”.<strong> </strong></p>
<p style="font-weight: 400;">Quella di Udine sarà una delle sole cinque date dell’artista nel nostro paese, inserite nel suo “<em><strong>The Mask and Mirror – 30th Anniversary Tour</strong></em>”, progetto live che celebra il trentennale dall’uscita dell’omonimo fortunato album “<strong>The Mask and Mirror</strong>”.</p>
<p style="font-weight: 400;">I <strong>biglietti</strong> per l’evento, organizzato da <strong>Zenit srl</strong>, in collaborazione con <strong>Regione Friuli Venezia Giulia</strong>, <strong>PromoTurismoFVG</strong>, <strong>Comune di Udine</strong>, inserito nel calendario di <strong>UdinEstate</strong>, saranno in sul circuito <strong>Ticketone</strong> e lo saranno anche alla biglietteria mercoledì dalle <strong>19.00</strong>. Porte aperte al pubblico alle <strong>20.00</strong> e inizio concerto alle <strong>21.30</strong>. Tutte le info su <a href="http://www.azalea.it/" data-saferedirecturl="https://www.google.com/url?q=http://www.azalea.it&amp;source=gmail&amp;ust=1721727001681000&amp;usg=AOvVaw2Cv-amWjZh2pxkO8dSwM4z" target="_blank" rel="noopener">www.azalea.it</a></p>
<h3>L&#8217;album</h3>
<p style="font-weight: 400;">Pubblicato nel 1994, “<strong>The Mask and Mirror</strong>” è stato definito “senza tempo e trascendente” e lodato per la sua contaminazione interculturale di influenze celtiche, spagnole e marocchine, ed è senza dubbio uno dei lavori più amati della McKennitt che ne parla così: «<em>Questo album è stato per me un pellegrinaggio storico e musicale e sono entusiasta di riportarlo in scena durante il tour estivo in Europa. Questo è un anniversario fondamentale nella mia carriera e non vedo l’ora di festeggiarlo</em>».</p>
<p style="font-weight: 400;">Nel comporlo, Loreena afferma di aver seguito diverse ispirazioni e aver preso in considerazione alcune domande che risuonano nella storia: «<em>Chi era Dio? Cosa sono religione e spiritualità? Cos’è stato rivelato e cosa nascosto, cos’era la maschera e cos’era lo specchio?</em>».</p>
<p style="font-weight: 400;">Il mix di musica celtica eclettica, pop, folk e world music di <strong>Loreena McKennitt</strong> ha conquistato la critica e il pubblico di tutto il mondo. L’artista è stata capace di vendere oltre 14 milioni di album in carriera, che gli sono valsi dischi d’oro, platino e multi-platino in ben 15 paesi in 4 continenti.</p>
<h3>Non solo musica</h3>
<p style="font-weight: 400;">Ms. McKennitt è stata nominata due volte ai Grammy Awards e ha vinto due Juno Award e il premio alla carriera della Billboard International. Si è esibita nelle location più ambite, dalla Carnegie Hall di New York City, al famoso Palazzo Ahambra di Granada in Spagna, fino alle performance per la Regina Elisabetta II e diversi capi di stato.</p>
<p style="font-weight: 400;">Non solo musica per Loreena McKennitt, che è anche portavoce di numerose iniziative filantropiche, tra le quali “The Cook-Rees Memorial Fund for Water Search and Safety”, “Falstaff Family Centre”, “Honorary Colonel of the Royal Canadian Air Force”. Nel 2004 è stata nominata Membro dell’Ordine di Canada e nel 2013 Cavaliere dell’Ordine Nazionale delle Arti e delle Lettere della Repubblica Francese.</p>
