{"id":51403,"date":"2024-02-13T11:34:20","date_gmt":"2024-02-13T10:34:20","guid":{"rendered":"https:\/\/imagazine.it\/home_desk\/?post_type=mec-events&#038;p=51403"},"modified":"2024-02-13T11:34:44","modified_gmt":"2024-02-13T10:34:44","slug":"thomas-umbaca-in-concerto-a-trieste","status":"publish","type":"mec-events","link":"https:\/\/imagazine.it\/home_desk\/events\/thomas-umbaca-in-concerto-a-trieste\/","title":{"rendered":"Thomas Umbaca in concerto a Trieste"},"content":{"rendered":"<p>Il talento del giovane pianista e compositore per la prima volta dal vivo nel tour d\u2019esordio \u201cUMBAKA TOUR 2024\u201d, che lo vedr\u00e0 suonare sui palchi dei teatri pi\u00f9 caratteristici ed intimi d\u2019Italia.<\/p>\n<p>Il motore primo da cui muove il flusso creativo musicale di <strong>Thomas Umbaca<\/strong> \u00e8 il pianoforte, strumento che lo accompagna fin dalla pi\u00f9 tenera et\u00e0 e i cui suoni costituiscono il lessico familiare che gli permette di esprimere in modo naturale e spontaneo le sue visioni interiori. Attorno a un microfono e una loop station, voce e percussioni, convergono in un linguaggio fortemente espressivo. Musica come linfa vitale, dunque, che parla a un pubblico senza confini, che arriva in profondit\u00e0, che ti prende per mano e ti trasporta in un mondo di ombre e colori. Nelle sue composizioni istinto ritmico e ispirazione melodica si alternano e si compensano, si mescolano e si separano senza soluzione di continuit\u00e0. Una musica contemporanea che si nutre di presente e si apre al mondo cos\u00ec come lo conosciamo.<\/p>\n<p><iframe loading=\"lazy\" title=\"Thomas Umbaca - I&#039;m In A Carousel (Official Video)\" width=\"640\" height=\"360\" src=\"https:\/\/www.youtube.com\/embed\/-WlZ_wr1HUM?feature=oembed\" frameborder=\"0\" allow=\"accelerometer; autoplay; clipboard-write; encrypted-media; gyroscope; picture-in-picture; web-share\" referrerpolicy=\"strict-origin-when-cross-origin\" allowfullscreen><\/iframe><\/p>\n<p>Pubblicato il 13 ottobre per Ponderosa Music Records, \u201cUMBAKA\u201d \u00e8 una giostra d\u2019ombre e di luci in grado di trasformarsi in un rifugio accogliente per chiunque si immerga nel suo ascolto poich\u00e9 racconta un\u2019umanit\u00e0 che tutti conosciamo. Un disco che traccia i confini del suo viaggio musicale attraverso il pianoforte che fa da padrone, lasciando per\u00f2 spazio alla sperimentazione attraverso melodie sussurrate e l\u2019utilizzo di percussioni.<\/p>\n","protected":false},"excerpt":{"rendered":"<p>Per la prima volta dal vivo nel tour d\u2019esordio<\/p>\n","protected":false},"author":28,"featured_media":51404,"comment_status":"closed","ping_status":"closed","template":"","tags":[55,469,65,468],"mec_category":[99],"class_list":["post-51403","mec-events","type-mec-events","status-publish","has-post-thumbnail","hentry","tag-musica","tag-pianoforte","tag-trieste","tag-umbaca","mec_category-music"],"_links":{"self":[{"href":"https:\/\/imagazine.it\/home_desk\/wp-json\/wp\/v2\/mec-events\/51403","targetHints":{"allow":["GET"]}}],"collection":[{"href":"https:\/\/imagazine.it\/home_desk\/wp-json\/wp\/v2\/mec-events"}],"about":[{"href":"https:\/\/imagazine.it\/home_desk\/wp-json\/wp\/v2\/types\/mec-events"}],"author":[{"embeddable":true,"href":"https:\/\/imagazine.it\/home_desk\/wp-json\/wp\/v2\/users\/28"}],"replies":[{"embeddable":true,"href":"https:\/\/imagazine.it\/home_desk\/wp-json\/wp\/v2\/comments?post=51403"}],"wp:featuredmedia":[{"embeddable":true,"href":"https:\/\/imagazine.it\/home_desk\/wp-json\/wp\/v2\/media\/51404"}],"wp:attachment":[{"href":"https:\/\/imagazine.it\/home_desk\/wp-json\/wp\/v2\/media?parent=51403"}],"wp:term":[{"taxonomy":"post_tag","embeddable":true,"href":"https:\/\/imagazine.it\/home_desk\/wp-json\/wp\/v2\/tags?post=51403"},{"taxonomy":"mec_category","embeddable":true,"href":"https:\/\/imagazine.it\/home_desk\/wp-json\/wp\/v2\/mec_category?post=51403"}],"curies":[{"name":"wp","href":"https:\/\/api.w.org\/{rel}","templated":true}]}}

<p>Il talento del giovane pianista e compositore per la prima volta dal vivo nel tour d’esordio “UMBAKA TOUR 2024”, che lo vedrà suonare sui palchi dei teatri più caratteristici ed intimi d’Italia.</p>
<p>Il motore primo da cui muove il flusso creativo musicale di <strong>Thomas Umbaca</strong> è il pianoforte, strumento che lo accompagna fin dalla più tenera età e i cui suoni costituiscono il lessico familiare che gli permette di esprimere in modo naturale e spontaneo le sue visioni interiori. Attorno a un microfono e una loop station, voce e percussioni, convergono in un linguaggio fortemente espressivo. Musica come linfa vitale, dunque, che parla a un pubblico senza confini, che arriva in profondità, che ti prende per mano e ti trasporta in un mondo di ombre e colori. Nelle sue composizioni istinto ritmico e ispirazione melodica si alternano e si compensano, si mescolano e si separano senza soluzione di continuità. Una musica contemporanea che si nutre di presente e si apre al mondo così come lo conosciamo.</p>
<p><iframe loading="lazy" title="Thomas Umbaca - I&#039;m In A Carousel (Official Video)" width="640" height="360" src="https://www.youtube.com/embed/-WlZ_wr1HUM?feature=oembed" frameborder="0" allow="accelerometer; autoplay; clipboard-write; encrypted-media; gyroscope; picture-in-picture; web-share" referrerpolicy="strict-origin-when-cross-origin" allowfullscreen></iframe></p>
<p>Pubblicato il 13 ottobre per Ponderosa Music Records, “UMBAKA” è una giostra d’ombre e di luci in grado di trasformarsi in un rifugio accogliente per chiunque si immerga nel suo ascolto poiché racconta un’umanità che tutti conosciamo. Un disco che traccia i confini del suo viaggio musicale attraverso il pianoforte che fa da padrone, lasciando però spazio alla sperimentazione attraverso melodie sussurrate e l’utilizzo di percussioni.</p>
