{"id":46386,"date":"2024-02-05T12:16:11","date_gmt":"2024-02-05T11:16:11","guid":{"rendered":"https:\/\/imagazine.it\/?post_type=mec-events&#038;p=46386"},"modified":"2024-03-04T17:04:54","modified_gmt":"2024-03-04T16:04:54","slug":"remo-anzovino-in-concerto-a-udine","status":"publish","type":"mec-events","link":"https:\/\/imagazine.it\/home_desk\/events\/remo-anzovino-in-concerto-a-udine\/","title":{"rendered":"Remo Anzovino in concerto a Udine"},"content":{"rendered":"<p>In concomitanza con l\u2019uscita del nuovo straordinario album di inediti \u201c<em><strong>Don\u2019t Forget to Fly<\/strong><\/em>\u201d \u2013 il primo completamente piano solo, a sei anni di distanza da \u201cNocturne\u201d che ha superato i 17 milioni di streaming solo su Spotify \u2013 torna su tutti i palcoscenici italiani <a href=\"https:\/\/imagazine.it\/home_desk\/leleganza-della-melodia\/\">il compositore e pianista <strong>Remo Anzovino<\/strong><\/a> con un progetto che traduce in puro suono il sogno e il bisogno degli esseri umani di volare.<\/p>\n<p>Remo Anzovino salir\u00e0 sul palco del <strong>Teatro Nuovo Giovanni da Udine<\/strong> il <strong>6 marzo 2024<\/strong> (inizio alle 21).<\/p>\n<p>Nel concerto dal vivo <strong>Remo Anzovino<\/strong> proporr\u00e0 nella prima parte l\u2019intera suite \u201cDon\u2019t Forget to Fly\u201d, trasportando il pubblico nella dimensione onirica del volo. Nella seconda parte, il Maestro eseguir\u00e0 tutte le hit estratte dagli album di studio e dalle colonne sonore pi\u00f9 importanti che lo hanno imposto nel mondo come uno dei pi\u00f9 originali e influenti compositori e pianisti della scena strumentale contemporanea.<\/p>\n<p>\u201c<em>Don\u2019t Forget to Fly<\/em>\u201d \u00e8 un vero e proprio concept album, nato come atto d\u2019amore per il pianoforte, pensato e composto nella dimensione di un sogno si contraddistingue per leggerezza e luminosit\u00e0. Un viaggio tra le mille possibilit\u00e0 espressive e stilistiche di questo strumento, un\u2019esplorazione onirica del volo e del pianeta dell\u2019aria in cui l\u2019ascoltatore \u00e8 chiamato a vivere la seconda vita di Icaro.<\/p>\n<p>Una seconda occasione in cui le ali non vengono bruciate dal sole, che, sorprendentemente, ci accoglie come una Grande Madre.<\/p>\n<p>Registrato dal grande fonico ECM <strong>Stefano Amerio<\/strong> nel <strong>Teatro di Fiesole<\/strong>, Anzovino ambienta il suo nuovo lavoro esattamente sul Monte Ceceri a Fiesole, recandosi cos\u00ec nei luoghi dove la leggenda vuole che Leonardo Da Vinci abbia effettuato le prove di volo, componendo una moderna suite in 12 movimenti con la quale consente all\u2019ascoltatore di vedere tutte le immagini dinamiche dell\u2019esperienza nel pianeta dell\u2019aria.<\/p>\n<p>30 milioni di streaming in 180 Paesi nel mondo, per <strong>Remo Anzovino<\/strong> \u00e8 veramente un periodo di grandi soddisfazioni. Il suo 2023 si \u00e8 aperto a febbraio con un tour di successo in Giappone ed \u00e8 continuato con la pubblicazione a maggio del nuovo atteso album di studio \u201c<em><strong>Don\u2019t Forget to Fly<\/strong><\/em>\u201d, rimasto per due settimane nella classifica FIMI dei 100 dischi pi\u00f9 venduti in Italia (al primo posto come disco strumentale).<\/p>\n<p>Autore della celebre \u201c<em><strong>9 ottobre 1963 \u2013 Suite for Vajont<\/strong><\/em>\u201d, da sempre sensibile ai temi sociali e ambientali ha celebrato il 21 giugno la Festa della Musica tenendo un concerto per i detenuti nel carcere di Poggioreale a Napoli. Dopo un tour nelle principali rassegne estive, il viaggio di &#8220;Don&#8217;t Forget to Fly&#8221; dal vivo, da dicembre a marzo, proseguir\u00e0 nei principali teatri italiani.<\/p>\n<p>Per il cinema ha composto e orchestrato la colonna sonora del film-evento \u201c<em><strong>Borromini e Bernini. Sfida alla perfezione<\/strong><\/em>\u201d che all\u2019uscita nelle sale italiane a maggio \u00e8 stato il terzo film pi\u00f9 visto nelle sale e, notizia freschissima, sua \u00e8 la firma anche della colonna sonora del film-evento &#8220;<em><strong>Uomini e Dei. Le meraviglie del Museo Egizio<\/strong><\/em>&#8221; con la partecipazione straordinaria del Premio Oscar Jeremy Irons, che a fine novembre verr\u00e0 presentato al Torino Film Festival.<\/p>\n","protected":false},"excerpt":{"rendered":"<p>Tradurre in suono il bisogno dell&#8217;uomo di volare: il pianista friulano presenta il suo nuovo progetto<\/p>\n","protected":false},"author":28,"featured_media":46387,"comment_status":"open","ping_status":"closed","template":"","tags":[215,55,101],"mec_category":[99],"class_list":["post-46386","mec-events","type-mec-events","status-publish","has-post-thumbnail","hentry","tag-anzovino","tag-musica","tag-udine","mec_category-music"],"_links":{"self":[{"href":"https:\/\/imagazine.it\/home_desk\/wp-json\/wp\/v2\/mec-events\/46386","targetHints":{"allow":["GET"]}}],"collection":[{"href":"https:\/\/imagazine.it\/home_desk\/wp-json\/wp\/v2\/mec-events"}],"about":[{"href":"https:\/\/imagazine.it\/home_desk\/wp-json\/wp\/v2\/types\/mec-events"}],"author":[{"embeddable":true,"href":"https:\/\/imagazine.it\/home_desk\/wp-json\/wp\/v2\/users\/28"}],"replies":[{"embeddable":true,"href":"https:\/\/imagazine.it\/home_desk\/wp-json\/wp\/v2\/comments?post=46386"}],"wp:featuredmedia":[{"embeddable":true,"href":"https:\/\/imagazine.it\/home_desk\/wp-json\/wp\/v2\/media\/46387"}],"wp:attachment":[{"href":"https:\/\/imagazine.it\/home_desk\/wp-json\/wp\/v2\/media?parent=46386"}],"wp:term":[{"taxonomy":"post_tag","embeddable":true,"href":"https:\/\/imagazine.it\/home_desk\/wp-json\/wp\/v2\/tags?post=46386"},{"taxonomy":"mec_category","embeddable":true,"href":"https:\/\/imagazine.it\/home_desk\/wp-json\/wp\/v2\/mec_category?post=46386"}],"curies":[{"name":"wp","href":"https:\/\/api.w.org\/{rel}","templated":true}]}}

<p>In concomitanza con l’uscita del nuovo straordinario album di inediti “<em><strong>Don’t Forget to Fly</strong></em>” – il primo completamente piano solo, a sei anni di distanza da “Nocturne” che ha superato i 17 milioni di streaming solo su Spotify – torna su tutti i palcoscenici italiani <a href="https://imagazine.it/home_desk/leleganza-della-melodia/">il compositore e pianista <strong>Remo Anzovino</strong></a> con un progetto che traduce in puro suono il sogno e il bisogno degli esseri umani di volare.</p>
<p>Remo Anzovino salirà sul palco del <strong>Teatro Nuovo Giovanni da Udine</strong> il <strong>6 marzo 2024</strong> (inizio alle 21).</p>
<p>Nel concerto dal vivo <strong>Remo Anzovino</strong> proporrà nella prima parte l’intera suite “Don’t Forget to Fly”, trasportando il pubblico nella dimensione onirica del volo. Nella seconda parte, il Maestro eseguirà tutte le hit estratte dagli album di studio e dalle colonne sonore più importanti che lo hanno imposto nel mondo come uno dei più originali e influenti compositori e pianisti della scena strumentale contemporanea.</p>
<p>“<em>Don’t Forget to Fly</em>” è un vero e proprio concept album, nato come atto d’amore per il pianoforte, pensato e composto nella dimensione di un sogno si contraddistingue per leggerezza e luminosità. Un viaggio tra le mille possibilità espressive e stilistiche di questo strumento, un’esplorazione onirica del volo e del pianeta dell’aria in cui l’ascoltatore è chiamato a vivere la seconda vita di Icaro.</p>
<p>Una seconda occasione in cui le ali non vengono bruciate dal sole, che, sorprendentemente, ci accoglie come una Grande Madre.</p>
<p>Registrato dal grande fonico ECM <strong>Stefano Amerio</strong> nel <strong>Teatro di Fiesole</strong>, Anzovino ambienta il suo nuovo lavoro esattamente sul Monte Ceceri a Fiesole, recandosi così nei luoghi dove la leggenda vuole che Leonardo Da Vinci abbia effettuato le prove di volo, componendo una moderna suite in 12 movimenti con la quale consente all’ascoltatore di vedere tutte le immagini dinamiche dell’esperienza nel pianeta dell’aria.</p>
<p>30 milioni di streaming in 180 Paesi nel mondo, per <strong>Remo Anzovino</strong> è veramente un periodo di grandi soddisfazioni. Il suo 2023 si è aperto a febbraio con un tour di successo in Giappone ed è continuato con la pubblicazione a maggio del nuovo atteso album di studio “<em><strong>Don’t Forget to Fly</strong></em>”, rimasto per due settimane nella classifica FIMI dei 100 dischi più venduti in Italia (al primo posto come disco strumentale).</p>
<p>Autore della celebre “<em><strong>9 ottobre 1963 – Suite for Vajont</strong></em>”, da sempre sensibile ai temi sociali e ambientali ha celebrato il 21 giugno la Festa della Musica tenendo un concerto per i detenuti nel carcere di Poggioreale a Napoli. Dopo un tour nelle principali rassegne estive, il viaggio di &#8220;Don&#8217;t Forget to Fly&#8221; dal vivo, da dicembre a marzo, proseguirà nei principali teatri italiani.</p>
<p>Per il cinema ha composto e orchestrato la colonna sonora del film-evento “<em><strong>Borromini e Bernini. Sfida alla perfezione</strong></em>” che all’uscita nelle sale italiane a maggio è stato il terzo film più visto nelle sale e, notizia freschissima, sua è la firma anche della colonna sonora del film-evento &#8220;<em><strong>Uomini e Dei. Le meraviglie del Museo Egizio</strong></em>&#8221; con la partecipazione straordinaria del Premio Oscar Jeremy Irons, che a fine novembre verrà presentato al Torino Film Festival.</p>
