{"id":45988,"date":"2024-01-31T12:59:45","date_gmt":"2024-01-31T11:59:45","guid":{"rendered":"https:\/\/imagazine.it\/?post_type=mec-events&#038;p=45988"},"modified":"2024-02-05T16:17:57","modified_gmt":"2024-02-05T15:17:57","slug":"festival-internazionale-della-danza","status":"publish","type":"mec-events","link":"https:\/\/imagazine.it\/home_desk\/events\/festival-internazionale-della-danza\/","title":{"rendered":"Festival Internazionale della Danza"},"content":{"rendered":"<p>Il palcoscenico del teatro Odeon torna a ospitare, sabato 10 febbraio alle 20.30, il \u201c<strong>Festival Internazionale della Danza \u2013 Citt\u00e0 di Latisana<\/strong>\u201d organizzato dall\u2019Asd Zor\u00e0 Studio Danza, con il <strong>patrocinio del Comune di Latisana<\/strong> e la direzione artistica di <strong>Ylenia Zambelli e Giulia Piccini<\/strong>. Una settima edizione a lungo attesa che sapr\u00e0 coniugare ancora una volta <strong>spettacolo e beneficenza<\/strong>: parte dei proventi sar\u00e0 infatti devoluta all&#8217;odv &#8220;Casa di Joy&#8221; che si occupa di bambini malati oncologici e delle loro famiglie.<\/p>\n<p><strong>Novit\u00e0 di questa edizione sar\u00e0 la presenza di alcuni danzatori con disabilit\u00e0:<\/strong> tra gli ospiti ci sar\u00e0 anche l\u2019Opalus Ballet Project, ovvero la prima compagnia di danza contemporanea del Fvg composta da danzatori con disabilit\u00e0 intellettiva.<\/p>\n<p><strong>CLASSICA, MODERNA, CONTEMPORANEA, HIP HOP<\/strong> \u2013 Il ricco programma della serata (Sostenuto anche da Avis provinciale di Udine, Lignano Sabbiadoro e Latisana, Studio Micaela Sette, Fioreria Turchet e Falcomer Design) vedr\u00e0 salire sul palco ballerini, piccoli e grandi, che allieteranno il pubblico con coreografie pensate per l\u2019occasione. Dalla grazia della danza classica, passando per la vivacit\u00e0 e il brio di quella moderna e contemporanea, ma senza dimenticare i ritmi black e i movimenti decisi dell\u2019hip hop. Lo spettacolo, adatto a tutti, \u00e8 pensato proprio per offrire al pubblico una serata fatta di <strong>divertimento e, come detto, di beneficenza.<\/strong><\/p>\n<p><strong>I PROFESSIONISTI IN SCENA &#8211; <\/strong>Assieme agli allievi che calcheranno il palco dell\u2019Odeon (\u2018Zor\u00e0 Studio Danza\u2019 per l\u2019occasione collabora con altre otto scuole di danza della regione e non solo, quali Arte Danza Portogruaro; A.S.D. Etoile Studio Danza di S. Vendemiano; A.S.D. Fly Dancing Rivignano Teor; A.S.D. Ventaglio Trieste; Axis Danza Gorizia; Axis Danza Udine; MLdanza\u00a0Sacile; Scuola di Danza A.S.D. Ginnastica Sanvitese) ci saranno anche degli ospiti molto attesi. In scena infatti anche alcuni professionisti del \u2018Balletto di Siena\u2019: ad allietare il pubblico ci saranno i \u2018ballerini solisti\u2019 Filippo Del Sal, Giuseppe Giacalone e la ballerina solista Matilde Campese.<\/p>\n<p><strong>STAGE DI APPROFONDIMENTO<\/strong> &#8211; Il 9 febbraio, giorno precedente al Festival, i ragazzi dei corsi avanzati di danza classica e di danza moderna saranno impegnati in uno stage pensato per il loro perfezionamento e potenziamento. In questa occasione saranno proprio i danzatori del balletto di Siena ad accompagnarli nel percorso di approfondimento dello studio della danza classica e della danza contemporanea.<\/p>\n","protected":false},"excerpt":{"rendered":"<p>A Latisana la prima compagnia del FVG composta da danzatori con disabilit\u00e0 intellettiva<\/p>\n","protected":false},"author":3,"featured_media":45990,"comment_status":"open","ping_status":"closed","template":"","tags":[146,49,144,145],"mec_category":[48],"class_list":["post-45988","mec-events","type-mec-events","status-publish","has-post-thumbnail","hentry","tag-beneficenza","tag-danza","tag-latisana","tag-solidarieta","mec_category-classic-art"],"_links":{"self":[{"href":"https:\/\/imagazine.it\/home_desk\/wp-json\/wp\/v2\/mec-events\/45988","targetHints":{"allow":["GET"]}}],"collection":[{"href":"https:\/\/imagazine.it\/home_desk\/wp-json\/wp\/v2\/mec-events"}],"about":[{"href":"https:\/\/imagazine.it\/home_desk\/wp-json\/wp\/v2\/types\/mec-events"}],"author":[{"embeddable":true,"href":"https:\/\/imagazine.it\/home_desk\/wp-json\/wp\/v2\/users\/3"}],"replies":[{"embeddable":true,"href":"https:\/\/imagazine.it\/home_desk\/wp-json\/wp\/v2\/comments?post=45988"}],"wp:featuredmedia":[{"embeddable":true,"href":"https:\/\/imagazine.it\/home_desk\/wp-json\/wp\/v2\/media\/45990"}],"wp:attachment":[{"href":"https:\/\/imagazine.it\/home_desk\/wp-json\/wp\/v2\/media?parent=45988"}],"wp:term":[{"taxonomy":"post_tag","embeddable":true,"href":"https:\/\/imagazine.it\/home_desk\/wp-json\/wp\/v2\/tags?post=45988"},{"taxonomy":"mec_category","embeddable":true,"href":"https:\/\/imagazine.it\/home_desk\/wp-json\/wp\/v2\/mec_category?post=45988"}],"curies":[{"name":"wp","href":"https:\/\/api.w.org\/{rel}","templated":true}]}}

<p>Il palcoscenico del teatro Odeon torna a ospitare, sabato 10 febbraio alle 20.30, il “<strong>Festival Internazionale della Danza – Città di Latisana</strong>” organizzato dall’Asd Zorà Studio Danza, con il <strong>patrocinio del Comune di Latisana</strong> e la direzione artistica di <strong>Ylenia Zambelli e Giulia Piccini</strong>. Una settima edizione a lungo attesa che saprà coniugare ancora una volta <strong>spettacolo e beneficenza</strong>: parte dei proventi sarà infatti devoluta all&#8217;odv &#8220;Casa di Joy&#8221; che si occupa di bambini malati oncologici e delle loro famiglie.</p>
<p><strong>Novità di questa edizione sarà la presenza di alcuni danzatori con disabilità:</strong> tra gli ospiti ci sarà anche l’Opalus Ballet Project, ovvero la prima compagnia di danza contemporanea del Fvg composta da danzatori con disabilità intellettiva.</p>
<p><strong>CLASSICA, MODERNA, CONTEMPORANEA, HIP HOP</strong> – Il ricco programma della serata (Sostenuto anche da Avis provinciale di Udine, Lignano Sabbiadoro e Latisana, Studio Micaela Sette, Fioreria Turchet e Falcomer Design) vedrà salire sul palco ballerini, piccoli e grandi, che allieteranno il pubblico con coreografie pensate per l’occasione. Dalla grazia della danza classica, passando per la vivacità e il brio di quella moderna e contemporanea, ma senza dimenticare i ritmi black e i movimenti decisi dell’hip hop. Lo spettacolo, adatto a tutti, è pensato proprio per offrire al pubblico una serata fatta di <strong>divertimento e, come detto, di beneficenza.</strong></p>
<p><strong>I PROFESSIONISTI IN SCENA &#8211; </strong>Assieme agli allievi che calcheranno il palco dell’Odeon (‘Zorà Studio Danza’ per l’occasione collabora con altre otto scuole di danza della regione e non solo, quali Arte Danza Portogruaro; A.S.D. Etoile Studio Danza di S. Vendemiano; A.S.D. Fly Dancing Rivignano Teor; A.S.D. Ventaglio Trieste; Axis Danza Gorizia; Axis Danza Udine; MLdanza Sacile; Scuola di Danza A.S.D. Ginnastica Sanvitese) ci saranno anche degli ospiti molto attesi. In scena infatti anche alcuni professionisti del ‘Balletto di Siena’: ad allietare il pubblico ci saranno i ‘ballerini solisti’ Filippo Del Sal, Giuseppe Giacalone e la ballerina solista Matilde Campese.</p>
<p><strong>STAGE DI APPROFONDIMENTO</strong> &#8211; Il 9 febbraio, giorno precedente al Festival, i ragazzi dei corsi avanzati di danza classica e di danza moderna saranno impegnati in uno stage pensato per il loro perfezionamento e potenziamento. In questa occasione saranno proprio i danzatori del balletto di Siena ad accompagnarli nel percorso di approfondimento dello studio della danza classica e della danza contemporanea.</p>

<p>A Latisana la prima compagnia del FVG composta da danzatori con disabilità intellettiva</p>
